{"id":3986,"date":"2022-06-09T09:39:44","date_gmt":"2022-06-09T07:39:44","guid":{"rendered":"https:\/\/charente.catholique.fr\/sud-charente\/?page_id=3986"},"modified":"2026-03-12T14:01:39","modified_gmt":"2026-03-12T13:01:39","slug":"journal-le-lien","status":"publish","type":"page","link":"https:\/\/charente.catholique.fr\/sud-charente\/journal-le-lien\/","title":{"rendered":"Journal Le Lien"},"content":{"rendered":"\n<p><strong>Retrouvez dans cette rubrique les num\u00e9ros pass\u00e9s du Journal Le Lien.<\/strong><\/p>\n\n\n\n<p><\/p>\n\n\n\n<p>Tous les deux mois, le journal Le Lien rejoint tous les paroissiens et habitants du Sud Charente pour rendre compte de la vie de l&#8217;Eglise et des initiatives des paroisses et du doyenn\u00e9.<\/p>\n\n\n\n<p>Le journal Le Lien est imprim\u00e9 \u00e0 1500 exemplaires de fa\u00e7on \u00e0 pouvoir le distribuer facilement au plus grand nombre et informer toute personne de la vie des paroisses du doyenn\u00e9 Sud Charente.<\/p>\n\n\n\n<p>L\u2019abonnement permet non seulement de recevoir chez soi le journal, mais \u00e9galement de financer l\u2019ensemble des impressions. S\u2019abonner est donc un soutien missionnaire \u00e0 la vie de l\u2019Eglise en Sud Charente. Nous remercions tous ceux qui s&#8217;engagent et permettent cette initiative.<\/p>\n\n\n\n<p><\/p>\n","protected":false},"excerpt":{"rendered":"<p>Retrouvez dans cette rubrique les num\u00e9ros pass\u00e9s du Journal Le Lien. Tous les deux mois, le journal Le Lien rejoint tous les paroissiens et habitants du Sud Charente pour rendre compte de la vie de l&#8217;Eglise et des initiatives des paroisses et du doyenn\u00e9. Le journal Le Lien est imprim\u00e9 \u00e0 1500 exemplaires de fa\u00e7on [&hellip;]<\/p>\n","protected":false},"author":4,"featured_media":4710,"parent":0,"menu_order":18,"comment_status":"closed","ping_status":"closed","template":"","meta":{"_acf_changed":false,"paroisse":[],"service":[],"footnotes":""},"class_list":["post-3986","page","type-page","status-publish","has-post-thumbnail","hentry"],"acf":[],"yoast_head":"<!-- This site is optimized with the Yoast SEO plugin v27.1.1 - https:\/\/yoast.com\/product\/yoast-seo-wordpress\/ -->\n<title>Journal Le Lien - Doyenn\u00e9 Sud Charente<\/title>\n<meta name=\"description\" content=\"Tous les deux mois, le journal Le Lien rejoint tous les paroissiens et habitants du Sud Charente pour rendre compte de la vie de l&#039;Eglise et des initiatives des paroisses et du doyenn\u00e9.Le journal Le Lien est imprim\u00e9 \u00e0 1500 exemplaires de fa\u00e7on \u00e0 pouvoir le distribuer facilement au plus grand nombre et informer toute personne de la vie des paroisses du doyenn\u00e9 Sud Charente.L\u2019abonnement permet non seulement de recevoir chez soi le journal, mais \u00e9galement de financer l\u2019ensemble des impressions. S\u2019abonner est donc un soutien missionnaire \u00e0 la vie de l\u2019Eglise en Sud Charente. Nous remercions tous ceux qui s&#039;engagent et permettent cette initiative.\" \/>\n<meta name=\"robots\" content=\"index, follow, max-snippet:-1, max-image-preview:large, max-video-preview:-1\" \/>\n<link rel=\"canonical\" href=\"https:\/\/charente.catholique.fr\/sud-charente\/journal-le-lien\/\" \/>\n<meta property=\"og:locale\" content=\"fr_FR\" \/>\n<meta property=\"og:type\" content=\"article\" \/>\n<meta property=\"og:title\" content=\"Journal Le Lien - Doyenn\u00e9 Sud Charente\" \/>\n<meta property=\"og:description\" content=\"Tous les deux mois, le journal Le Lien rejoint tous les paroissiens et habitants du Sud Charente pour rendre compte de la vie de l&#039;Eglise et des initiatives des paroisses et du doyenn\u00e9.Le journal Le Lien est imprim\u00e9 \u00e0 1500 exemplaires de fa\u00e7on \u00e0 pouvoir le distribuer facilement au plus grand nombre et informer toute personne de la vie des paroisses du doyenn\u00e9 Sud Charente.L\u2019abonnement permet non seulement de recevoir chez soi le journal, mais \u00e9galement de financer l\u2019ensemble des impressions. S\u2019abonner est donc un soutien missionnaire \u00e0 la vie de l\u2019Eglise en Sud Charente. Nous remercions tous ceux qui s&#039;engagent et permettent cette initiative.\" \/>\n<meta property=\"og:url\" content=\"https:\/\/charente.catholique.fr\/sud-charente\/journal-le-lien\/\" \/>\n<meta property=\"og:site_name\" content=\"Doyenn\u00e9 Sud Charente\" \/>\n<meta property=\"article:publisher\" content=\"https:\/\/www.facebook.com\/EgliseCatholiqueCharente\" \/>\n<meta property=\"article:modified_time\" content=\"2026-03-12T13:01:39+00:00\" \/>\n<meta property=\"og:image\" content=\"https:\/\/charente.catholique.fr\/sud-charente\/wp-content\/uploads\/sites\/5\/2022\/11\/bandeau-le-lien-scaled.jpg\" \/>\n\t<meta property=\"og:image:width\" content=\"2560\" \/>\n\t<meta property=\"og:image:height\" content=\"742\" \/>\n\t<meta property=\"og:image:type\" content=\"image\/jpeg\" \/>\n<meta name=\"twitter:card\" content=\"summary_large_image\" \/>\n<meta name=\"twitter:site\" content=\"@diocesecharente\" \/>\n<meta name=\"twitter:label1\" content=\"Dur\u00e9e de lecture estim\u00e9e\" \/>\n\t<meta name=\"twitter:data1\" content=\"1 minute\" \/>\n<script type=\"application\/ld+json\" class=\"yoast-schema-graph\">{\"@context\":\"https:\/\/schema.org\",\"@graph\":[{\"@type\":\"WebPage\",\"@id\":\"https:\/\/charente.catholique.fr\/sud-charente\/journal-le-lien\/\",\"url\":\"https:\/\/charente.catholique.fr\/sud-charente\/journal-le-lien\/\",\"name\":\"Journal Le Lien - Doyenn\u00e9 Sud Charente\",\"isPartOf\":{\"@id\":\"https:\/\/charente.catholique.fr\/sud-charente\/#website\"},\"primaryImageOfPage\":{\"@id\":\"https:\/\/charente.catholique.fr\/sud-charente\/journal-le-lien\/#primaryimage\"},\"image\":{\"@id\":\"https:\/\/charente.catholique.fr\/sud-charente\/journal-le-lien\/#primaryimage\"},\"thumbnailUrl\":\"https:\/\/charente.catholique.fr\/sud-charente\/wp-content\/uploads\/sites\/5\/2022\/11\/bandeau-le-lien-scaled.jpg\",\"datePublished\":\"2022-06-09T07:39:44+00:00\",\"dateModified\":\"2026-03-12T13:01:39+00:00\",\"description\":\"Tous les deux mois, le journal Le Lien rejoint tous les paroissiens et habitants du Sud Charente pour rendre compte de la vie de l'Eglise et des initiatives des paroisses et du doyenn\u00e9.Le journal Le Lien est imprim\u00e9 \u00e0 1500 exemplaires de fa\u00e7on \u00e0 pouvoir le distribuer facilement au plus grand nombre et informer toute personne de la vie des paroisses du doyenn\u00e9 Sud Charente.L\u2019abonnement permet non seulement de recevoir chez soi le journal, mais \u00e9galement de financer l\u2019ensemble des impressions. S\u2019abonner est donc un soutien missionnaire \u00e0 la vie de l\u2019Eglise en Sud Charente. Nous remercions tous ceux qui s'engagent et permettent cette initiative.\",\"breadcrumb\":{\"@id\":\"https:\/\/charente.catholique.fr\/sud-charente\/journal-le-lien\/#breadcrumb\"},\"inLanguage\":\"fr-FR\",\"potentialAction\":[{\"@type\":\"ReadAction\",\"target\":[\"https:\/\/charente.catholique.fr\/sud-charente\/journal-le-lien\/\"]}]},{\"@type\":\"ImageObject\",\"inLanguage\":\"fr-FR\",\"@id\":\"https:\/\/charente.catholique.fr\/sud-charente\/journal-le-lien\/#primaryimage\",\"url\":\"https:\/\/charente.catholique.fr\/sud-charente\/wp-content\/uploads\/sites\/5\/2022\/11\/bandeau-le-lien-scaled.jpg\",\"contentUrl\":\"https:\/\/charente.catholique.fr\/sud-charente\/wp-content\/uploads\/sites\/5\/2022\/11\/bandeau-le-lien-scaled.jpg\",\"width\":2560,\"height\":742},{\"@type\":\"BreadcrumbList\",\"@id\":\"https:\/\/charente.catholique.fr\/sud-charente\/journal-le-lien\/#breadcrumb\",\"itemListElement\":[{\"@type\":\"ListItem\",\"position\":1,\"name\":\"Accueil\",\"item\":\"https:\/\/charente.catholique.fr\/sud-charente\/\"},{\"@type\":\"ListItem\",\"position\":2,\"name\":\"Journal Le Lien\"}]},{\"@type\":\"WebSite\",\"@id\":\"https:\/\/charente.catholique.fr\/sud-charente\/#website\",\"url\":\"https:\/\/charente.catholique.fr\/sud-charente\/\",\"name\":\"Doyenn\u00e9 Sud Charente - Dioc\u00e8se d'Angoul\u00eame\",\"description\":\"Dioc\u00e8se d&#039;Angoul\u00eame\",\"publisher\":{\"@id\":\"https:\/\/charente.catholique.fr\/sud-charente\/#organization\"},\"potentialAction\":[{\"@type\":\"SearchAction\",\"target\":{\"@type\":\"EntryPoint\",\"urlTemplate\":\"https:\/\/charente.catholique.fr\/sud-charente\/?s={search_term_string}\"},\"query-input\":{\"@type\":\"PropertyValueSpecification\",\"valueRequired\":true,\"valueName\":\"search_term_string\"}}],\"inLanguage\":\"fr-FR\"},{\"@type\":\"Organization\",\"@id\":\"https:\/\/charente.catholique.fr\/sud-charente\/#organization\",\"name\":\"Association dioc\u00e9saine d'Angoul\u00eame\",\"url\":\"https:\/\/charente.catholique.fr\/sud-charente\/\",\"logo\":{\"@type\":\"ImageObject\",\"inLanguage\":\"fr-FR\",\"@id\":\"https:\/\/charente.catholique.fr\/sud-charente\/#\/schema\/logo\/image\/\",\"url\":\"https:\/\/charente.catholique.fr\/sud-charente\/wp-content\/uploads\/sites\/5\/2020\/10\/logos.png\",\"contentUrl\":\"https:\/\/charente.catholique.fr\/sud-charente\/wp-content\/uploads\/sites\/5\/2020\/10\/logos.png\",\"width\":600,\"height\":257,\"caption\":\"Association dioc\u00e9saine d'Angoul\u00eame\"},\"image\":{\"@id\":\"https:\/\/charente.catholique.fr\/sud-charente\/#\/schema\/logo\/image\/\"},\"sameAs\":[\"https:\/\/www.facebook.com\/EgliseCatholiqueCharente\",\"https:\/\/x.com\/diocesecharente\",\"https:\/\/www.instagram.com\/eglisecharente\",\"https:\/\/www.youtube.com\/channel\/UCByyFWApZbw3gDTiADoiAaQ\"]}]}<\/script>\n<!-- \/ Yoast SEO plugin. -->","yoast_head_json":{"title":"Journal Le Lien - Doyenn\u00e9 Sud Charente","description":"Tous les deux mois, le journal Le Lien rejoint tous les paroissiens et habitants du Sud Charente pour rendre compte de la vie de l'Eglise et des initiatives des paroisses et du doyenn\u00e9.Le journal Le Lien est imprim\u00e9 \u00e0 1500 exemplaires de fa\u00e7on \u00e0 pouvoir le distribuer facilement au plus grand nombre et informer toute personne de la vie des paroisses du doyenn\u00e9 Sud Charente.L\u2019abonnement permet non seulement de recevoir chez soi le journal, mais \u00e9galement de financer l\u2019ensemble des impressions. S\u2019abonner est donc un soutien missionnaire \u00e0 la vie de l\u2019Eglise en Sud Charente. Nous remercions tous ceux qui s'engagent et permettent cette initiative.","robots":{"index":"index","follow":"follow","max-snippet":"max-snippet:-1","max-image-preview":"max-image-preview:large","max-video-preview":"max-video-preview:-1"},"canonical":"https:\/\/charente.catholique.fr\/sud-charente\/journal-le-lien\/","og_locale":"fr_FR","og_type":"article","og_title":"Journal Le Lien - Doyenn\u00e9 Sud Charente","og_description":"Tous les deux mois, le journal Le Lien rejoint tous les paroissiens et habitants du Sud Charente pour rendre compte de la vie de l'Eglise et des initiatives des paroisses et du doyenn\u00e9.Le journal Le Lien est imprim\u00e9 \u00e0 1500 exemplaires de fa\u00e7on \u00e0 pouvoir le distribuer facilement au plus grand nombre et informer toute personne de la vie des paroisses du doyenn\u00e9 Sud Charente.L\u2019abonnement permet non seulement de recevoir chez soi le journal, mais \u00e9galement de financer l\u2019ensemble des impressions. S\u2019abonner est donc un soutien missionnaire \u00e0 la vie de l\u2019Eglise en Sud Charente. Nous remercions tous ceux qui s'engagent et permettent cette initiative.","og_url":"https:\/\/charente.catholique.fr\/sud-charente\/journal-le-lien\/","og_site_name":"Doyenn\u00e9 Sud Charente","article_publisher":"https:\/\/www.facebook.com\/EgliseCatholiqueCharente","article_modified_time":"2026-03-12T13:01:39+00:00","og_image":[{"width":2560,"height":742,"url":"https:\/\/charente.catholique.fr\/sud-charente\/wp-content\/uploads\/sites\/5\/2022\/11\/bandeau-le-lien-scaled.jpg","type":"image\/jpeg"}],"twitter_card":"summary_large_image","twitter_site":"@diocesecharente","twitter_misc":{"Dur\u00e9e de lecture estim\u00e9e":"1 minute"},"schema":{"@context":"https:\/\/schema.org","@graph":[{"@type":"WebPage","@id":"https:\/\/charente.catholique.fr\/sud-charente\/journal-le-lien\/","url":"https:\/\/charente.catholique.fr\/sud-charente\/journal-le-lien\/","name":"Journal Le Lien - Doyenn\u00e9 Sud Charente","isPartOf":{"@id":"https:\/\/charente.catholique.fr\/sud-charente\/#website"},"primaryImageOfPage":{"@id":"https:\/\/charente.catholique.fr\/sud-charente\/journal-le-lien\/#primaryimage"},"image":{"@id":"https:\/\/charente.catholique.fr\/sud-charente\/journal-le-lien\/#primaryimage"},"thumbnailUrl":"https:\/\/charente.catholique.fr\/sud-charente\/wp-content\/uploads\/sites\/5\/2022\/11\/bandeau-le-lien-scaled.jpg","datePublished":"2022-06-09T07:39:44+00:00","dateModified":"2026-03-12T13:01:39+00:00","description":"Tous les deux mois, le journal Le Lien rejoint tous les paroissiens et habitants du Sud Charente pour rendre compte de la vie de l'Eglise et des initiatives des paroisses et du doyenn\u00e9.Le journal Le Lien est imprim\u00e9 \u00e0 1500 exemplaires de fa\u00e7on \u00e0 pouvoir le distribuer facilement au plus grand nombre et informer toute personne de la vie des paroisses du doyenn\u00e9 Sud Charente.L\u2019abonnement permet non seulement de recevoir chez soi le journal, mais \u00e9galement de financer l\u2019ensemble des impressions. S\u2019abonner est donc un soutien missionnaire \u00e0 la vie de l\u2019Eglise en Sud Charente. Nous remercions tous ceux qui s'engagent et permettent cette initiative.","breadcrumb":{"@id":"https:\/\/charente.catholique.fr\/sud-charente\/journal-le-lien\/#breadcrumb"},"inLanguage":"fr-FR","potentialAction":[{"@type":"ReadAction","target":["https:\/\/charente.catholique.fr\/sud-charente\/journal-le-lien\/"]}]},{"@type":"ImageObject","inLanguage":"fr-FR","@id":"https:\/\/charente.catholique.fr\/sud-charente\/journal-le-lien\/#primaryimage","url":"https:\/\/charente.catholique.fr\/sud-charente\/wp-content\/uploads\/sites\/5\/2022\/11\/bandeau-le-lien-scaled.jpg","contentUrl":"https:\/\/charente.catholique.fr\/sud-charente\/wp-content\/uploads\/sites\/5\/2022\/11\/bandeau-le-lien-scaled.jpg","width":2560,"height":742},{"@type":"BreadcrumbList","@id":"https:\/\/charente.catholique.fr\/sud-charente\/journal-le-lien\/#breadcrumb","itemListElement":[{"@type":"ListItem","position":1,"name":"Accueil","item":"https:\/\/charente.catholique.fr\/sud-charente\/"},{"@type":"ListItem","position":2,"name":"Journal Le Lien"}]},{"@type":"WebSite","@id":"https:\/\/charente.catholique.fr\/sud-charente\/#website","url":"https:\/\/charente.catholique.fr\/sud-charente\/","name":"Doyenn\u00e9 Sud Charente - Dioc\u00e8se d'Angoul\u00eame","description":"Dioc\u00e8se d&#039;Angoul\u00eame","publisher":{"@id":"https:\/\/charente.catholique.fr\/sud-charente\/#organization"},"potentialAction":[{"@type":"SearchAction","target":{"@type":"EntryPoint","urlTemplate":"https:\/\/charente.catholique.fr\/sud-charente\/?s={search_term_string}"},"query-input":{"@type":"PropertyValueSpecification","valueRequired":true,"valueName":"search_term_string"}}],"inLanguage":"fr-FR"},{"@type":"Organization","@id":"https:\/\/charente.catholique.fr\/sud-charente\/#organization","name":"Association dioc\u00e9saine d'Angoul\u00eame","url":"https:\/\/charente.catholique.fr\/sud-charente\/","logo":{"@type":"ImageObject","inLanguage":"fr-FR","@id":"https:\/\/charente.catholique.fr\/sud-charente\/#\/schema\/logo\/image\/","url":"https:\/\/charente.catholique.fr\/sud-charente\/wp-content\/uploads\/sites\/5\/2020\/10\/logos.png","contentUrl":"https:\/\/charente.catholique.fr\/sud-charente\/wp-content\/uploads\/sites\/5\/2020\/10\/logos.png","width":600,"height":257,"caption":"Association dioc\u00e9saine d'Angoul\u00eame"},"image":{"@id":"https:\/\/charente.catholique.fr\/sud-charente\/#\/schema\/logo\/image\/"},"sameAs":["https:\/\/www.facebook.com\/EgliseCatholiqueCharente","https:\/\/x.com\/diocesecharente","https:\/\/www.instagram.com\/eglisecharente","https:\/\/www.youtube.com\/channel\/UCByyFWApZbw3gDTiADoiAaQ"]}]}},"_links":{"self":[{"href":"https:\/\/charente.catholique.fr\/sud-charente\/wp-json\/wp\/v2\/pages\/3986","targetHints":{"allow":["GET"]}}],"collection":[{"href":"https:\/\/charente.catholique.fr\/sud-charente\/wp-json\/wp\/v2\/pages"}],"about":[{"href":"https:\/\/charente.catholique.fr\/sud-charente\/wp-json\/wp\/v2\/types\/page"}],"author":[{"embeddable":true,"href":"https:\/\/charente.catholique.fr\/sud-charente\/wp-json\/wp\/v2\/users\/4"}],"replies":[{"embeddable":true,"href":"https:\/\/charente.catholique.fr\/sud-charente\/wp-json\/wp\/v2\/comments?post=3986"}],"version-history":[{"count":10,"href":"https:\/\/charente.catholique.fr\/sud-charente\/wp-json\/wp\/v2\/pages\/3986\/revisions"}],"predecessor-version":[{"id":12770,"href":"https:\/\/charente.catholique.fr\/sud-charente\/wp-json\/wp\/v2\/pages\/3986\/revisions\/12770"}],"wp:featuredmedia":[{"embeddable":true,"href":"https:\/\/charente.catholique.fr\/sud-charente\/wp-json\/wp\/v2\/media\/4710"}],"wp:attachment":[{"href":"https:\/\/charente.catholique.fr\/sud-charente\/wp-json\/wp\/v2\/media?parent=3986"}],"curies":[{"name":"wp","href":"https:\/\/api.w.org\/{rel}","templated":true}]}}