{"id":170,"date":"2020-09-21T16:53:41","date_gmt":"2020-09-21T14:53:41","guid":{"rendered":"https:\/\/charente.catholique.fr\/sud-charente\/?page_id=170"},"modified":"2020-09-21T16:53:41","modified_gmt":"2020-09-21T14:53:41","slug":"cooperation-missionnaire","status":"publish","type":"page","link":"https:\/\/charente.catholique.fr\/sud-charente\/cooperation-missionnaire\/","title":{"rendered":"Coop\u00e9ration missionnaire"},"content":{"rendered":"\n<p><strong>Une gr\u00e2ce pour notre temps&nbsp;:<\/strong><br>Pendant des ann\u00e9es, nos dioc\u00e8ses ont envoy\u00e9 des pr\u00eatres pour fonder ou soutenir les jeunes Eglises.<br>Aujourd\u2019hui, des pr\u00eatres d\u2019Afrique, d\u2019Asie \u2026. d\u2019autres pays europ\u00e9ens comme la Pologne viennent, \u00e0 leur tour, soutenir nos propres communaut\u00e9s.<\/p>\n\n\n\n<p>A la lumi\u00e8re de la Parole de Dieu\u00a0:\u00a0<br>\u00ab\u00a0Elargis l\u2019espace de ta tente,&#8230;\u00a0\u00bb\u00a0<em>(Isa\u00efe 54 2-3)<\/em><br>La\u00a0<strong>Coop\u00e9ration missionnaire<\/strong>, service de l\u2019\u00c9glise, a pour r\u00f4les\u00a0:\u00a0<br>d\u2019 inviter l\u2019\u00c9glise de France \u00e0 am\u00e9liorer sa connaissance des Eglises des autres continents.\u00a0<br>d\u2019 inviter l\u2019\u00c9glise de France \u00e0 aider les autres Eglises par la pri\u00e8re, par l\u2019\u00e9change de missionnaires (pr\u00eatres, la\u00efcs ou religieux) et par la solidarit\u00e9 financi\u00e8re.<\/p>\n\n\n\n<p>En un mot, la&nbsp;<strong>Coop\u00e9ration missionnaire<\/strong>&nbsp;\u00e9veille et d\u00e9veloppe chez les catholiques le souci des autres Eglises et les soutient dans leur mission.<\/p>\n\n\n\n<p><strong>Quelle aide pouvons-nous lui apporter&nbsp;?<\/strong>&nbsp;:<br>Les liens fraternels que nous avons avec la Paroisse Sainte Th\u00e9r\u00e8se de Kokologho (Burkina Faso) permettent d\u2019\u00eatre au plus pr\u00e8s des besoins locaux.<\/p>\n\n\n\n<p>Une collecte est effectu\u00e9e, chaque ann\u00e9e, afin de permettre la r\u00e9alisation des projets.<\/p>\n\n\n\n<div class=\"wp-block-image\"><figure class=\"alignright size-large\"><img loading=\"lazy\" decoding=\"async\" width=\"200\" height=\"267\" src=\"https:\/\/charente.catholique.fr\/sud-charente\/wp-content\/uploads\/sites\/5\/2020\/09\/pere_vincent_au_college.jpg\" alt=\"\" class=\"wp-image-171\"\/><\/figure><\/div>\n\n\n\n<p>Le Doyenn\u00e9 de Barbezieux, organise ainsi chaque ann\u00e9e, en faveur des amis burkinab\u00e8\u00a0:\u00a0\u00a0<br>des temps de pri\u00e8re, en particulier le 3\u00e8me dimanche de chaque mois,\u00a0\u00a0<br>un repas pour financer nos actions,\u00a0<br>l\u2019envoi, deux fois par an, de mat\u00e9riels divers,\u00a0<br>l\u2019envoi r\u00e9gulier de dons.<\/p>\n\n\n\n<p>Nous voyons sur cette photo le P\u00e8re Vincent entour\u00e9 de jeunes du coll\u00e8ge.<\/p>\n\n\n\n<p><br>Contact\u00a0:<br>Ghislaine AUDY\u00a0\u00a0<br>05 45 78 28 47 ou 06 75 18 22 85<br>gjpaudy@aol.com<\/p>\n","protected":false},"excerpt":{"rendered":"<p>Une gr\u00e2ce pour notre temps&nbsp;:Pendant des ann\u00e9es, nos dioc\u00e8ses ont envoy\u00e9 des pr\u00eatres pour fonder ou soutenir les jeunes Eglises.Aujourd\u2019hui, des pr\u00eatres d\u2019Afrique, d\u2019Asie \u2026. d\u2019autres pays europ\u00e9ens comme la Pologne viennent, \u00e0 leur tour, soutenir nos propres communaut\u00e9s. A la lumi\u00e8re de la Parole de Dieu\u00a0:\u00a0\u00ab\u00a0Elargis l\u2019espace de ta tente,&#8230;\u00a0\u00bb\u00a0(Isa\u00efe 54 2-3)La\u00a0Coop\u00e9ration missionnaire, service [&hellip;]<\/p>\n","protected":false},"author":1,"featured_media":0,"parent":0,"menu_order":26,"comment_status":"closed","ping_status":"closed","template":"","meta":{"_acf_changed":false,"paroisse":[],"service":[],"footnotes":""},"class_list":["post-170","page","type-page","status-publish","hentry"],"acf":[],"yoast_head":"<!-- This site is optimized with the Yoast SEO plugin v27.1.1 - https:\/\/yoast.com\/product\/yoast-seo-wordpress\/ -->\n<title>Coop\u00e9ration missionnaire - Doyenn\u00e9 Sud Charente<\/title>\n<meta name=\"robots\" content=\"index, follow, max-snippet:-1, max-image-preview:large, max-video-preview:-1\" \/>\n<link rel=\"canonical\" href=\"https:\/\/charente.catholique.fr\/sud-charente\/cooperation-missionnaire\/\" \/>\n<meta property=\"og:locale\" content=\"fr_FR\" \/>\n<meta property=\"og:type\" content=\"article\" \/>\n<meta property=\"og:title\" content=\"Coop\u00e9ration missionnaire - Doyenn\u00e9 Sud Charente\" \/>\n<meta property=\"og:description\" content=\"Une gr\u00e2ce pour notre temps&nbsp;:Pendant des ann\u00e9es, nos dioc\u00e8ses ont envoy\u00e9 des pr\u00eatres pour fonder ou soutenir les jeunes Eglises.Aujourd\u2019hui, des pr\u00eatres d\u2019Afrique, d\u2019Asie \u2026. d\u2019autres pays europ\u00e9ens comme la Pologne viennent, \u00e0 leur tour, soutenir nos propres communaut\u00e9s. A la lumi\u00e8re de la Parole de Dieu\u00a0:\u00a0\u00ab\u00a0Elargis l\u2019espace de ta tente,&#8230;\u00a0\u00bb\u00a0(Isa\u00efe 54 2-3)La\u00a0Coop\u00e9ration missionnaire, service [&hellip;]\" \/>\n<meta property=\"og:url\" content=\"https:\/\/charente.catholique.fr\/sud-charente\/cooperation-missionnaire\/\" \/>\n<meta property=\"og:site_name\" content=\"Doyenn\u00e9 Sud Charente\" \/>\n<meta property=\"article:publisher\" content=\"https:\/\/www.facebook.com\/EgliseCatholiqueCharente\" \/>\n<meta property=\"og:image\" content=\"https:\/\/charente.catholique.fr\/sud-charente\/wp-content\/uploads\/sites\/5\/2020\/09\/pere_vincent_au_college.jpg\" \/>\n<meta name=\"twitter:card\" content=\"summary_large_image\" \/>\n<meta name=\"twitter:site\" content=\"@diocesecharente\" \/>\n<meta name=\"twitter:label1\" content=\"Dur\u00e9e de lecture estim\u00e9e\" \/>\n\t<meta name=\"twitter:data1\" content=\"1 minute\" \/>\n<script type=\"application\/ld+json\" class=\"yoast-schema-graph\">{\"@context\":\"https:\/\/schema.org\",\"@graph\":[{\"@type\":\"WebPage\",\"@id\":\"https:\/\/charente.catholique.fr\/sud-charente\/cooperation-missionnaire\/\",\"url\":\"https:\/\/charente.catholique.fr\/sud-charente\/cooperation-missionnaire\/\",\"name\":\"Coop\u00e9ration missionnaire - Doyenn\u00e9 Sud Charente\",\"isPartOf\":{\"@id\":\"https:\/\/charente.catholique.fr\/sud-charente\/#website\"},\"primaryImageOfPage\":{\"@id\":\"https:\/\/charente.catholique.fr\/sud-charente\/cooperation-missionnaire\/#primaryimage\"},\"image\":{\"@id\":\"https:\/\/charente.catholique.fr\/sud-charente\/cooperation-missionnaire\/#primaryimage\"},\"thumbnailUrl\":\"https:\/\/charente.catholique.fr\/sud-charente\/wp-content\/uploads\/sites\/5\/2020\/09\/pere_vincent_au_college.jpg\",\"datePublished\":\"2020-09-21T14:53:41+00:00\",\"breadcrumb\":{\"@id\":\"https:\/\/charente.catholique.fr\/sud-charente\/cooperation-missionnaire\/#breadcrumb\"},\"inLanguage\":\"fr-FR\",\"potentialAction\":[{\"@type\":\"ReadAction\",\"target\":[\"https:\/\/charente.catholique.fr\/sud-charente\/cooperation-missionnaire\/\"]}]},{\"@type\":\"ImageObject\",\"inLanguage\":\"fr-FR\",\"@id\":\"https:\/\/charente.catholique.fr\/sud-charente\/cooperation-missionnaire\/#primaryimage\",\"url\":\"https:\/\/charente.catholique.fr\/sud-charente\/wp-content\/uploads\/sites\/5\/2020\/09\/pere_vincent_au_college.jpg\",\"contentUrl\":\"https:\/\/charente.catholique.fr\/sud-charente\/wp-content\/uploads\/sites\/5\/2020\/09\/pere_vincent_au_college.jpg\",\"width\":200,\"height\":267,\"caption\":\"OLYMPUS DIGITAL CAMERA\"},{\"@type\":\"BreadcrumbList\",\"@id\":\"https:\/\/charente.catholique.fr\/sud-charente\/cooperation-missionnaire\/#breadcrumb\",\"itemListElement\":[{\"@type\":\"ListItem\",\"position\":1,\"name\":\"Accueil\",\"item\":\"https:\/\/charente.catholique.fr\/sud-charente\/\"},{\"@type\":\"ListItem\",\"position\":2,\"name\":\"Coop\u00e9ration missionnaire\"}]},{\"@type\":\"WebSite\",\"@id\":\"https:\/\/charente.catholique.fr\/sud-charente\/#website\",\"url\":\"https:\/\/charente.catholique.fr\/sud-charente\/\",\"name\":\"Doyenn\u00e9 Sud Charente - Dioc\u00e8se d'Angoul\u00eame\",\"description\":\"Dioc\u00e8se d&#039;Angoul\u00eame\",\"publisher\":{\"@id\":\"https:\/\/charente.catholique.fr\/sud-charente\/#organization\"},\"potentialAction\":[{\"@type\":\"SearchAction\",\"target\":{\"@type\":\"EntryPoint\",\"urlTemplate\":\"https:\/\/charente.catholique.fr\/sud-charente\/?s={search_term_string}\"},\"query-input\":{\"@type\":\"PropertyValueSpecification\",\"valueRequired\":true,\"valueName\":\"search_term_string\"}}],\"inLanguage\":\"fr-FR\"},{\"@type\":\"Organization\",\"@id\":\"https:\/\/charente.catholique.fr\/sud-charente\/#organization\",\"name\":\"Association dioc\u00e9saine d'Angoul\u00eame\",\"url\":\"https:\/\/charente.catholique.fr\/sud-charente\/\",\"logo\":{\"@type\":\"ImageObject\",\"inLanguage\":\"fr-FR\",\"@id\":\"https:\/\/charente.catholique.fr\/sud-charente\/#\/schema\/logo\/image\/\",\"url\":\"https:\/\/charente.catholique.fr\/sud-charente\/wp-content\/uploads\/sites\/5\/2020\/10\/logos.png\",\"contentUrl\":\"https:\/\/charente.catholique.fr\/sud-charente\/wp-content\/uploads\/sites\/5\/2020\/10\/logos.png\",\"width\":600,\"height\":257,\"caption\":\"Association dioc\u00e9saine d'Angoul\u00eame\"},\"image\":{\"@id\":\"https:\/\/charente.catholique.fr\/sud-charente\/#\/schema\/logo\/image\/\"},\"sameAs\":[\"https:\/\/www.facebook.com\/EgliseCatholiqueCharente\",\"https:\/\/x.com\/diocesecharente\",\"https:\/\/www.instagram.com\/eglisecharente\",\"https:\/\/www.youtube.com\/channel\/UCByyFWApZbw3gDTiADoiAaQ\"]}]}<\/script>\n<!-- \/ Yoast SEO plugin. -->","yoast_head_json":{"title":"Coop\u00e9ration missionnaire - Doyenn\u00e9 Sud Charente","robots":{"index":"index","follow":"follow","max-snippet":"max-snippet:-1","max-image-preview":"max-image-preview:large","max-video-preview":"max-video-preview:-1"},"canonical":"https:\/\/charente.catholique.fr\/sud-charente\/cooperation-missionnaire\/","og_locale":"fr_FR","og_type":"article","og_title":"Coop\u00e9ration missionnaire - Doyenn\u00e9 Sud Charente","og_description":"Une gr\u00e2ce pour notre temps&nbsp;:Pendant des ann\u00e9es, nos dioc\u00e8ses ont envoy\u00e9 des pr\u00eatres pour fonder ou soutenir les jeunes Eglises.Aujourd\u2019hui, des pr\u00eatres d\u2019Afrique, d\u2019Asie \u2026. d\u2019autres pays europ\u00e9ens comme la Pologne viennent, \u00e0 leur tour, soutenir nos propres communaut\u00e9s. A la lumi\u00e8re de la Parole de Dieu\u00a0:\u00a0\u00ab\u00a0Elargis l\u2019espace de ta tente,&#8230;\u00a0\u00bb\u00a0(Isa\u00efe 54 2-3)La\u00a0Coop\u00e9ration missionnaire, service [&hellip;]","og_url":"https:\/\/charente.catholique.fr\/sud-charente\/cooperation-missionnaire\/","og_site_name":"Doyenn\u00e9 Sud Charente","article_publisher":"https:\/\/www.facebook.com\/EgliseCatholiqueCharente","og_image":[{"url":"https:\/\/charente.catholique.fr\/sud-charente\/wp-content\/uploads\/sites\/5\/2020\/09\/pere_vincent_au_college.jpg","type":"","width":"","height":""}],"twitter_card":"summary_large_image","twitter_site":"@diocesecharente","twitter_misc":{"Dur\u00e9e de lecture estim\u00e9e":"1 minute"},"schema":{"@context":"https:\/\/schema.org","@graph":[{"@type":"WebPage","@id":"https:\/\/charente.catholique.fr\/sud-charente\/cooperation-missionnaire\/","url":"https:\/\/charente.catholique.fr\/sud-charente\/cooperation-missionnaire\/","name":"Coop\u00e9ration missionnaire - Doyenn\u00e9 Sud Charente","isPartOf":{"@id":"https:\/\/charente.catholique.fr\/sud-charente\/#website"},"primaryImageOfPage":{"@id":"https:\/\/charente.catholique.fr\/sud-charente\/cooperation-missionnaire\/#primaryimage"},"image":{"@id":"https:\/\/charente.catholique.fr\/sud-charente\/cooperation-missionnaire\/#primaryimage"},"thumbnailUrl":"https:\/\/charente.catholique.fr\/sud-charente\/wp-content\/uploads\/sites\/5\/2020\/09\/pere_vincent_au_college.jpg","datePublished":"2020-09-21T14:53:41+00:00","breadcrumb":{"@id":"https:\/\/charente.catholique.fr\/sud-charente\/cooperation-missionnaire\/#breadcrumb"},"inLanguage":"fr-FR","potentialAction":[{"@type":"ReadAction","target":["https:\/\/charente.catholique.fr\/sud-charente\/cooperation-missionnaire\/"]}]},{"@type":"ImageObject","inLanguage":"fr-FR","@id":"https:\/\/charente.catholique.fr\/sud-charente\/cooperation-missionnaire\/#primaryimage","url":"https:\/\/charente.catholique.fr\/sud-charente\/wp-content\/uploads\/sites\/5\/2020\/09\/pere_vincent_au_college.jpg","contentUrl":"https:\/\/charente.catholique.fr\/sud-charente\/wp-content\/uploads\/sites\/5\/2020\/09\/pere_vincent_au_college.jpg","width":200,"height":267,"caption":"OLYMPUS DIGITAL CAMERA"},{"@type":"BreadcrumbList","@id":"https:\/\/charente.catholique.fr\/sud-charente\/cooperation-missionnaire\/#breadcrumb","itemListElement":[{"@type":"ListItem","position":1,"name":"Accueil","item":"https:\/\/charente.catholique.fr\/sud-charente\/"},{"@type":"ListItem","position":2,"name":"Coop\u00e9ration missionnaire"}]},{"@type":"WebSite","@id":"https:\/\/charente.catholique.fr\/sud-charente\/#website","url":"https:\/\/charente.catholique.fr\/sud-charente\/","name":"Doyenn\u00e9 Sud Charente - Dioc\u00e8se d'Angoul\u00eame","description":"Dioc\u00e8se d&#039;Angoul\u00eame","publisher":{"@id":"https:\/\/charente.catholique.fr\/sud-charente\/#organization"},"potentialAction":[{"@type":"SearchAction","target":{"@type":"EntryPoint","urlTemplate":"https:\/\/charente.catholique.fr\/sud-charente\/?s={search_term_string}"},"query-input":{"@type":"PropertyValueSpecification","valueRequired":true,"valueName":"search_term_string"}}],"inLanguage":"fr-FR"},{"@type":"Organization","@id":"https:\/\/charente.catholique.fr\/sud-charente\/#organization","name":"Association dioc\u00e9saine d'Angoul\u00eame","url":"https:\/\/charente.catholique.fr\/sud-charente\/","logo":{"@type":"ImageObject","inLanguage":"fr-FR","@id":"https:\/\/charente.catholique.fr\/sud-charente\/#\/schema\/logo\/image\/","url":"https:\/\/charente.catholique.fr\/sud-charente\/wp-content\/uploads\/sites\/5\/2020\/10\/logos.png","contentUrl":"https:\/\/charente.catholique.fr\/sud-charente\/wp-content\/uploads\/sites\/5\/2020\/10\/logos.png","width":600,"height":257,"caption":"Association dioc\u00e9saine d'Angoul\u00eame"},"image":{"@id":"https:\/\/charente.catholique.fr\/sud-charente\/#\/schema\/logo\/image\/"},"sameAs":["https:\/\/www.facebook.com\/EgliseCatholiqueCharente","https:\/\/x.com\/diocesecharente","https:\/\/www.instagram.com\/eglisecharente","https:\/\/www.youtube.com\/channel\/UCByyFWApZbw3gDTiADoiAaQ"]}]}},"_links":{"self":[{"href":"https:\/\/charente.catholique.fr\/sud-charente\/wp-json\/wp\/v2\/pages\/170","targetHints":{"allow":["GET"]}}],"collection":[{"href":"https:\/\/charente.catholique.fr\/sud-charente\/wp-json\/wp\/v2\/pages"}],"about":[{"href":"https:\/\/charente.catholique.fr\/sud-charente\/wp-json\/wp\/v2\/types\/page"}],"author":[{"embeddable":true,"href":"https:\/\/charente.catholique.fr\/sud-charente\/wp-json\/wp\/v2\/users\/1"}],"replies":[{"embeddable":true,"href":"https:\/\/charente.catholique.fr\/sud-charente\/wp-json\/wp\/v2\/comments?post=170"}],"version-history":[{"count":1,"href":"https:\/\/charente.catholique.fr\/sud-charente\/wp-json\/wp\/v2\/pages\/170\/revisions"}],"predecessor-version":[{"id":172,"href":"https:\/\/charente.catholique.fr\/sud-charente\/wp-json\/wp\/v2\/pages\/170\/revisions\/172"}],"wp:attachment":[{"href":"https:\/\/charente.catholique.fr\/sud-charente\/wp-json\/wp\/v2\/media?parent=170"}],"curies":[{"name":"wp","href":"https:\/\/api.w.org\/{rel}","templated":true}]}}