{"id":12568,"date":"2026-03-16T21:35:00","date_gmt":"2026-03-16T20:35:00","guid":{"rendered":"https:\/\/charente.catholique.fr\/sud-charente\/?page_id=12568"},"modified":"2026-04-02T10:47:36","modified_gmt":"2026-04-02T08:47:36","slug":"chemins-de-croix-careme-2026-bbb-tous-les-vendredis-de-careme-un-chemin-de-croix-est-propose-a-15h-dans-un-clocher-de-la-paroisse","status":"publish","type":"page","link":"https:\/\/charente.catholique.fr\/sud-charente\/chemins-de-croix-careme-2026-bbb-tous-les-vendredis-de-careme-un-chemin-de-croix-est-propose-a-15h-dans-un-clocher-de-la-paroisse\/","title":{"rendered":"Chemins de croix &#8211; Car\u00eame 2026 &#8211; BBB"},"content":{"rendered":"\n<p><\/p>\n\n\n\n<ul class=\"wp-block-list\">\n<li><strong>Le Vendredi Saint, le \u00a03 avril\u00a0 : <\/strong><\/li>\n<\/ul>\n\n\n\n<p><br> &#8211; Baignes : 15h<br>&#8211; Barbezieux : 15h<br>&#8211; Barret : 11h<\/p>\n\n\n\n<p>&#8211; Cond\u00e9on : 15h<br>&#8211; Guimps : 11h<br>&#8211; Lachaise 11h<br>&#8211; La Chapelle (St Aulais la Chapelle) : 15h<br>&#8211; Lagarde : 11h<br>&#8211; Montchaude : 11h<br>&#8211; Reignac : 12h<br>&#8211; Saint-Palais : 11h<br>&#8211; Salles-de-Barbezieux : JEUDI 2 avril, 11h<br>&#8211; Vignolles : 11h<br><br>N&#8217;h\u00e9sitez pas \u00e0 nous transmettre votre participation (\u00e0 <a href=\"mailto:doyenne.sudcharente@dio16.fr\">doyenne.sudcharente@dio16.fr<\/a>) en nous pr\u00e9cisant la commune et l&#8217;horaire choisi.<\/p>\n\n\n\n<p>Vous trouverez ici un livret pour vivre ce chemin de croix, pour cette ann\u00e9e \u00e0 la lumi\u00e8re de l&#8217;Eucharistie. <br><\/p>\n\n\n\n<div data-wp-interactive=\"core\/file\" class=\"wp-block-file\"><object data-wp-bind--hidden=\"!state.hasPdfPreview\" hidden class=\"wp-block-file__embed\" data=\"https:\/\/charente.catholique.fr\/sud-charente\/wp-content\/uploads\/sites\/5\/2026\/03\/Chemin-de-croix-2026-livret.pdf\" type=\"application\/pdf\" style=\"width:100%;height:600px\" aria-label=\"Contenu embarqu\u00e9 Chemin de croix 2026 - livret.\"><\/object><a id=\"wp-block-file--media-1b4e8d6d-4eea-44c1-bb64-fd10ba3166e9\" href=\"https:\/\/charente.catholique.fr\/sud-charente\/wp-content\/uploads\/sites\/5\/2026\/03\/Chemin-de-croix-2026-livret.pdf\">Chemin de croix 2026 &#8211; livret<\/a><a href=\"https:\/\/charente.catholique.fr\/sud-charente\/wp-content\/uploads\/sites\/5\/2026\/03\/Chemin-de-croix-2026-livret.pdf\" class=\"wp-block-file__button wp-element-button\" download aria-describedby=\"wp-block-file--media-1b4e8d6d-4eea-44c1-bb64-fd10ba3166e9\">T\u00e9l\u00e9charger<\/a><\/div>\n","protected":false},"excerpt":{"rendered":"<p>&#8211; Baignes : 15h&#8211; Barbezieux : 15h&#8211; Barret : 11h &#8211; Cond\u00e9on : 15h&#8211; Guimps : 11h&#8211; Lachaise 11h&#8211; La Chapelle (St Aulais la Chapelle) : 15h&#8211; Lagarde : 11h&#8211; Montchaude : 11h&#8211; Reignac : 12h&#8211; Saint-Palais : 11h&#8211; Salles-de-Barbezieux : JEUDI 2 avril, 11h&#8211; Vignolles : 11h N&#8217;h\u00e9sitez pas \u00e0 nous transmettre votre participation [&hellip;]<\/p>\n","protected":false},"author":101,"featured_media":12846,"parent":0,"menu_order":0,"comment_status":"closed","ping_status":"closed","template":"","meta":{"_acf_changed":false,"paroisse":[],"service":[],"footnotes":""},"class_list":["post-12568","page","type-page","status-publish","has-post-thumbnail","hentry"],"acf":[],"yoast_head":"<!-- This site is optimized with the Yoast SEO plugin v27.1.1 - https:\/\/yoast.com\/product\/yoast-seo-wordpress\/ -->\n<title>Chemins de croix - Car\u00eame 2026 - BBB - Doyenn\u00e9 Sud Charente<\/title>\n<meta name=\"description\" content=\"Chemins de croix - Car\u00eame 2026 - BBB Tous les vendredis de car\u00eame, un chemin de croix est propos\u00e9 \u00e0 15h dans un clocher de la paroisse.\" \/>\n<meta name=\"robots\" content=\"index, follow, max-snippet:-1, max-image-preview:large, max-video-preview:-1\" \/>\n<link rel=\"canonical\" href=\"https:\/\/charente.catholique.fr\/sud-charente\/chemins-de-croix-careme-2026-bbb-tous-les-vendredis-de-careme-un-chemin-de-croix-est-propose-a-15h-dans-un-clocher-de-la-paroisse\/\" \/>\n<meta property=\"og:locale\" content=\"fr_FR\" \/>\n<meta property=\"og:type\" content=\"article\" \/>\n<meta property=\"og:title\" content=\"Chemins de croix - Car\u00eame 2026 - BBB - Doyenn\u00e9 Sud Charente\" \/>\n<meta property=\"og:description\" content=\"Chemins de croix - Car\u00eame 2026 - BBB Tous les vendredis de car\u00eame, un chemin de croix est propos\u00e9 \u00e0 15h dans un clocher de la paroisse.\" \/>\n<meta property=\"og:url\" content=\"https:\/\/charente.catholique.fr\/sud-charente\/chemins-de-croix-careme-2026-bbb-tous-les-vendredis-de-careme-un-chemin-de-croix-est-propose-a-15h-dans-un-clocher-de-la-paroisse\/\" \/>\n<meta property=\"og:site_name\" content=\"Doyenn\u00e9 Sud Charente\" \/>\n<meta property=\"article:publisher\" content=\"https:\/\/www.facebook.com\/EgliseCatholiqueCharente\" \/>\n<meta property=\"article:modified_time\" content=\"2026-04-02T08:47:36+00:00\" \/>\n<meta property=\"og:image\" content=\"https:\/\/charente.catholique.fr\/sud-charente\/wp-content\/uploads\/sites\/5\/2026\/03\/croix-eucharistique-999x1080.png\" \/>\n\t<meta property=\"og:image:width\" content=\"999\" \/>\n\t<meta property=\"og:image:height\" content=\"1080\" \/>\n\t<meta property=\"og:image:type\" content=\"image\/png\" \/>\n<meta name=\"twitter:card\" content=\"summary_large_image\" \/>\n<meta name=\"twitter:site\" content=\"@diocesecharente\" \/>\n<meta name=\"twitter:label1\" content=\"Dur\u00e9e de lecture estim\u00e9e\" \/>\n\t<meta name=\"twitter:data1\" content=\"1 minute\" \/>\n<script type=\"application\/ld+json\" class=\"yoast-schema-graph\">{\"@context\":\"https:\/\/schema.org\",\"@graph\":[{\"@type\":\"WebPage\",\"@id\":\"https:\/\/charente.catholique.fr\/sud-charente\/chemins-de-croix-careme-2026-bbb-tous-les-vendredis-de-careme-un-chemin-de-croix-est-propose-a-15h-dans-un-clocher-de-la-paroisse\/\",\"url\":\"https:\/\/charente.catholique.fr\/sud-charente\/chemins-de-croix-careme-2026-bbb-tous-les-vendredis-de-careme-un-chemin-de-croix-est-propose-a-15h-dans-un-clocher-de-la-paroisse\/\",\"name\":\"Chemins de croix - Car\u00eame 2026 - BBB - Doyenn\u00e9 Sud Charente\",\"isPartOf\":{\"@id\":\"https:\/\/charente.catholique.fr\/sud-charente\/#website\"},\"primaryImageOfPage\":{\"@id\":\"https:\/\/charente.catholique.fr\/sud-charente\/chemins-de-croix-careme-2026-bbb-tous-les-vendredis-de-careme-un-chemin-de-croix-est-propose-a-15h-dans-un-clocher-de-la-paroisse\/#primaryimage\"},\"image\":{\"@id\":\"https:\/\/charente.catholique.fr\/sud-charente\/chemins-de-croix-careme-2026-bbb-tous-les-vendredis-de-careme-un-chemin-de-croix-est-propose-a-15h-dans-un-clocher-de-la-paroisse\/#primaryimage\"},\"thumbnailUrl\":\"https:\/\/charente.catholique.fr\/sud-charente\/wp-content\/uploads\/sites\/5\/2026\/03\/croix-eucharistique-scaled.png\",\"datePublished\":\"2026-03-16T20:35:00+00:00\",\"dateModified\":\"2026-04-02T08:47:36+00:00\",\"description\":\"Chemins de croix - Car\u00eame 2026 - BBB Tous les vendredis de car\u00eame, un chemin de croix est propos\u00e9 \u00e0 15h dans un clocher de la paroisse.\",\"breadcrumb\":{\"@id\":\"https:\/\/charente.catholique.fr\/sud-charente\/chemins-de-croix-careme-2026-bbb-tous-les-vendredis-de-careme-un-chemin-de-croix-est-propose-a-15h-dans-un-clocher-de-la-paroisse\/#breadcrumb\"},\"inLanguage\":\"fr-FR\",\"potentialAction\":[{\"@type\":\"ReadAction\",\"target\":[\"https:\/\/charente.catholique.fr\/sud-charente\/chemins-de-croix-careme-2026-bbb-tous-les-vendredis-de-careme-un-chemin-de-croix-est-propose-a-15h-dans-un-clocher-de-la-paroisse\/\"]}]},{\"@type\":\"ImageObject\",\"inLanguage\":\"fr-FR\",\"@id\":\"https:\/\/charente.catholique.fr\/sud-charente\/chemins-de-croix-careme-2026-bbb-tous-les-vendredis-de-careme-un-chemin-de-croix-est-propose-a-15h-dans-un-clocher-de-la-paroisse\/#primaryimage\",\"url\":\"https:\/\/charente.catholique.fr\/sud-charente\/wp-content\/uploads\/sites\/5\/2026\/03\/croix-eucharistique-scaled.png\",\"contentUrl\":\"https:\/\/charente.catholique.fr\/sud-charente\/wp-content\/uploads\/sites\/5\/2026\/03\/croix-eucharistique-scaled.png\",\"width\":2369,\"height\":2560},{\"@type\":\"BreadcrumbList\",\"@id\":\"https:\/\/charente.catholique.fr\/sud-charente\/chemins-de-croix-careme-2026-bbb-tous-les-vendredis-de-careme-un-chemin-de-croix-est-propose-a-15h-dans-un-clocher-de-la-paroisse\/#breadcrumb\",\"itemListElement\":[{\"@type\":\"ListItem\",\"position\":1,\"name\":\"Accueil\",\"item\":\"https:\/\/charente.catholique.fr\/sud-charente\/\"},{\"@type\":\"ListItem\",\"position\":2,\"name\":\"Chemins de croix &#8211; Car\u00eame 2026 &#8211; BBB\"}]},{\"@type\":\"WebSite\",\"@id\":\"https:\/\/charente.catholique.fr\/sud-charente\/#website\",\"url\":\"https:\/\/charente.catholique.fr\/sud-charente\/\",\"name\":\"Doyenn\u00e9 Sud Charente - Dioc\u00e8se d'Angoul\u00eame\",\"description\":\"Dioc\u00e8se d&#039;Angoul\u00eame\",\"publisher\":{\"@id\":\"https:\/\/charente.catholique.fr\/sud-charente\/#organization\"},\"potentialAction\":[{\"@type\":\"SearchAction\",\"target\":{\"@type\":\"EntryPoint\",\"urlTemplate\":\"https:\/\/charente.catholique.fr\/sud-charente\/?s={search_term_string}\"},\"query-input\":{\"@type\":\"PropertyValueSpecification\",\"valueRequired\":true,\"valueName\":\"search_term_string\"}}],\"inLanguage\":\"fr-FR\"},{\"@type\":\"Organization\",\"@id\":\"https:\/\/charente.catholique.fr\/sud-charente\/#organization\",\"name\":\"Association dioc\u00e9saine d'Angoul\u00eame\",\"url\":\"https:\/\/charente.catholique.fr\/sud-charente\/\",\"logo\":{\"@type\":\"ImageObject\",\"inLanguage\":\"fr-FR\",\"@id\":\"https:\/\/charente.catholique.fr\/sud-charente\/#\/schema\/logo\/image\/\",\"url\":\"https:\/\/charente.catholique.fr\/sud-charente\/wp-content\/uploads\/sites\/5\/2020\/10\/logos.png\",\"contentUrl\":\"https:\/\/charente.catholique.fr\/sud-charente\/wp-content\/uploads\/sites\/5\/2020\/10\/logos.png\",\"width\":600,\"height\":257,\"caption\":\"Association dioc\u00e9saine d'Angoul\u00eame\"},\"image\":{\"@id\":\"https:\/\/charente.catholique.fr\/sud-charente\/#\/schema\/logo\/image\/\"},\"sameAs\":[\"https:\/\/www.facebook.com\/EgliseCatholiqueCharente\",\"https:\/\/x.com\/diocesecharente\",\"https:\/\/www.instagram.com\/eglisecharente\",\"https:\/\/www.youtube.com\/channel\/UCByyFWApZbw3gDTiADoiAaQ\"]}]}<\/script>\n<!-- \/ Yoast SEO plugin. -->","yoast_head_json":{"title":"Chemins de croix - Car\u00eame 2026 - BBB - Doyenn\u00e9 Sud Charente","description":"Chemins de croix - Car\u00eame 2026 - BBB Tous les vendredis de car\u00eame, un chemin de croix est propos\u00e9 \u00e0 15h dans un clocher de la paroisse.","robots":{"index":"index","follow":"follow","max-snippet":"max-snippet:-1","max-image-preview":"max-image-preview:large","max-video-preview":"max-video-preview:-1"},"canonical":"https:\/\/charente.catholique.fr\/sud-charente\/chemins-de-croix-careme-2026-bbb-tous-les-vendredis-de-careme-un-chemin-de-croix-est-propose-a-15h-dans-un-clocher-de-la-paroisse\/","og_locale":"fr_FR","og_type":"article","og_title":"Chemins de croix - Car\u00eame 2026 - BBB - Doyenn\u00e9 Sud Charente","og_description":"Chemins de croix - Car\u00eame 2026 - BBB Tous les vendredis de car\u00eame, un chemin de croix est propos\u00e9 \u00e0 15h dans un clocher de la paroisse.","og_url":"https:\/\/charente.catholique.fr\/sud-charente\/chemins-de-croix-careme-2026-bbb-tous-les-vendredis-de-careme-un-chemin-de-croix-est-propose-a-15h-dans-un-clocher-de-la-paroisse\/","og_site_name":"Doyenn\u00e9 Sud Charente","article_publisher":"https:\/\/www.facebook.com\/EgliseCatholiqueCharente","article_modified_time":"2026-04-02T08:47:36+00:00","og_image":[{"width":999,"height":1080,"url":"https:\/\/charente.catholique.fr\/sud-charente\/wp-content\/uploads\/sites\/5\/2026\/03\/croix-eucharistique-999x1080.png","type":"image\/png"}],"twitter_card":"summary_large_image","twitter_site":"@diocesecharente","twitter_misc":{"Dur\u00e9e de lecture estim\u00e9e":"1 minute"},"schema":{"@context":"https:\/\/schema.org","@graph":[{"@type":"WebPage","@id":"https:\/\/charente.catholique.fr\/sud-charente\/chemins-de-croix-careme-2026-bbb-tous-les-vendredis-de-careme-un-chemin-de-croix-est-propose-a-15h-dans-un-clocher-de-la-paroisse\/","url":"https:\/\/charente.catholique.fr\/sud-charente\/chemins-de-croix-careme-2026-bbb-tous-les-vendredis-de-careme-un-chemin-de-croix-est-propose-a-15h-dans-un-clocher-de-la-paroisse\/","name":"Chemins de croix - Car\u00eame 2026 - BBB - Doyenn\u00e9 Sud Charente","isPartOf":{"@id":"https:\/\/charente.catholique.fr\/sud-charente\/#website"},"primaryImageOfPage":{"@id":"https:\/\/charente.catholique.fr\/sud-charente\/chemins-de-croix-careme-2026-bbb-tous-les-vendredis-de-careme-un-chemin-de-croix-est-propose-a-15h-dans-un-clocher-de-la-paroisse\/#primaryimage"},"image":{"@id":"https:\/\/charente.catholique.fr\/sud-charente\/chemins-de-croix-careme-2026-bbb-tous-les-vendredis-de-careme-un-chemin-de-croix-est-propose-a-15h-dans-un-clocher-de-la-paroisse\/#primaryimage"},"thumbnailUrl":"https:\/\/charente.catholique.fr\/sud-charente\/wp-content\/uploads\/sites\/5\/2026\/03\/croix-eucharistique-scaled.png","datePublished":"2026-03-16T20:35:00+00:00","dateModified":"2026-04-02T08:47:36+00:00","description":"Chemins de croix - Car\u00eame 2026 - BBB Tous les vendredis de car\u00eame, un chemin de croix est propos\u00e9 \u00e0 15h dans un clocher de la paroisse.","breadcrumb":{"@id":"https:\/\/charente.catholique.fr\/sud-charente\/chemins-de-croix-careme-2026-bbb-tous-les-vendredis-de-careme-un-chemin-de-croix-est-propose-a-15h-dans-un-clocher-de-la-paroisse\/#breadcrumb"},"inLanguage":"fr-FR","potentialAction":[{"@type":"ReadAction","target":["https:\/\/charente.catholique.fr\/sud-charente\/chemins-de-croix-careme-2026-bbb-tous-les-vendredis-de-careme-un-chemin-de-croix-est-propose-a-15h-dans-un-clocher-de-la-paroisse\/"]}]},{"@type":"ImageObject","inLanguage":"fr-FR","@id":"https:\/\/charente.catholique.fr\/sud-charente\/chemins-de-croix-careme-2026-bbb-tous-les-vendredis-de-careme-un-chemin-de-croix-est-propose-a-15h-dans-un-clocher-de-la-paroisse\/#primaryimage","url":"https:\/\/charente.catholique.fr\/sud-charente\/wp-content\/uploads\/sites\/5\/2026\/03\/croix-eucharistique-scaled.png","contentUrl":"https:\/\/charente.catholique.fr\/sud-charente\/wp-content\/uploads\/sites\/5\/2026\/03\/croix-eucharistique-scaled.png","width":2369,"height":2560},{"@type":"BreadcrumbList","@id":"https:\/\/charente.catholique.fr\/sud-charente\/chemins-de-croix-careme-2026-bbb-tous-les-vendredis-de-careme-un-chemin-de-croix-est-propose-a-15h-dans-un-clocher-de-la-paroisse\/#breadcrumb","itemListElement":[{"@type":"ListItem","position":1,"name":"Accueil","item":"https:\/\/charente.catholique.fr\/sud-charente\/"},{"@type":"ListItem","position":2,"name":"Chemins de croix &#8211; Car\u00eame 2026 &#8211; BBB"}]},{"@type":"WebSite","@id":"https:\/\/charente.catholique.fr\/sud-charente\/#website","url":"https:\/\/charente.catholique.fr\/sud-charente\/","name":"Doyenn\u00e9 Sud Charente - Dioc\u00e8se d'Angoul\u00eame","description":"Dioc\u00e8se d&#039;Angoul\u00eame","publisher":{"@id":"https:\/\/charente.catholique.fr\/sud-charente\/#organization"},"potentialAction":[{"@type":"SearchAction","target":{"@type":"EntryPoint","urlTemplate":"https:\/\/charente.catholique.fr\/sud-charente\/?s={search_term_string}"},"query-input":{"@type":"PropertyValueSpecification","valueRequired":true,"valueName":"search_term_string"}}],"inLanguage":"fr-FR"},{"@type":"Organization","@id":"https:\/\/charente.catholique.fr\/sud-charente\/#organization","name":"Association dioc\u00e9saine d'Angoul\u00eame","url":"https:\/\/charente.catholique.fr\/sud-charente\/","logo":{"@type":"ImageObject","inLanguage":"fr-FR","@id":"https:\/\/charente.catholique.fr\/sud-charente\/#\/schema\/logo\/image\/","url":"https:\/\/charente.catholique.fr\/sud-charente\/wp-content\/uploads\/sites\/5\/2020\/10\/logos.png","contentUrl":"https:\/\/charente.catholique.fr\/sud-charente\/wp-content\/uploads\/sites\/5\/2020\/10\/logos.png","width":600,"height":257,"caption":"Association dioc\u00e9saine d'Angoul\u00eame"},"image":{"@id":"https:\/\/charente.catholique.fr\/sud-charente\/#\/schema\/logo\/image\/"},"sameAs":["https:\/\/www.facebook.com\/EgliseCatholiqueCharente","https:\/\/x.com\/diocesecharente","https:\/\/www.instagram.com\/eglisecharente","https:\/\/www.youtube.com\/channel\/UCByyFWApZbw3gDTiADoiAaQ"]}]}},"_links":{"self":[{"href":"https:\/\/charente.catholique.fr\/sud-charente\/wp-json\/wp\/v2\/pages\/12568","targetHints":{"allow":["GET"]}}],"collection":[{"href":"https:\/\/charente.catholique.fr\/sud-charente\/wp-json\/wp\/v2\/pages"}],"about":[{"href":"https:\/\/charente.catholique.fr\/sud-charente\/wp-json\/wp\/v2\/types\/page"}],"author":[{"embeddable":true,"href":"https:\/\/charente.catholique.fr\/sud-charente\/wp-json\/wp\/v2\/users\/101"}],"replies":[{"embeddable":true,"href":"https:\/\/charente.catholique.fr\/sud-charente\/wp-json\/wp\/v2\/comments?post=12568"}],"version-history":[{"count":9,"href":"https:\/\/charente.catholique.fr\/sud-charente\/wp-json\/wp\/v2\/pages\/12568\/revisions"}],"predecessor-version":[{"id":12896,"href":"https:\/\/charente.catholique.fr\/sud-charente\/wp-json\/wp\/v2\/pages\/12568\/revisions\/12896"}],"wp:featuredmedia":[{"embeddable":true,"href":"https:\/\/charente.catholique.fr\/sud-charente\/wp-json\/wp\/v2\/media\/12846"}],"wp:attachment":[{"href":"https:\/\/charente.catholique.fr\/sud-charente\/wp-json\/wp\/v2\/media?parent=12568"}],"curies":[{"name":"wp","href":"https:\/\/api.w.org\/{rel}","templated":true}]}}