{"id":12562,"date":"2026-02-11T07:29:00","date_gmt":"2026-02-11T06:29:00","guid":{"rendered":"https:\/\/charente.catholique.fr\/sud-charente\/?page_id=12562"},"modified":"2026-03-29T18:44:00","modified_gmt":"2026-03-29T16:44:00","slug":"careme-2026-barbezieux-baignes-barret","status":"publish","type":"page","link":"https:\/\/charente.catholique.fr\/sud-charente\/careme-2026-barbezieux-baignes-barret\/","title":{"rendered":"Car\u00eame 2026 &#8211; Barbezieux-Baignes-Barret"},"content":{"rendered":"\n<p>Pour vivre ce car\u00eame, la paroisse de Barbezieux-Baignes-Barret vous propose diff\u00e9rentes initiatives pour vivre la pri\u00e8re, le je\u00fbne et le partage.<\/p>\n\n\n\n<ul class=\"wp-block-list\">\n<li><strong>Prier les laudes <\/strong>les mercredis, jeudis, vendredis et samedis \u00e0 8h \u00e0 l&#8217;oratoire de l&#8217;\u00e9glise de Barbezieux<\/li>\n<\/ul>\n\n\n\n<ul class=\"wp-block-list\">\n<li><strong><a href=\"https:\/\/charente.catholique.fr\/sud-charente\/actualites\/visiter-des-personnes-malades-ou-isolees\/\">Visiter une personne malade, isol\u00e9e ou \u00e2g\u00e9e<\/a>.<\/strong><br>Suite \u00e0 cette exp\u00e9rience de visitation, les paroissiens sont invit\u00e9s \u00e0 relire et partager ce qu&#8217;ils auront v\u00e9cu <strong>le vendredi 17 avril \u00e0 19h dans les salles paroissiales.<\/strong><br>Cette rencontre sera l\u2019occasion de partager sur ce que ces visites nous ont fait vivre de d\u00e9placement int\u00e9rieur, de peur d\u00e9pass\u00e9e, de joie d\u00e9couverte.<\/li>\n<\/ul>\n\n\n\n<ul class=\"wp-block-list\">\n<li><strong><a href=\"https:\/\/charente.catholique.fr\/sud-charente\/agenda\/recollection-de-careme-en-doyenne-21-mars-2026-2\/\">Une journ\u00e9e de r\u00e9collection et de r\u00e9conciliation en doyenn\u00e9 <\/a>: <\/strong> le samedi 21 mars \u00e0 Puyp\u00e9roux de 10h \u00e0 16h30. D\u00e9tails \u00e0 venir !<\/li>\n\n\n\n<li>D&#8217;autres temps de confessions sont pr\u00e9vus : <br>&#8211; le mercredi matin de 8h30 \u00e0 9h30 (\u00e9glise de Barbezieux)<br>&#8211; le mercredi apr\u00e8s la messe de 18h (\u00e9glise de Barbezieux)<br>&#8211; sp\u00e9cialement le mercredi 25 mars de 18h30 \u00e0 20h30 (\u00e9glise de Barbezieux)<\/li>\n<\/ul>\n\n\n\n<ul class=\"wp-block-list\">\n<li><strong><a href=\"https:\/\/charente.catholique.fr\/sud-charente\/collecte-de-dons-careme-2026-bbb\/\">Une collecte de dons<\/a> <\/strong>est propos\u00e9e, \u00e0 chaque messe dominicale, pour partager avec nos fr\u00e8res et s\u0153urs dans le besoin.<br>Ces dons seront distribu\u00e9s \u00e0 plusieurs associations : la Croix-Rouge, l\u2019\u00c9picerie sociale et les Restos du C\u0153ur de Barbezieux.<\/li>\n<\/ul>\n\n\n\n<ul class=\"wp-block-list\">\n<li><strong>Un temps de je\u00fbne et de partage <\/strong>autour d&#8217;un bol de soupe le jeudi 26 mars \u00e0 18h30 dans la salle paroissiale de Baignes.<\/li>\n<\/ul>\n\n\n\n<ul class=\"wp-block-list\">\n<li><strong><a href=\"https:\/\/charente.catholique.fr\/sud-charente\/chemins-de-croix-careme-2026-bbb-tous-les-vendredis-de-careme-un-chemin-de-croix-est-propose-a-15h-dans-un-clocher-de-la-paroisse\/\">Prier le chemin de croix<\/a> tous les vendredis <\/strong>: <br>&#8211; Le 27 f\u00e9vrier, 15h00 \u00e0 Touv\u00e9rac<br>&#8211; Le 6 mars, 15h00 \u00e0 Lam\u00e9rac<br>&#8211; Le 13 mars, 15h00 \u00e0 Bran<br>&#8211; Le 20 mars, 15h00 au T\u00e2tre<br>&#8211; Le 27 mars, 15h00 \u00e0 Sainte Radegonde<\/li>\n<\/ul>\n\n\n<div class=\"wp-block-image\">\n<figure class=\"aligncenter size-large\"><img loading=\"lazy\" decoding=\"async\" width=\"764\" height=\"1080\" src=\"https:\/\/charente.catholique.fr\/sud-charente\/wp-content\/uploads\/sites\/5\/2026\/02\/Careme2026-BBB-764x1080.png\" alt=\"\" class=\"wp-image-12592\" srcset=\"https:\/\/charente.catholique.fr\/sud-charente\/wp-content\/uploads\/sites\/5\/2026\/02\/Careme2026-BBB-764x1080.png 764w, https:\/\/charente.catholique.fr\/sud-charente\/wp-content\/uploads\/sites\/5\/2026\/02\/Careme2026-BBB-212x300.png 212w, https:\/\/charente.catholique.fr\/sud-charente\/wp-content\/uploads\/sites\/5\/2026\/02\/Careme2026-BBB-768x1086.png 768w, https:\/\/charente.catholique.fr\/sud-charente\/wp-content\/uploads\/sites\/5\/2026\/02\/Careme2026-BBB-1086x1536.png 1086w, https:\/\/charente.catholique.fr\/sud-charente\/wp-content\/uploads\/sites\/5\/2026\/02\/Careme2026-BBB-1320x1867.png 1320w, https:\/\/charente.catholique.fr\/sud-charente\/wp-content\/uploads\/sites\/5\/2026\/02\/Careme2026-BBB.png 1414w\" sizes=\"auto, (max-width: 764px) 100vw, 764px\" \/><\/figure>\n<\/div>\n\n\n<p><\/p>\n","protected":false},"excerpt":{"rendered":"<p>Pour vivre ce car\u00eame, la paroisse de Barbezieux-Baignes-Barret vous propose diff\u00e9rentes initiatives pour vivre la pri\u00e8re, le je\u00fbne et le partage.<\/p>\n","protected":false},"author":101,"featured_media":12613,"parent":0,"menu_order":0,"comment_status":"closed","ping_status":"closed","template":"","meta":{"_acf_changed":false,"paroisse":[],"service":[],"footnotes":""},"class_list":["post-12562","page","type-page","status-publish","has-post-thumbnail","hentry"],"acf":[],"yoast_head":"<!-- This site is optimized with the Yoast SEO plugin v27.1.1 - https:\/\/yoast.com\/product\/yoast-seo-wordpress\/ -->\n<title>Car\u00eame 2026 - Barbezieux-Baignes-Barret - Doyenn\u00e9 Sud Charente<\/title>\n<meta name=\"description\" content=\"Pour vivre ce car\u00eame, la paroisse de Barbezieux-Baignes-Barret vous propose diff\u00e9rentes initiatives pour vivre la pri\u00e8re, le je\u00fbne et le partage.\" \/>\n<meta name=\"robots\" content=\"index, follow, max-snippet:-1, max-image-preview:large, max-video-preview:-1\" \/>\n<link rel=\"canonical\" href=\"https:\/\/charente.catholique.fr\/sud-charente\/careme-2026-barbezieux-baignes-barret\/\" \/>\n<meta property=\"og:locale\" content=\"fr_FR\" \/>\n<meta property=\"og:type\" content=\"article\" \/>\n<meta property=\"og:title\" content=\"Car\u00eame 2026 - Barbezieux-Baignes-Barret - Doyenn\u00e9 Sud Charente\" \/>\n<meta property=\"og:description\" content=\"Pour vivre ce car\u00eame, la paroisse de Barbezieux-Baignes-Barret vous propose diff\u00e9rentes initiatives pour vivre la pri\u00e8re, le je\u00fbne et le partage.\" \/>\n<meta property=\"og:url\" content=\"https:\/\/charente.catholique.fr\/sud-charente\/careme-2026-barbezieux-baignes-barret\/\" \/>\n<meta property=\"og:site_name\" content=\"Doyenn\u00e9 Sud Charente\" \/>\n<meta property=\"article:publisher\" content=\"https:\/\/www.facebook.com\/EgliseCatholiqueCharente\" \/>\n<meta property=\"article:modified_time\" content=\"2026-03-29T16:44:00+00:00\" \/>\n<meta property=\"og:image\" content=\"https:\/\/charente.catholique.fr\/sud-charente\/wp-content\/uploads\/sites\/5\/2026\/02\/bandeau-careme-2026-bbb-1-768x545.png\" \/>\n\t<meta property=\"og:image:width\" content=\"768\" \/>\n\t<meta property=\"og:image:height\" content=\"545\" \/>\n\t<meta property=\"og:image:type\" content=\"image\/png\" \/>\n<meta name=\"twitter:card\" content=\"summary_large_image\" \/>\n<meta name=\"twitter:site\" content=\"@diocesecharente\" \/>\n<meta name=\"twitter:label1\" content=\"Dur\u00e9e de lecture estim\u00e9e\" \/>\n\t<meta name=\"twitter:data1\" content=\"2 minutes\" \/>\n<script type=\"application\/ld+json\" class=\"yoast-schema-graph\">{\"@context\":\"https:\/\/schema.org\",\"@graph\":[{\"@type\":\"WebPage\",\"@id\":\"https:\/\/charente.catholique.fr\/sud-charente\/careme-2026-barbezieux-baignes-barret\/\",\"url\":\"https:\/\/charente.catholique.fr\/sud-charente\/careme-2026-barbezieux-baignes-barret\/\",\"name\":\"Car\u00eame 2026 - Barbezieux-Baignes-Barret - Doyenn\u00e9 Sud Charente\",\"isPartOf\":{\"@id\":\"https:\/\/charente.catholique.fr\/sud-charente\/#website\"},\"primaryImageOfPage\":{\"@id\":\"https:\/\/charente.catholique.fr\/sud-charente\/careme-2026-barbezieux-baignes-barret\/#primaryimage\"},\"image\":{\"@id\":\"https:\/\/charente.catholique.fr\/sud-charente\/careme-2026-barbezieux-baignes-barret\/#primaryimage\"},\"thumbnailUrl\":\"https:\/\/charente.catholique.fr\/sud-charente\/wp-content\/uploads\/sites\/5\/2026\/02\/bandeau-careme-2026-bbb-1.png\",\"datePublished\":\"2026-02-11T06:29:00+00:00\",\"dateModified\":\"2026-03-29T16:44:00+00:00\",\"description\":\"Pour vivre ce car\u00eame, la paroisse de Barbezieux-Baignes-Barret vous propose diff\u00e9rentes initiatives pour vivre la pri\u00e8re, le je\u00fbne et le partage.\",\"breadcrumb\":{\"@id\":\"https:\/\/charente.catholique.fr\/sud-charente\/careme-2026-barbezieux-baignes-barret\/#breadcrumb\"},\"inLanguage\":\"fr-FR\",\"potentialAction\":[{\"@type\":\"ReadAction\",\"target\":[\"https:\/\/charente.catholique.fr\/sud-charente\/careme-2026-barbezieux-baignes-barret\/\"]}]},{\"@type\":\"ImageObject\",\"inLanguage\":\"fr-FR\",\"@id\":\"https:\/\/charente.catholique.fr\/sud-charente\/careme-2026-barbezieux-baignes-barret\/#primaryimage\",\"url\":\"https:\/\/charente.catholique.fr\/sud-charente\/wp-content\/uploads\/sites\/5\/2026\/02\/bandeau-careme-2026-bbb-1.png\",\"contentUrl\":\"https:\/\/charente.catholique.fr\/sud-charente\/wp-content\/uploads\/sites\/5\/2026\/02\/bandeau-careme-2026-bbb-1.png\",\"width\":1748,\"height\":1240},{\"@type\":\"BreadcrumbList\",\"@id\":\"https:\/\/charente.catholique.fr\/sud-charente\/careme-2026-barbezieux-baignes-barret\/#breadcrumb\",\"itemListElement\":[{\"@type\":\"ListItem\",\"position\":1,\"name\":\"Accueil\",\"item\":\"https:\/\/charente.catholique.fr\/sud-charente\/\"},{\"@type\":\"ListItem\",\"position\":2,\"name\":\"Car\u00eame 2026 &#8211; Barbezieux-Baignes-Barret\"}]},{\"@type\":\"WebSite\",\"@id\":\"https:\/\/charente.catholique.fr\/sud-charente\/#website\",\"url\":\"https:\/\/charente.catholique.fr\/sud-charente\/\",\"name\":\"Doyenn\u00e9 Sud Charente - Dioc\u00e8se d'Angoul\u00eame\",\"description\":\"Dioc\u00e8se d&#039;Angoul\u00eame\",\"publisher\":{\"@id\":\"https:\/\/charente.catholique.fr\/sud-charente\/#organization\"},\"potentialAction\":[{\"@type\":\"SearchAction\",\"target\":{\"@type\":\"EntryPoint\",\"urlTemplate\":\"https:\/\/charente.catholique.fr\/sud-charente\/?s={search_term_string}\"},\"query-input\":{\"@type\":\"PropertyValueSpecification\",\"valueRequired\":true,\"valueName\":\"search_term_string\"}}],\"inLanguage\":\"fr-FR\"},{\"@type\":\"Organization\",\"@id\":\"https:\/\/charente.catholique.fr\/sud-charente\/#organization\",\"name\":\"Association dioc\u00e9saine d'Angoul\u00eame\",\"url\":\"https:\/\/charente.catholique.fr\/sud-charente\/\",\"logo\":{\"@type\":\"ImageObject\",\"inLanguage\":\"fr-FR\",\"@id\":\"https:\/\/charente.catholique.fr\/sud-charente\/#\/schema\/logo\/image\/\",\"url\":\"https:\/\/charente.catholique.fr\/sud-charente\/wp-content\/uploads\/sites\/5\/2020\/10\/logos.png\",\"contentUrl\":\"https:\/\/charente.catholique.fr\/sud-charente\/wp-content\/uploads\/sites\/5\/2020\/10\/logos.png\",\"width\":600,\"height\":257,\"caption\":\"Association dioc\u00e9saine d'Angoul\u00eame\"},\"image\":{\"@id\":\"https:\/\/charente.catholique.fr\/sud-charente\/#\/schema\/logo\/image\/\"},\"sameAs\":[\"https:\/\/www.facebook.com\/EgliseCatholiqueCharente\",\"https:\/\/x.com\/diocesecharente\",\"https:\/\/www.instagram.com\/eglisecharente\",\"https:\/\/www.youtube.com\/channel\/UCByyFWApZbw3gDTiADoiAaQ\"]}]}<\/script>\n<!-- \/ Yoast SEO plugin. -->","yoast_head_json":{"title":"Car\u00eame 2026 - Barbezieux-Baignes-Barret - Doyenn\u00e9 Sud Charente","description":"Pour vivre ce car\u00eame, la paroisse de Barbezieux-Baignes-Barret vous propose diff\u00e9rentes initiatives pour vivre la pri\u00e8re, le je\u00fbne et le partage.","robots":{"index":"index","follow":"follow","max-snippet":"max-snippet:-1","max-image-preview":"max-image-preview:large","max-video-preview":"max-video-preview:-1"},"canonical":"https:\/\/charente.catholique.fr\/sud-charente\/careme-2026-barbezieux-baignes-barret\/","og_locale":"fr_FR","og_type":"article","og_title":"Car\u00eame 2026 - Barbezieux-Baignes-Barret - Doyenn\u00e9 Sud Charente","og_description":"Pour vivre ce car\u00eame, la paroisse de Barbezieux-Baignes-Barret vous propose diff\u00e9rentes initiatives pour vivre la pri\u00e8re, le je\u00fbne et le partage.","og_url":"https:\/\/charente.catholique.fr\/sud-charente\/careme-2026-barbezieux-baignes-barret\/","og_site_name":"Doyenn\u00e9 Sud Charente","article_publisher":"https:\/\/www.facebook.com\/EgliseCatholiqueCharente","article_modified_time":"2026-03-29T16:44:00+00:00","og_image":[{"width":768,"height":545,"url":"https:\/\/charente.catholique.fr\/sud-charente\/wp-content\/uploads\/sites\/5\/2026\/02\/bandeau-careme-2026-bbb-1-768x545.png","type":"image\/png"}],"twitter_card":"summary_large_image","twitter_site":"@diocesecharente","twitter_misc":{"Dur\u00e9e de lecture estim\u00e9e":"2 minutes"},"schema":{"@context":"https:\/\/schema.org","@graph":[{"@type":"WebPage","@id":"https:\/\/charente.catholique.fr\/sud-charente\/careme-2026-barbezieux-baignes-barret\/","url":"https:\/\/charente.catholique.fr\/sud-charente\/careme-2026-barbezieux-baignes-barret\/","name":"Car\u00eame 2026 - Barbezieux-Baignes-Barret - Doyenn\u00e9 Sud Charente","isPartOf":{"@id":"https:\/\/charente.catholique.fr\/sud-charente\/#website"},"primaryImageOfPage":{"@id":"https:\/\/charente.catholique.fr\/sud-charente\/careme-2026-barbezieux-baignes-barret\/#primaryimage"},"image":{"@id":"https:\/\/charente.catholique.fr\/sud-charente\/careme-2026-barbezieux-baignes-barret\/#primaryimage"},"thumbnailUrl":"https:\/\/charente.catholique.fr\/sud-charente\/wp-content\/uploads\/sites\/5\/2026\/02\/bandeau-careme-2026-bbb-1.png","datePublished":"2026-02-11T06:29:00+00:00","dateModified":"2026-03-29T16:44:00+00:00","description":"Pour vivre ce car\u00eame, la paroisse de Barbezieux-Baignes-Barret vous propose diff\u00e9rentes initiatives pour vivre la pri\u00e8re, le je\u00fbne et le partage.","breadcrumb":{"@id":"https:\/\/charente.catholique.fr\/sud-charente\/careme-2026-barbezieux-baignes-barret\/#breadcrumb"},"inLanguage":"fr-FR","potentialAction":[{"@type":"ReadAction","target":["https:\/\/charente.catholique.fr\/sud-charente\/careme-2026-barbezieux-baignes-barret\/"]}]},{"@type":"ImageObject","inLanguage":"fr-FR","@id":"https:\/\/charente.catholique.fr\/sud-charente\/careme-2026-barbezieux-baignes-barret\/#primaryimage","url":"https:\/\/charente.catholique.fr\/sud-charente\/wp-content\/uploads\/sites\/5\/2026\/02\/bandeau-careme-2026-bbb-1.png","contentUrl":"https:\/\/charente.catholique.fr\/sud-charente\/wp-content\/uploads\/sites\/5\/2026\/02\/bandeau-careme-2026-bbb-1.png","width":1748,"height":1240},{"@type":"BreadcrumbList","@id":"https:\/\/charente.catholique.fr\/sud-charente\/careme-2026-barbezieux-baignes-barret\/#breadcrumb","itemListElement":[{"@type":"ListItem","position":1,"name":"Accueil","item":"https:\/\/charente.catholique.fr\/sud-charente\/"},{"@type":"ListItem","position":2,"name":"Car\u00eame 2026 &#8211; Barbezieux-Baignes-Barret"}]},{"@type":"WebSite","@id":"https:\/\/charente.catholique.fr\/sud-charente\/#website","url":"https:\/\/charente.catholique.fr\/sud-charente\/","name":"Doyenn\u00e9 Sud Charente - Dioc\u00e8se d'Angoul\u00eame","description":"Dioc\u00e8se d&#039;Angoul\u00eame","publisher":{"@id":"https:\/\/charente.catholique.fr\/sud-charente\/#organization"},"potentialAction":[{"@type":"SearchAction","target":{"@type":"EntryPoint","urlTemplate":"https:\/\/charente.catholique.fr\/sud-charente\/?s={search_term_string}"},"query-input":{"@type":"PropertyValueSpecification","valueRequired":true,"valueName":"search_term_string"}}],"inLanguage":"fr-FR"},{"@type":"Organization","@id":"https:\/\/charente.catholique.fr\/sud-charente\/#organization","name":"Association dioc\u00e9saine d'Angoul\u00eame","url":"https:\/\/charente.catholique.fr\/sud-charente\/","logo":{"@type":"ImageObject","inLanguage":"fr-FR","@id":"https:\/\/charente.catholique.fr\/sud-charente\/#\/schema\/logo\/image\/","url":"https:\/\/charente.catholique.fr\/sud-charente\/wp-content\/uploads\/sites\/5\/2020\/10\/logos.png","contentUrl":"https:\/\/charente.catholique.fr\/sud-charente\/wp-content\/uploads\/sites\/5\/2020\/10\/logos.png","width":600,"height":257,"caption":"Association dioc\u00e9saine d'Angoul\u00eame"},"image":{"@id":"https:\/\/charente.catholique.fr\/sud-charente\/#\/schema\/logo\/image\/"},"sameAs":["https:\/\/www.facebook.com\/EgliseCatholiqueCharente","https:\/\/x.com\/diocesecharente","https:\/\/www.instagram.com\/eglisecharente","https:\/\/www.youtube.com\/channel\/UCByyFWApZbw3gDTiADoiAaQ"]}]}},"_links":{"self":[{"href":"https:\/\/charente.catholique.fr\/sud-charente\/wp-json\/wp\/v2\/pages\/12562","targetHints":{"allow":["GET"]}}],"collection":[{"href":"https:\/\/charente.catholique.fr\/sud-charente\/wp-json\/wp\/v2\/pages"}],"about":[{"href":"https:\/\/charente.catholique.fr\/sud-charente\/wp-json\/wp\/v2\/types\/page"}],"author":[{"embeddable":true,"href":"https:\/\/charente.catholique.fr\/sud-charente\/wp-json\/wp\/v2\/users\/101"}],"replies":[{"embeddable":true,"href":"https:\/\/charente.catholique.fr\/sud-charente\/wp-json\/wp\/v2\/comments?post=12562"}],"version-history":[{"count":5,"href":"https:\/\/charente.catholique.fr\/sud-charente\/wp-json\/wp\/v2\/pages\/12562\/revisions"}],"predecessor-version":[{"id":12766,"href":"https:\/\/charente.catholique.fr\/sud-charente\/wp-json\/wp\/v2\/pages\/12562\/revisions\/12766"}],"wp:featuredmedia":[{"embeddable":true,"href":"https:\/\/charente.catholique.fr\/sud-charente\/wp-json\/wp\/v2\/media\/12613"}],"wp:attachment":[{"href":"https:\/\/charente.catholique.fr\/sud-charente\/wp-json\/wp\/v2\/media?parent=12562"}],"curies":[{"name":"wp","href":"https:\/\/api.w.org\/{rel}","templated":true}]}}