{"id":11632,"date":"2025-10-14T21:39:40","date_gmt":"2025-10-14T19:39:40","guid":{"rendered":"https:\/\/charente.catholique.fr\/sud-charente\/?page_id=11632"},"modified":"2026-03-27T15:35:39","modified_gmt":"2026-03-27T14:35:39","slug":"annee-a-la-lumiere-de-leucharistie","status":"publish","type":"page","link":"https:\/\/charente.catholique.fr\/sud-charente\/annee-a-la-lumiere-de-leucharistie\/","title":{"rendered":"Ann\u00e9e \u00e0 la Lumi\u00e8re de l&#8217;Eucharistie"},"content":{"rendered":"\n<p>Le doyenn\u00e9 Sud Charente veut vivre l&#8217;ann\u00e9e 2025-2026 \u00e0 la lumi\u00e8re de l&#8217;Eucharistie.<br>Mais que nous r\u00e9serve l\u2019\u00e9quipe de doyenn\u00e9 pour aborder, approfondir et vivre ce grand Myst\u00e8re ?<\/p>\n\n\n\n<p>Beaucoup d\u2019id\u00e9es et de projets vont probablement voir le jour gr\u00e2ce notamment \u00e0 aux retours via le questionnaire distribu\u00e9 d\u00e9but septembre aux trois paroisses !<\/p>\n\n\n\n<p>Mais il y a d\u00e9j\u00e0 quelques rendez-vous \u00e0 noter&nbsp;:<\/p>\n\n\n\n<ul class=\"wp-block-list\">\n<li>Samedi 8 novembre, \u00e0 10h \u00e0 la Chapelle de Chalais : conf\u00e9rence <a href=\"https:\/\/charente.catholique.fr\/sud-charente\/agenda\/rencontre-conference-sur-leucharistie-3\/\">\u201cL\u2019Eucharistie \u00e0 la lumi\u00e8re des disciples d\u2019Emma\u00fcs et de Vatican II : une rencontre pour entrer dans le Myst\u00e8re\u201d<\/a>, par le P\u00e8re Eric Pouvaloue<\/li>\n\n\n\n<li>Samedi 17 janvier, \u00e0 10h \u00e0 Barbezieux : conf\u00e9rence &#8211; rencontre exceptionnelle avec Sr Sandra Bureau, th\u00e9ologienne et enseignante au s\u00e9minaire Saint Ir\u00e9n\u00e9e \u00e0 Lyon : <a href=\"https:\/\/charente.catholique.fr\/sud-charente\/agenda\/conference-sur-le-corps-et-le-sang-du-christ\/\">\u201cLe Corps et le Sang du Christ : comment la communion \u00e9claire-t-elle le Myst\u00e8re de l\u2019Eucharistie ?\u201d<\/a><\/li>\n\n\n\n<li>Des formations pour porter la communion \u00e0 nos fr\u00e8res et soeurs malades ou \u00e2g\u00e9s : <br>&#8211; jeudi 15 janvier &#8211; 10h \u00e0 la salle Beaucanton de  Montmoreau<br>&#8211; mercredi 28 janvier &#8211; 14h30 dans la salle paroissiale de Chalais<br>&#8211; mardi 3 f\u00e9vrier &#8211; 14h30 au bar Le Fraternel de Barbezieux<\/li>\n\n\n\n<li>Samedi 21 mars : une journ\u00e9e r\u00e9collection \u00e0 Puyp\u00e9roux &#8211; <a href=\"https:\/\/charente.catholique.fr\/sud-charente\/agenda\/recollection-de-careme-en-doyenne-21-mars-2026-2\/\">R\u00e9collection de Car\u00eame<\/a><\/li>\n\n\n\n<li>Samedi 2 mai -10h : rencontre avec nos fr\u00e8res protestants sur le th\u00e8me de l&#8217;Eucharistie (en cours de pr\u00e9paration)<\/li>\n\n\n\n<li><strong>\u00c9v\u00e9nement de doyenn\u00e9 \u00e0 Maumont le samedi 6 juin 2026 : itin\u00e9rance, pri\u00e8re, exposition d\u2019artistes locaux, spectacle, veill\u00e9e, rencontres et d\u2019autres surprises !<\/strong><\/li>\n<\/ul>\n\n\n\n<p>D\u2019autres id\u00e9es sont en cours de programmation :&nbsp;<\/p>\n\n\n\n<p><\/p>\n\n\n\n<ul class=\"wp-block-list\">\n<li>Faire le lien entre l\u2019Eucharistie et les autres sacrements<\/li>\n\n\n\n<li>Approfondir le lien entre l\u2019Eucharistie et l\u2019Eglise<\/li>\n\n\n\n<li>Affermir la relation entre l\u2019Eucharistie et notre vie quotidienne<\/li>\n\n\n\n<li>D\u00e9couvrir ou red\u00e9couvrir la pri\u00e8re d\u2019adoration, notamment \u00e0 travers les temps d&#8217;adoration propos\u00e9s sur les 3 paroisses (cf. infos paroissiales)<\/li>\n<\/ul>\n\n\n\n<p>Ces initiatives seront v\u00e9cues \u00e0 diff\u00e9rentes \u00e9chelles : au niveau local, paroissial et de doyenn\u00e9.<br>Elles seront annonc\u00e9es sur cette page mais vous pouvez retrouver toutes les informations au fur et \u00e0 mesure dans les mails d\u2019information de vos paroisses ou via l\u2019application Ecclesia.<\/p>\n\n\n\n<p>Venez vivre en service, en paroisse et en doyenn\u00e9 cette ann\u00e9e \u00e0 la lumi\u00e8re de l\u2019Eucharistie !<\/p>\n\n\n<div class=\"wp-block-image\">\n<figure class=\"aligncenter size-large\"><img loading=\"lazy\" decoding=\"async\" width=\"764\" height=\"1080\" src=\"https:\/\/charente.catholique.fr\/sud-charente\/wp-content\/uploads\/sites\/5\/2025\/11\/Annee-a-la-Lumiere-de-lEucharistie-en-Sud-Charente-764x1080.png\" alt=\"\" class=\"wp-image-12103\" srcset=\"https:\/\/charente.catholique.fr\/sud-charente\/wp-content\/uploads\/sites\/5\/2025\/11\/Annee-a-la-Lumiere-de-lEucharistie-en-Sud-Charente-764x1080.png 764w, https:\/\/charente.catholique.fr\/sud-charente\/wp-content\/uploads\/sites\/5\/2025\/11\/Annee-a-la-Lumiere-de-lEucharistie-en-Sud-Charente-212x300.png 212w, https:\/\/charente.catholique.fr\/sud-charente\/wp-content\/uploads\/sites\/5\/2025\/11\/Annee-a-la-Lumiere-de-lEucharistie-en-Sud-Charente-768x1086.png 768w, https:\/\/charente.catholique.fr\/sud-charente\/wp-content\/uploads\/sites\/5\/2025\/11\/Annee-a-la-Lumiere-de-lEucharistie-en-Sud-Charente-1086x1536.png 1086w, https:\/\/charente.catholique.fr\/sud-charente\/wp-content\/uploads\/sites\/5\/2025\/11\/Annee-a-la-Lumiere-de-lEucharistie-en-Sud-Charente-1320x1867.png 1320w, https:\/\/charente.catholique.fr\/sud-charente\/wp-content\/uploads\/sites\/5\/2025\/11\/Annee-a-la-Lumiere-de-lEucharistie-en-Sud-Charente.png 1414w\" sizes=\"auto, (max-width: 764px) 100vw, 764px\" \/><\/figure>\n<\/div>","protected":false},"excerpt":{"rendered":"<p>Le doyenn\u00e9 Sud Charente veut vivre l&#8217;ann\u00e9e 2025-2026 \u00e0 la lumi\u00e8re de l&#8217;Eucharistie.Mais que nous r\u00e9serve l\u2019\u00e9quipe de doyenn\u00e9 pour aborder, approfondir et vivre ce grand Myst\u00e8re ? Beaucoup d\u2019id\u00e9es et de projets vont probablement voir le jour gr\u00e2ce notamment \u00e0 aux retours via le questionnaire distribu\u00e9 d\u00e9but septembre aux trois paroisses ! Mais il [&hellip;]<\/p>\n","protected":false},"author":4,"featured_media":11633,"parent":0,"menu_order":1,"comment_status":"closed","ping_status":"closed","template":"","meta":{"_acf_changed":false,"paroisse":[],"service":[],"footnotes":""},"class_list":["post-11632","page","type-page","status-publish","has-post-thumbnail","hentry"],"acf":[],"yoast_head":"<!-- This site is optimized with the Yoast SEO plugin v27.1.1 - https:\/\/yoast.com\/product\/yoast-seo-wordpress\/ -->\n<title>Ann\u00e9e \u00e0 la Lumi\u00e8re de l&#039;Eucharistie - Doyenn\u00e9 Sud Charente<\/title>\n<meta name=\"description\" content=\"Le doyenn\u00e9 Sud Charente veut vivre l&#039;ann\u00e9e 2025-2026 \u00e0 la lumi\u00e8re de l&#039;Eucharistie.Mais que nous r\u00e9serve l\u2019\u00e9quipe de doyenn\u00e9 pour aborder, approfondir et vivre ce grand Myst\u00e8re ?\" \/>\n<meta name=\"robots\" content=\"index, follow, max-snippet:-1, max-image-preview:large, max-video-preview:-1\" \/>\n<link rel=\"canonical\" href=\"https:\/\/charente.catholique.fr\/sud-charente\/annee-a-la-lumiere-de-leucharistie\/\" \/>\n<meta property=\"og:locale\" content=\"fr_FR\" \/>\n<meta property=\"og:type\" content=\"article\" \/>\n<meta property=\"og:title\" content=\"Ann\u00e9e \u00e0 la Lumi\u00e8re de l&#039;Eucharistie - Doyenn\u00e9 Sud Charente\" \/>\n<meta property=\"og:description\" content=\"Le doyenn\u00e9 Sud Charente veut vivre l&#039;ann\u00e9e 2025-2026 \u00e0 la lumi\u00e8re de l&#039;Eucharistie.Mais que nous r\u00e9serve l\u2019\u00e9quipe de doyenn\u00e9 pour aborder, approfondir et vivre ce grand Myst\u00e8re ?\" \/>\n<meta property=\"og:url\" content=\"https:\/\/charente.catholique.fr\/sud-charente\/annee-a-la-lumiere-de-leucharistie\/\" \/>\n<meta property=\"og:site_name\" content=\"Doyenn\u00e9 Sud Charente\" \/>\n<meta property=\"article:publisher\" content=\"https:\/\/www.facebook.com\/EgliseCatholiqueCharente\" \/>\n<meta property=\"article:modified_time\" content=\"2026-03-27T14:35:39+00:00\" \/>\n<meta property=\"og:image\" content=\"https:\/\/charente.catholique.fr\/sud-charente\/wp-content\/uploads\/sites\/5\/2025\/10\/logo-religieux-sur-fond-blanc.png\" \/>\n\t<meta property=\"og:image:width\" content=\"1536\" \/>\n\t<meta property=\"og:image:height\" content=\"1024\" \/>\n\t<meta property=\"og:image:type\" content=\"image\/png\" \/>\n<meta name=\"twitter:card\" content=\"summary_large_image\" \/>\n<meta name=\"twitter:site\" content=\"@diocesecharente\" \/>\n<meta name=\"twitter:label1\" content=\"Dur\u00e9e de lecture estim\u00e9e\" \/>\n\t<meta name=\"twitter:data1\" content=\"3 minutes\" \/>\n<script type=\"application\/ld+json\" class=\"yoast-schema-graph\">{\"@context\":\"https:\/\/schema.org\",\"@graph\":[{\"@type\":\"WebPage\",\"@id\":\"https:\/\/charente.catholique.fr\/sud-charente\/annee-a-la-lumiere-de-leucharistie\/\",\"url\":\"https:\/\/charente.catholique.fr\/sud-charente\/annee-a-la-lumiere-de-leucharistie\/\",\"name\":\"Ann\u00e9e \u00e0 la Lumi\u00e8re de l'Eucharistie - Doyenn\u00e9 Sud Charente\",\"isPartOf\":{\"@id\":\"https:\/\/charente.catholique.fr\/sud-charente\/#website\"},\"primaryImageOfPage\":{\"@id\":\"https:\/\/charente.catholique.fr\/sud-charente\/annee-a-la-lumiere-de-leucharistie\/#primaryimage\"},\"image\":{\"@id\":\"https:\/\/charente.catholique.fr\/sud-charente\/annee-a-la-lumiere-de-leucharistie\/#primaryimage\"},\"thumbnailUrl\":\"https:\/\/charente.catholique.fr\/sud-charente\/wp-content\/uploads\/sites\/5\/2025\/10\/logo-religieux-sur-fond-blanc.png\",\"datePublished\":\"2025-10-14T19:39:40+00:00\",\"dateModified\":\"2026-03-27T14:35:39+00:00\",\"description\":\"Le doyenn\u00e9 Sud Charente veut vivre l'ann\u00e9e 2025-2026 \u00e0 la lumi\u00e8re de l'Eucharistie.Mais que nous r\u00e9serve l\u2019\u00e9quipe de doyenn\u00e9 pour aborder, approfondir et vivre ce grand Myst\u00e8re ?\",\"breadcrumb\":{\"@id\":\"https:\/\/charente.catholique.fr\/sud-charente\/annee-a-la-lumiere-de-leucharistie\/#breadcrumb\"},\"inLanguage\":\"fr-FR\",\"potentialAction\":[{\"@type\":\"ReadAction\",\"target\":[\"https:\/\/charente.catholique.fr\/sud-charente\/annee-a-la-lumiere-de-leucharistie\/\"]}]},{\"@type\":\"ImageObject\",\"inLanguage\":\"fr-FR\",\"@id\":\"https:\/\/charente.catholique.fr\/sud-charente\/annee-a-la-lumiere-de-leucharistie\/#primaryimage\",\"url\":\"https:\/\/charente.catholique.fr\/sud-charente\/wp-content\/uploads\/sites\/5\/2025\/10\/logo-religieux-sur-fond-blanc.png\",\"contentUrl\":\"https:\/\/charente.catholique.fr\/sud-charente\/wp-content\/uploads\/sites\/5\/2025\/10\/logo-religieux-sur-fond-blanc.png\",\"width\":1536,\"height\":1024},{\"@type\":\"BreadcrumbList\",\"@id\":\"https:\/\/charente.catholique.fr\/sud-charente\/annee-a-la-lumiere-de-leucharistie\/#breadcrumb\",\"itemListElement\":[{\"@type\":\"ListItem\",\"position\":1,\"name\":\"Accueil\",\"item\":\"https:\/\/charente.catholique.fr\/sud-charente\/\"},{\"@type\":\"ListItem\",\"position\":2,\"name\":\"Ann\u00e9e \u00e0 la Lumi\u00e8re de l&#8217;Eucharistie\"}]},{\"@type\":\"WebSite\",\"@id\":\"https:\/\/charente.catholique.fr\/sud-charente\/#website\",\"url\":\"https:\/\/charente.catholique.fr\/sud-charente\/\",\"name\":\"Doyenn\u00e9 Sud Charente - Dioc\u00e8se d'Angoul\u00eame\",\"description\":\"Dioc\u00e8se d&#039;Angoul\u00eame\",\"publisher\":{\"@id\":\"https:\/\/charente.catholique.fr\/sud-charente\/#organization\"},\"potentialAction\":[{\"@type\":\"SearchAction\",\"target\":{\"@type\":\"EntryPoint\",\"urlTemplate\":\"https:\/\/charente.catholique.fr\/sud-charente\/?s={search_term_string}\"},\"query-input\":{\"@type\":\"PropertyValueSpecification\",\"valueRequired\":true,\"valueName\":\"search_term_string\"}}],\"inLanguage\":\"fr-FR\"},{\"@type\":\"Organization\",\"@id\":\"https:\/\/charente.catholique.fr\/sud-charente\/#organization\",\"name\":\"Association dioc\u00e9saine d'Angoul\u00eame\",\"url\":\"https:\/\/charente.catholique.fr\/sud-charente\/\",\"logo\":{\"@type\":\"ImageObject\",\"inLanguage\":\"fr-FR\",\"@id\":\"https:\/\/charente.catholique.fr\/sud-charente\/#\/schema\/logo\/image\/\",\"url\":\"https:\/\/charente.catholique.fr\/sud-charente\/wp-content\/uploads\/sites\/5\/2020\/10\/logos.png\",\"contentUrl\":\"https:\/\/charente.catholique.fr\/sud-charente\/wp-content\/uploads\/sites\/5\/2020\/10\/logos.png\",\"width\":600,\"height\":257,\"caption\":\"Association dioc\u00e9saine d'Angoul\u00eame\"},\"image\":{\"@id\":\"https:\/\/charente.catholique.fr\/sud-charente\/#\/schema\/logo\/image\/\"},\"sameAs\":[\"https:\/\/www.facebook.com\/EgliseCatholiqueCharente\",\"https:\/\/x.com\/diocesecharente\",\"https:\/\/www.instagram.com\/eglisecharente\",\"https:\/\/www.youtube.com\/channel\/UCByyFWApZbw3gDTiADoiAaQ\"]}]}<\/script>\n<!-- \/ Yoast SEO plugin. -->","yoast_head_json":{"title":"Ann\u00e9e \u00e0 la Lumi\u00e8re de l'Eucharistie - Doyenn\u00e9 Sud Charente","description":"Le doyenn\u00e9 Sud Charente veut vivre l'ann\u00e9e 2025-2026 \u00e0 la lumi\u00e8re de l'Eucharistie.Mais que nous r\u00e9serve l\u2019\u00e9quipe de doyenn\u00e9 pour aborder, approfondir et vivre ce grand Myst\u00e8re ?","robots":{"index":"index","follow":"follow","max-snippet":"max-snippet:-1","max-image-preview":"max-image-preview:large","max-video-preview":"max-video-preview:-1"},"canonical":"https:\/\/charente.catholique.fr\/sud-charente\/annee-a-la-lumiere-de-leucharistie\/","og_locale":"fr_FR","og_type":"article","og_title":"Ann\u00e9e \u00e0 la Lumi\u00e8re de l'Eucharistie - Doyenn\u00e9 Sud Charente","og_description":"Le doyenn\u00e9 Sud Charente veut vivre l'ann\u00e9e 2025-2026 \u00e0 la lumi\u00e8re de l'Eucharistie.Mais que nous r\u00e9serve l\u2019\u00e9quipe de doyenn\u00e9 pour aborder, approfondir et vivre ce grand Myst\u00e8re ?","og_url":"https:\/\/charente.catholique.fr\/sud-charente\/annee-a-la-lumiere-de-leucharistie\/","og_site_name":"Doyenn\u00e9 Sud Charente","article_publisher":"https:\/\/www.facebook.com\/EgliseCatholiqueCharente","article_modified_time":"2026-03-27T14:35:39+00:00","og_image":[{"url":"https:\/\/charente.catholique.fr\/sud-charente\/wp-content\/uploads\/sites\/5\/2025\/10\/logo-religieux-sur-fond-blanc.png","width":1536,"height":1024,"type":"image\/png"}],"twitter_card":"summary_large_image","twitter_site":"@diocesecharente","twitter_misc":{"Dur\u00e9e de lecture estim\u00e9e":"3 minutes"},"schema":{"@context":"https:\/\/schema.org","@graph":[{"@type":"WebPage","@id":"https:\/\/charente.catholique.fr\/sud-charente\/annee-a-la-lumiere-de-leucharistie\/","url":"https:\/\/charente.catholique.fr\/sud-charente\/annee-a-la-lumiere-de-leucharistie\/","name":"Ann\u00e9e \u00e0 la Lumi\u00e8re de l'Eucharistie - Doyenn\u00e9 Sud Charente","isPartOf":{"@id":"https:\/\/charente.catholique.fr\/sud-charente\/#website"},"primaryImageOfPage":{"@id":"https:\/\/charente.catholique.fr\/sud-charente\/annee-a-la-lumiere-de-leucharistie\/#primaryimage"},"image":{"@id":"https:\/\/charente.catholique.fr\/sud-charente\/annee-a-la-lumiere-de-leucharistie\/#primaryimage"},"thumbnailUrl":"https:\/\/charente.catholique.fr\/sud-charente\/wp-content\/uploads\/sites\/5\/2025\/10\/logo-religieux-sur-fond-blanc.png","datePublished":"2025-10-14T19:39:40+00:00","dateModified":"2026-03-27T14:35:39+00:00","description":"Le doyenn\u00e9 Sud Charente veut vivre l'ann\u00e9e 2025-2026 \u00e0 la lumi\u00e8re de l'Eucharistie.Mais que nous r\u00e9serve l\u2019\u00e9quipe de doyenn\u00e9 pour aborder, approfondir et vivre ce grand Myst\u00e8re ?","breadcrumb":{"@id":"https:\/\/charente.catholique.fr\/sud-charente\/annee-a-la-lumiere-de-leucharistie\/#breadcrumb"},"inLanguage":"fr-FR","potentialAction":[{"@type":"ReadAction","target":["https:\/\/charente.catholique.fr\/sud-charente\/annee-a-la-lumiere-de-leucharistie\/"]}]},{"@type":"ImageObject","inLanguage":"fr-FR","@id":"https:\/\/charente.catholique.fr\/sud-charente\/annee-a-la-lumiere-de-leucharistie\/#primaryimage","url":"https:\/\/charente.catholique.fr\/sud-charente\/wp-content\/uploads\/sites\/5\/2025\/10\/logo-religieux-sur-fond-blanc.png","contentUrl":"https:\/\/charente.catholique.fr\/sud-charente\/wp-content\/uploads\/sites\/5\/2025\/10\/logo-religieux-sur-fond-blanc.png","width":1536,"height":1024},{"@type":"BreadcrumbList","@id":"https:\/\/charente.catholique.fr\/sud-charente\/annee-a-la-lumiere-de-leucharistie\/#breadcrumb","itemListElement":[{"@type":"ListItem","position":1,"name":"Accueil","item":"https:\/\/charente.catholique.fr\/sud-charente\/"},{"@type":"ListItem","position":2,"name":"Ann\u00e9e \u00e0 la Lumi\u00e8re de l&#8217;Eucharistie"}]},{"@type":"WebSite","@id":"https:\/\/charente.catholique.fr\/sud-charente\/#website","url":"https:\/\/charente.catholique.fr\/sud-charente\/","name":"Doyenn\u00e9 Sud Charente - Dioc\u00e8se d'Angoul\u00eame","description":"Dioc\u00e8se d&#039;Angoul\u00eame","publisher":{"@id":"https:\/\/charente.catholique.fr\/sud-charente\/#organization"},"potentialAction":[{"@type":"SearchAction","target":{"@type":"EntryPoint","urlTemplate":"https:\/\/charente.catholique.fr\/sud-charente\/?s={search_term_string}"},"query-input":{"@type":"PropertyValueSpecification","valueRequired":true,"valueName":"search_term_string"}}],"inLanguage":"fr-FR"},{"@type":"Organization","@id":"https:\/\/charente.catholique.fr\/sud-charente\/#organization","name":"Association dioc\u00e9saine d'Angoul\u00eame","url":"https:\/\/charente.catholique.fr\/sud-charente\/","logo":{"@type":"ImageObject","inLanguage":"fr-FR","@id":"https:\/\/charente.catholique.fr\/sud-charente\/#\/schema\/logo\/image\/","url":"https:\/\/charente.catholique.fr\/sud-charente\/wp-content\/uploads\/sites\/5\/2020\/10\/logos.png","contentUrl":"https:\/\/charente.catholique.fr\/sud-charente\/wp-content\/uploads\/sites\/5\/2020\/10\/logos.png","width":600,"height":257,"caption":"Association dioc\u00e9saine d'Angoul\u00eame"},"image":{"@id":"https:\/\/charente.catholique.fr\/sud-charente\/#\/schema\/logo\/image\/"},"sameAs":["https:\/\/www.facebook.com\/EgliseCatholiqueCharente","https:\/\/x.com\/diocesecharente","https:\/\/www.instagram.com\/eglisecharente","https:\/\/www.youtube.com\/channel\/UCByyFWApZbw3gDTiADoiAaQ"]}]}},"_links":{"self":[{"href":"https:\/\/charente.catholique.fr\/sud-charente\/wp-json\/wp\/v2\/pages\/11632","targetHints":{"allow":["GET"]}}],"collection":[{"href":"https:\/\/charente.catholique.fr\/sud-charente\/wp-json\/wp\/v2\/pages"}],"about":[{"href":"https:\/\/charente.catholique.fr\/sud-charente\/wp-json\/wp\/v2\/types\/page"}],"author":[{"embeddable":true,"href":"https:\/\/charente.catholique.fr\/sud-charente\/wp-json\/wp\/v2\/users\/4"}],"replies":[{"embeddable":true,"href":"https:\/\/charente.catholique.fr\/sud-charente\/wp-json\/wp\/v2\/comments?post=11632"}],"version-history":[{"count":9,"href":"https:\/\/charente.catholique.fr\/sud-charente\/wp-json\/wp\/v2\/pages\/11632\/revisions"}],"predecessor-version":[{"id":12862,"href":"https:\/\/charente.catholique.fr\/sud-charente\/wp-json\/wp\/v2\/pages\/11632\/revisions\/12862"}],"wp:featuredmedia":[{"embeddable":true,"href":"https:\/\/charente.catholique.fr\/sud-charente\/wp-json\/wp\/v2\/media\/11633"}],"wp:attachment":[{"href":"https:\/\/charente.catholique.fr\/sud-charente\/wp-json\/wp\/v2\/media?parent=11632"}],"curies":[{"name":"wp","href":"https:\/\/api.w.org\/{rel}","templated":true}]}}