{"id":4043,"date":"2022-06-14T22:15:02","date_gmt":"2022-06-14T20:15:02","guid":{"rendered":"https:\/\/charente.catholique.fr\/sud-charente\/?post_type=evenement&#038;p=4043"},"modified":"2022-06-21T09:29:23","modified_gmt":"2022-06-21T07:29:23","slug":"benediction-de-leglise-renovee-dedon","status":"publish","type":"evenement","link":"https:\/\/charente.catholique.fr\/sud-charente\/agenda\/benediction-de-leglise-renovee-dedon\/","title":{"rendered":"B\u00e9n\u00e9diction de l&#8217;\u00e9glise r\u00e9nov\u00e9e d&#8217;EDON"},"content":{"rendered":"\n<p>Messe \u00e0 Edon \u00e0 18h00 pr\u00e9sid\u00e9e par Mgr Gosselin<\/p>\n","protected":false},"author":81,"featured_media":4045,"template":"","meta":{"_acf_changed":false,"paroisse":["17"],"service":["0"],"footnotes":""},"categories":[11],"tags":[],"class_list":["post-4043","evenement","type-evenement","status-publish","has-post-thumbnail","hentry","category-montmoreau","validated"],"acf":{"start_date":"2022-06-25 18:00:00","end_date":"2022-06-25 19:00:00","location":"Eglise Saint Pierre \u00e0 EDON","address":{"address":"16320 \u00c9don, France","lat":45.487706,"lng":0.355149,"zoom":14,"place_id":"ChIJw7MYteK2_0cRMLruYJLTBQQ","name":"\u00c9don","city":"\u00c9don","state":"Nouvelle-Aquitaine","post_code":16320,"country":"France","country_short":"FR"}},"yoast_head":"<!-- This site is optimized with the Yoast SEO plugin v27.1.1 - https:\/\/yoast.com\/product\/yoast-seo-wordpress\/ -->\n<title>B\u00e9n\u00e9diction de l&#039;\u00e9glise r\u00e9nov\u00e9e d&#039;EDON - Doyenn\u00e9 Sud Charente<\/title>\n<meta name=\"robots\" content=\"index, follow, max-snippet:-1, max-image-preview:large, max-video-preview:-1\" \/>\n<link rel=\"canonical\" href=\"https:\/\/charente.catholique.fr\/sud-charente\/agenda\/benediction-de-leglise-renovee-dedon\/\" \/>\n<meta property=\"og:locale\" content=\"fr_FR\" \/>\n<meta property=\"og:type\" content=\"article\" \/>\n<meta property=\"og:title\" content=\"B\u00e9n\u00e9diction de l&#039;\u00e9glise r\u00e9nov\u00e9e d&#039;EDON - Doyenn\u00e9 Sud Charente\" \/>\n<meta property=\"og:description\" content=\"Messe \u00e0 Edon \u00e0 18h00 pr\u00e9sid\u00e9e par Mgr Gosselin\" \/>\n<meta property=\"og:url\" content=\"https:\/\/charente.catholique.fr\/sud-charente\/agenda\/benediction-de-leglise-renovee-dedon\/\" \/>\n<meta property=\"og:site_name\" content=\"Doyenn\u00e9 Sud Charente\" \/>\n<meta property=\"article:publisher\" content=\"https:\/\/www.facebook.com\/EgliseCatholiqueCharente\" \/>\n<meta property=\"article:modified_time\" content=\"2022-06-21T07:29:23+00:00\" \/>\n<meta property=\"og:image\" content=\"https:\/\/charente.catholique.fr\/sud-charente\/wp-content\/uploads\/sites\/5\/2022\/06\/saint-pierre-edon-1.jpg\" \/>\n\t<meta property=\"og:image:width\" content=\"450\" \/>\n\t<meta property=\"og:image:height\" content=\"600\" \/>\n\t<meta property=\"og:image:type\" content=\"image\/jpeg\" \/>\n<meta name=\"twitter:card\" content=\"summary_large_image\" \/>\n<meta name=\"twitter:site\" content=\"@diocesecharente\" \/>\n<meta name=\"twitter:label1\" content=\"Dur\u00e9e de lecture estim\u00e9e\" \/>\n\t<meta name=\"twitter:data1\" content=\"1 minute\" \/>\n<script type=\"application\/ld+json\" class=\"yoast-schema-graph\">{\"@context\":\"https:\/\/schema.org\",\"@graph\":[{\"@type\":\"WebPage\",\"@id\":\"https:\/\/charente.catholique.fr\/sud-charente\/agenda\/benediction-de-leglise-renovee-dedon\/\",\"url\":\"https:\/\/charente.catholique.fr\/sud-charente\/agenda\/benediction-de-leglise-renovee-dedon\/\",\"name\":\"B\u00e9n\u00e9diction de l'\u00e9glise r\u00e9nov\u00e9e d'EDON - Doyenn\u00e9 Sud Charente\",\"isPartOf\":{\"@id\":\"https:\/\/charente.catholique.fr\/sud-charente\/#website\"},\"primaryImageOfPage\":{\"@id\":\"https:\/\/charente.catholique.fr\/sud-charente\/agenda\/benediction-de-leglise-renovee-dedon\/#primaryimage\"},\"image\":{\"@id\":\"https:\/\/charente.catholique.fr\/sud-charente\/agenda\/benediction-de-leglise-renovee-dedon\/#primaryimage\"},\"thumbnailUrl\":\"https:\/\/charente.catholique.fr\/sud-charente\/wp-content\/uploads\/sites\/5\/2022\/06\/saint-pierre-edon-1.jpg\",\"datePublished\":\"2022-06-14T20:15:02+00:00\",\"dateModified\":\"2022-06-21T07:29:23+00:00\",\"breadcrumb\":{\"@id\":\"https:\/\/charente.catholique.fr\/sud-charente\/agenda\/benediction-de-leglise-renovee-dedon\/#breadcrumb\"},\"inLanguage\":\"fr-FR\",\"potentialAction\":[{\"@type\":\"ReadAction\",\"target\":[\"https:\/\/charente.catholique.fr\/sud-charente\/agenda\/benediction-de-leglise-renovee-dedon\/\"]}]},{\"@type\":\"ImageObject\",\"inLanguage\":\"fr-FR\",\"@id\":\"https:\/\/charente.catholique.fr\/sud-charente\/agenda\/benediction-de-leglise-renovee-dedon\/#primaryimage\",\"url\":\"https:\/\/charente.catholique.fr\/sud-charente\/wp-content\/uploads\/sites\/5\/2022\/06\/saint-pierre-edon-1.jpg\",\"contentUrl\":\"https:\/\/charente.catholique.fr\/sud-charente\/wp-content\/uploads\/sites\/5\/2022\/06\/saint-pierre-edon-1.jpg\",\"width\":450,\"height\":600},{\"@type\":\"BreadcrumbList\",\"@id\":\"https:\/\/charente.catholique.fr\/sud-charente\/agenda\/benediction-de-leglise-renovee-dedon\/#breadcrumb\",\"itemListElement\":[{\"@type\":\"ListItem\",\"position\":1,\"name\":\"Accueil\",\"item\":\"https:\/\/charente.catholique.fr\/sud-charente\/\"},{\"@type\":\"ListItem\",\"position\":2,\"name\":\"B\u00e9n\u00e9diction de l&#8217;\u00e9glise r\u00e9nov\u00e9e d&#8217;EDON\"}]},{\"@type\":\"WebSite\",\"@id\":\"https:\/\/charente.catholique.fr\/sud-charente\/#website\",\"url\":\"https:\/\/charente.catholique.fr\/sud-charente\/\",\"name\":\"Doyenn\u00e9 Sud Charente - Dioc\u00e8se d'Angoul\u00eame\",\"description\":\"Dioc\u00e8se d&#039;Angoul\u00eame\",\"publisher\":{\"@id\":\"https:\/\/charente.catholique.fr\/sud-charente\/#organization\"},\"potentialAction\":[{\"@type\":\"SearchAction\",\"target\":{\"@type\":\"EntryPoint\",\"urlTemplate\":\"https:\/\/charente.catholique.fr\/sud-charente\/?s={search_term_string}\"},\"query-input\":{\"@type\":\"PropertyValueSpecification\",\"valueRequired\":true,\"valueName\":\"search_term_string\"}}],\"inLanguage\":\"fr-FR\"},{\"@type\":\"Organization\",\"@id\":\"https:\/\/charente.catholique.fr\/sud-charente\/#organization\",\"name\":\"Association dioc\u00e9saine d'Angoul\u00eame\",\"url\":\"https:\/\/charente.catholique.fr\/sud-charente\/\",\"logo\":{\"@type\":\"ImageObject\",\"inLanguage\":\"fr-FR\",\"@id\":\"https:\/\/charente.catholique.fr\/sud-charente\/#\/schema\/logo\/image\/\",\"url\":\"https:\/\/charente.catholique.fr\/sud-charente\/wp-content\/uploads\/sites\/5\/2020\/10\/logos.png\",\"contentUrl\":\"https:\/\/charente.catholique.fr\/sud-charente\/wp-content\/uploads\/sites\/5\/2020\/10\/logos.png\",\"width\":600,\"height\":257,\"caption\":\"Association dioc\u00e9saine d'Angoul\u00eame\"},\"image\":{\"@id\":\"https:\/\/charente.catholique.fr\/sud-charente\/#\/schema\/logo\/image\/\"},\"sameAs\":[\"https:\/\/www.facebook.com\/EgliseCatholiqueCharente\",\"https:\/\/x.com\/diocesecharente\",\"https:\/\/www.instagram.com\/eglisecharente\",\"https:\/\/www.youtube.com\/channel\/UCByyFWApZbw3gDTiADoiAaQ\"]}]}<\/script>\n<!-- \/ Yoast SEO plugin. -->","yoast_head_json":{"title":"B\u00e9n\u00e9diction de l'\u00e9glise r\u00e9nov\u00e9e d'EDON - Doyenn\u00e9 Sud Charente","robots":{"index":"index","follow":"follow","max-snippet":"max-snippet:-1","max-image-preview":"max-image-preview:large","max-video-preview":"max-video-preview:-1"},"canonical":"https:\/\/charente.catholique.fr\/sud-charente\/agenda\/benediction-de-leglise-renovee-dedon\/","og_locale":"fr_FR","og_type":"article","og_title":"B\u00e9n\u00e9diction de l'\u00e9glise r\u00e9nov\u00e9e d'EDON - Doyenn\u00e9 Sud Charente","og_description":"Messe \u00e0 Edon \u00e0 18h00 pr\u00e9sid\u00e9e par Mgr Gosselin","og_url":"https:\/\/charente.catholique.fr\/sud-charente\/agenda\/benediction-de-leglise-renovee-dedon\/","og_site_name":"Doyenn\u00e9 Sud Charente","article_publisher":"https:\/\/www.facebook.com\/EgliseCatholiqueCharente","article_modified_time":"2022-06-21T07:29:23+00:00","og_image":[{"width":450,"height":600,"url":"https:\/\/charente.catholique.fr\/sud-charente\/wp-content\/uploads\/sites\/5\/2022\/06\/saint-pierre-edon-1.jpg","type":"image\/jpeg"}],"twitter_card":"summary_large_image","twitter_site":"@diocesecharente","twitter_misc":{"Dur\u00e9e de lecture estim\u00e9e":"1 minute"},"schema":{"@context":"https:\/\/schema.org","@graph":[{"@type":"WebPage","@id":"https:\/\/charente.catholique.fr\/sud-charente\/agenda\/benediction-de-leglise-renovee-dedon\/","url":"https:\/\/charente.catholique.fr\/sud-charente\/agenda\/benediction-de-leglise-renovee-dedon\/","name":"B\u00e9n\u00e9diction de l'\u00e9glise r\u00e9nov\u00e9e d'EDON - Doyenn\u00e9 Sud Charente","isPartOf":{"@id":"https:\/\/charente.catholique.fr\/sud-charente\/#website"},"primaryImageOfPage":{"@id":"https:\/\/charente.catholique.fr\/sud-charente\/agenda\/benediction-de-leglise-renovee-dedon\/#primaryimage"},"image":{"@id":"https:\/\/charente.catholique.fr\/sud-charente\/agenda\/benediction-de-leglise-renovee-dedon\/#primaryimage"},"thumbnailUrl":"https:\/\/charente.catholique.fr\/sud-charente\/wp-content\/uploads\/sites\/5\/2022\/06\/saint-pierre-edon-1.jpg","datePublished":"2022-06-14T20:15:02+00:00","dateModified":"2022-06-21T07:29:23+00:00","breadcrumb":{"@id":"https:\/\/charente.catholique.fr\/sud-charente\/agenda\/benediction-de-leglise-renovee-dedon\/#breadcrumb"},"inLanguage":"fr-FR","potentialAction":[{"@type":"ReadAction","target":["https:\/\/charente.catholique.fr\/sud-charente\/agenda\/benediction-de-leglise-renovee-dedon\/"]}]},{"@type":"ImageObject","inLanguage":"fr-FR","@id":"https:\/\/charente.catholique.fr\/sud-charente\/agenda\/benediction-de-leglise-renovee-dedon\/#primaryimage","url":"https:\/\/charente.catholique.fr\/sud-charente\/wp-content\/uploads\/sites\/5\/2022\/06\/saint-pierre-edon-1.jpg","contentUrl":"https:\/\/charente.catholique.fr\/sud-charente\/wp-content\/uploads\/sites\/5\/2022\/06\/saint-pierre-edon-1.jpg","width":450,"height":600},{"@type":"BreadcrumbList","@id":"https:\/\/charente.catholique.fr\/sud-charente\/agenda\/benediction-de-leglise-renovee-dedon\/#breadcrumb","itemListElement":[{"@type":"ListItem","position":1,"name":"Accueil","item":"https:\/\/charente.catholique.fr\/sud-charente\/"},{"@type":"ListItem","position":2,"name":"B\u00e9n\u00e9diction de l&#8217;\u00e9glise r\u00e9nov\u00e9e d&#8217;EDON"}]},{"@type":"WebSite","@id":"https:\/\/charente.catholique.fr\/sud-charente\/#website","url":"https:\/\/charente.catholique.fr\/sud-charente\/","name":"Doyenn\u00e9 Sud Charente - Dioc\u00e8se d'Angoul\u00eame","description":"Dioc\u00e8se d&#039;Angoul\u00eame","publisher":{"@id":"https:\/\/charente.catholique.fr\/sud-charente\/#organization"},"potentialAction":[{"@type":"SearchAction","target":{"@type":"EntryPoint","urlTemplate":"https:\/\/charente.catholique.fr\/sud-charente\/?s={search_term_string}"},"query-input":{"@type":"PropertyValueSpecification","valueRequired":true,"valueName":"search_term_string"}}],"inLanguage":"fr-FR"},{"@type":"Organization","@id":"https:\/\/charente.catholique.fr\/sud-charente\/#organization","name":"Association dioc\u00e9saine d'Angoul\u00eame","url":"https:\/\/charente.catholique.fr\/sud-charente\/","logo":{"@type":"ImageObject","inLanguage":"fr-FR","@id":"https:\/\/charente.catholique.fr\/sud-charente\/#\/schema\/logo\/image\/","url":"https:\/\/charente.catholique.fr\/sud-charente\/wp-content\/uploads\/sites\/5\/2020\/10\/logos.png","contentUrl":"https:\/\/charente.catholique.fr\/sud-charente\/wp-content\/uploads\/sites\/5\/2020\/10\/logos.png","width":600,"height":257,"caption":"Association dioc\u00e9saine d'Angoul\u00eame"},"image":{"@id":"https:\/\/charente.catholique.fr\/sud-charente\/#\/schema\/logo\/image\/"},"sameAs":["https:\/\/www.facebook.com\/EgliseCatholiqueCharente","https:\/\/x.com\/diocesecharente","https:\/\/www.instagram.com\/eglisecharente","https:\/\/www.youtube.com\/channel\/UCByyFWApZbw3gDTiADoiAaQ"]}]}},"_links":{"self":[{"href":"https:\/\/charente.catholique.fr\/sud-charente\/wp-json\/wp\/v2\/evenement\/4043","targetHints":{"allow":["GET"]}}],"collection":[{"href":"https:\/\/charente.catholique.fr\/sud-charente\/wp-json\/wp\/v2\/evenement"}],"about":[{"href":"https:\/\/charente.catholique.fr\/sud-charente\/wp-json\/wp\/v2\/types\/evenement"}],"author":[{"embeddable":true,"href":"https:\/\/charente.catholique.fr\/sud-charente\/wp-json\/wp\/v2\/users\/81"}],"version-history":[{"count":10,"href":"https:\/\/charente.catholique.fr\/sud-charente\/wp-json\/wp\/v2\/evenement\/4043\/revisions"}],"predecessor-version":[{"id":4059,"href":"https:\/\/charente.catholique.fr\/sud-charente\/wp-json\/wp\/v2\/evenement\/4043\/revisions\/4059"}],"wp:featuredmedia":[{"embeddable":true,"href":"https:\/\/charente.catholique.fr\/sud-charente\/wp-json\/wp\/v2\/media\/4045"}],"wp:attachment":[{"href":"https:\/\/charente.catholique.fr\/sud-charente\/wp-json\/wp\/v2\/media?parent=4043"}],"wp:term":[{"taxonomy":"category","embeddable":true,"href":"https:\/\/charente.catholique.fr\/sud-charente\/wp-json\/wp\/v2\/categories?post=4043"},{"taxonomy":"post_tag","embeddable":true,"href":"https:\/\/charente.catholique.fr\/sud-charente\/wp-json\/wp\/v2\/tags?post=4043"}],"curies":[{"name":"wp","href":"https:\/\/api.w.org\/{rel}","templated":true}]}}

Bénédiction de l&#8217;église rénovée d&#8217;EDON

<p>Messe à Edon à 18h00 présidée par Mgr Gosselin</p>

Eglise Saint Pierre à EDON

16320 Édon, France

Édon

<!-- This site is optimized with the Yoast SEO plugin v27.1.1 - https://yoast.com/product/yoast-seo-wordpress/ -->
<title>Bénédiction de l&#039;église rénovée d&#039;EDON - Doyenné Sud Charente</title>
<meta name="robots" content="index, follow, max-snippet:-1, max-image-preview:large, max-video-preview:-1" />
<link rel="canonical" href="https://charente.catholique.fr/sud-charente/agenda/benediction-de-leglise-renovee-dedon/" />
<meta property="og:locale" content="fr_FR" />
<meta property="og:type" content="article" />
<meta property="og:title" content="Bénédiction de l&#039;église rénovée d&#039;EDON - Doyenné Sud Charente" />
<meta property="og:description" content="Messe à Edon à 18h00 présidée par Mgr Gosselin" />
<meta property="og:url" content="https://charente.catholique.fr/sud-charente/agenda/benediction-de-leglise-renovee-dedon/" />
<meta property="og:site_name" content="Doyenné Sud Charente" />
<meta property="article:publisher" content="https://www.facebook.com/EgliseCatholiqueCharente" />
<meta property="article:modified_time" content="2022-06-21T07:29:23+00:00" />
<meta property="og:image" content="https://charente.catholique.fr/sud-charente/wp-content/uploads/sites/5/2022/06/saint-pierre-edon-1.jpg" />
	<meta property="og:image:width" content="450" />
	<meta property="og:image:height" content="600" />
	<meta property="og:image:type" content="image/jpeg" />
<meta name="twitter:card" content="summary_large_image" />
<meta name="twitter:site" content="@diocesecharente" />
<meta name="twitter:label1" content="Durée de lecture estimée" />
	<meta name="twitter:data1" content="1 minute" />
<script type="application/ld+json" class="yoast-schema-graph">{"@context":"https://schema.org","@graph":[{"@type":"WebPage","@id":"https://charente.catholique.fr/sud-charente/agenda/benediction-de-leglise-renovee-dedon/","url":"https://charente.catholique.fr/sud-charente/agenda/benediction-de-leglise-renovee-dedon/","name":"Bénédiction de l'église rénovée d'EDON - Doyenné Sud Charente","isPartOf":{"@id":"https://charente.catholique.fr/sud-charente/#website"},"primaryImageOfPage":{"@id":"https://charente.catholique.fr/sud-charente/agenda/benediction-de-leglise-renovee-dedon/#primaryimage"},"image":{"@id":"https://charente.catholique.fr/sud-charente/agenda/benediction-de-leglise-renovee-dedon/#primaryimage"},"thumbnailUrl":"https://charente.catholique.fr/sud-charente/wp-content/uploads/sites/5/2022/06/saint-pierre-edon-1.jpg","datePublished":"2022-06-14T20:15:02+00:00","dateModified":"2022-06-21T07:29:23+00:00","breadcrumb":{"@id":"https://charente.catholique.fr/sud-charente/agenda/benediction-de-leglise-renovee-dedon/#breadcrumb"},"inLanguage":"fr-FR","potentialAction":[{"@type":"ReadAction","target":["https://charente.catholique.fr/sud-charente/agenda/benediction-de-leglise-renovee-dedon/"]}]},{"@type":"ImageObject","inLanguage":"fr-FR","@id":"https://charente.catholique.fr/sud-charente/agenda/benediction-de-leglise-renovee-dedon/#primaryimage","url":"https://charente.catholique.fr/sud-charente/wp-content/uploads/sites/5/2022/06/saint-pierre-edon-1.jpg","contentUrl":"https://charente.catholique.fr/sud-charente/wp-content/uploads/sites/5/2022/06/saint-pierre-edon-1.jpg","width":450,"height":600},{"@type":"BreadcrumbList","@id":"https://charente.catholique.fr/sud-charente/agenda/benediction-de-leglise-renovee-dedon/#breadcrumb","itemListElement":[{"@type":"ListItem","position":1,"name":"Accueil","item":"https://charente.catholique.fr/sud-charente/"},{"@type":"ListItem","position":2,"name":"Bénédiction de l&#8217;église rénovée d&#8217;EDON"}]},{"@type":"WebSite","@id":"https://charente.catholique.fr/sud-charente/#website","url":"https://charente.catholique.fr/sud-charente/","name":"Doyenné Sud Charente - Diocèse d'Angoulême","description":"Diocèse d&#039;Angoulême","publisher":{"@id":"https://charente.catholique.fr/sud-charente/#organization"},"potentialAction":[{"@type":"SearchAction","target":{"@type":"EntryPoint","urlTemplate":"https://charente.catholique.fr/sud-charente/?s={search_term_string}"},"query-input":{"@type":"PropertyValueSpecification","valueRequired":true,"valueName":"search_term_string"}}],"inLanguage":"fr-FR"},{"@type":"Organization","@id":"https://charente.catholique.fr/sud-charente/#organization","name":"Association diocésaine d'Angoulême","url":"https://charente.catholique.fr/sud-charente/","logo":{"@type":"ImageObject","inLanguage":"fr-FR","@id":"https://charente.catholique.fr/sud-charente/#/schema/logo/image/","url":"https://charente.catholique.fr/sud-charente/wp-content/uploads/sites/5/2020/10/logos.png","contentUrl":"https://charente.catholique.fr/sud-charente/wp-content/uploads/sites/5/2020/10/logos.png","width":600,"height":257,"caption":"Association diocésaine d'Angoulême"},"image":{"@id":"https://charente.catholique.fr/sud-charente/#/schema/logo/image/"},"sameAs":["https://www.facebook.com/EgliseCatholiqueCharente","https://x.com/diocesecharente","https://www.instagram.com/eglisecharente","https://www.youtube.com/channel/UCByyFWApZbw3gDTiADoiAaQ"]}]}</script>
<!-- / Yoast SEO plugin. -->

Bénédiction de l'église rénovée d'EDON - Doyenné Sud Charente

Messe à Edon à 18h00 présidée par Mgr Gosselin

Doyenné Sud Charente

Doyenné Sud Charente - Diocèse d'Angoulême

Diocèse d&#039;Angoulême

Association diocésaine d'Angoulême
