{"id":1564,"date":"2021-03-03T22:16:05","date_gmt":"2021-03-03T21:16:05","guid":{"rendered":"https:\/\/charente.catholique.fr\/sud-charente\/?post_type=evenement&#038;p=1564"},"modified":"2021-03-03T22:16:06","modified_gmt":"2021-03-03T21:16:06","slug":"rencontre-oecumenique","status":"publish","type":"evenement","link":"https:\/\/charente.catholique.fr\/sud-charente\/agenda\/rencontre-oecumenique\/","title":{"rendered":"Rencontre oecum\u00e9nique"},"content":{"rendered":"\n<p>Ce vendredi 5 mars \u00e0 14 H 30 en l&#8217;\u00e9glise St Martial, nous aurons la joie de partager les textes de dimanche prochain \u00e0 savoir :<\/p>\n\n\n\n<p>Lettre de St Paul aux Corinthiens : Co 1,22-25<\/p>\n\n\n\n<p>Evangile selon St Jean&nbsp; Jn 2, 13-25&nbsp;&nbsp;<\/p>\n\n\n\n<p>Nous proposons aussi une premi\u00e8re synth\u00e8se de la visite de Mg Gosselin .<\/p>\n\n\n<a href=\"https:\/\/charente.catholique.fr\/sud-charente\/wp-content\/uploads\/sites\/5\/2021\/03\/rencontre-oecumenique-du-5-mars-2021.pdf\" class=\"pdfemb-viewer\" style=\"\" data-width=\"max\" data-height=\"max\" data-toolbar=\"bottom\" data-toolbar-fixed=\"off\">rencontre-oecumenique-du-5-mars-2021<\/a>\n<p class=\"wp-block-pdfemb-pdf-embedder-viewer\"><\/p>\n","protected":false},"author":4,"featured_media":1434,"template":"","meta":{"_acf_changed":false,"paroisse":["0"],"service":["0"],"footnotes":""},"categories":[12],"tags":[],"class_list":["post-1564","evenement","type-evenement","status-publish","has-post-thumbnail","hentry","category-chalais","validated"],"acf":{"start_date":"2021-03-05 14:30:00","end_date":"","location":"Eglise Saint Martial, Chalais","address":{"address":"Eglise Saint-Martial, Rue du Ch\u00e2teau, Chalais, France","lat":45.2747635,"lng":0.0375686,"zoom":14,"place_id":"ChIJT1Rm5KXh_0cR9gys1TLRmG4","name":"Eglise Saint-Martial","street_number":23,"street_name":"Rue du Ch\u00e2teau","city":"Chalais","state":"Nouvelle-Aquitaine","post_code":16210,"country":"France","country_short":"FR"}},"yoast_head":"<!-- This site is optimized with the Yoast SEO plugin v27.1.1 - https:\/\/yoast.com\/product\/yoast-seo-wordpress\/ -->\n<title>Rencontre oecum\u00e9nique - Doyenn\u00e9 Sud Charente<\/title>\n<meta name=\"robots\" content=\"index, follow, max-snippet:-1, max-image-preview:large, max-video-preview:-1\" \/>\n<link rel=\"canonical\" href=\"https:\/\/charente.catholique.fr\/sud-charente\/agenda\/rencontre-oecumenique\/\" \/>\n<meta property=\"og:locale\" content=\"fr_FR\" \/>\n<meta property=\"og:type\" content=\"article\" \/>\n<meta property=\"og:title\" content=\"Rencontre oecum\u00e9nique - Doyenn\u00e9 Sud Charente\" \/>\n<meta property=\"og:description\" content=\"Ce vendredi 5 mars \u00e0 14 H 30 en l&#8217;\u00e9glise St Martial, nous aurons la joie de partager les textes de dimanche prochain \u00e0 savoir : Lettre de St Paul aux Corinthiens : Co 1,22-25 Evangile selon St Jean&nbsp; Jn 2, 13-25&nbsp;&nbsp; Nous proposons aussi une premi\u00e8re synth\u00e8se de la visite de Mg Gosselin .\" \/>\n<meta property=\"og:url\" content=\"https:\/\/charente.catholique.fr\/sud-charente\/agenda\/rencontre-oecumenique\/\" \/>\n<meta property=\"og:site_name\" content=\"Doyenn\u00e9 Sud Charente\" \/>\n<meta property=\"article:publisher\" content=\"https:\/\/www.facebook.com\/EgliseCatholiqueCharente\" \/>\n<meta property=\"article:modified_time\" content=\"2021-03-03T21:16:06+00:00\" \/>\n<meta property=\"og:image\" content=\"https:\/\/charente.catholique.fr\/sud-charente\/wp-content\/uploads\/sites\/5\/2021\/02\/IMG_4767-scaled.jpg\" \/>\n\t<meta property=\"og:image:width\" content=\"2560\" \/>\n\t<meta property=\"og:image:height\" content=\"1920\" \/>\n\t<meta property=\"og:image:type\" content=\"image\/jpeg\" \/>\n<meta name=\"twitter:card\" content=\"summary_large_image\" \/>\n<meta name=\"twitter:site\" content=\"@diocesecharente\" \/>\n<meta name=\"twitter:label1\" content=\"Dur\u00e9e de lecture estim\u00e9e\" \/>\n\t<meta name=\"twitter:data1\" content=\"1 minute\" \/>\n<script type=\"application\/ld+json\" class=\"yoast-schema-graph\">{\"@context\":\"https:\/\/schema.org\",\"@graph\":[{\"@type\":\"WebPage\",\"@id\":\"https:\/\/charente.catholique.fr\/sud-charente\/agenda\/rencontre-oecumenique\/\",\"url\":\"https:\/\/charente.catholique.fr\/sud-charente\/agenda\/rencontre-oecumenique\/\",\"name\":\"Rencontre oecum\u00e9nique - Doyenn\u00e9 Sud Charente\",\"isPartOf\":{\"@id\":\"https:\/\/charente.catholique.fr\/sud-charente\/#website\"},\"primaryImageOfPage\":{\"@id\":\"https:\/\/charente.catholique.fr\/sud-charente\/agenda\/rencontre-oecumenique\/#primaryimage\"},\"image\":{\"@id\":\"https:\/\/charente.catholique.fr\/sud-charente\/agenda\/rencontre-oecumenique\/#primaryimage\"},\"thumbnailUrl\":\"https:\/\/charente.catholique.fr\/sud-charente\/wp-content\/uploads\/sites\/5\/2021\/02\/IMG_4767-scaled.jpg\",\"datePublished\":\"2021-03-03T21:16:05+00:00\",\"dateModified\":\"2021-03-03T21:16:06+00:00\",\"breadcrumb\":{\"@id\":\"https:\/\/charente.catholique.fr\/sud-charente\/agenda\/rencontre-oecumenique\/#breadcrumb\"},\"inLanguage\":\"fr-FR\",\"potentialAction\":[{\"@type\":\"ReadAction\",\"target\":[\"https:\/\/charente.catholique.fr\/sud-charente\/agenda\/rencontre-oecumenique\/\"]}]},{\"@type\":\"ImageObject\",\"inLanguage\":\"fr-FR\",\"@id\":\"https:\/\/charente.catholique.fr\/sud-charente\/agenda\/rencontre-oecumenique\/#primaryimage\",\"url\":\"https:\/\/charente.catholique.fr\/sud-charente\/wp-content\/uploads\/sites\/5\/2021\/02\/IMG_4767-scaled.jpg\",\"contentUrl\":\"https:\/\/charente.catholique.fr\/sud-charente\/wp-content\/uploads\/sites\/5\/2021\/02\/IMG_4767-scaled.jpg\",\"width\":2560,\"height\":1920},{\"@type\":\"BreadcrumbList\",\"@id\":\"https:\/\/charente.catholique.fr\/sud-charente\/agenda\/rencontre-oecumenique\/#breadcrumb\",\"itemListElement\":[{\"@type\":\"ListItem\",\"position\":1,\"name\":\"Accueil\",\"item\":\"https:\/\/charente.catholique.fr\/sud-charente\/\"},{\"@type\":\"ListItem\",\"position\":2,\"name\":\"Rencontre oecum\u00e9nique\"}]},{\"@type\":\"WebSite\",\"@id\":\"https:\/\/charente.catholique.fr\/sud-charente\/#website\",\"url\":\"https:\/\/charente.catholique.fr\/sud-charente\/\",\"name\":\"Doyenn\u00e9 Sud Charente - Dioc\u00e8se d'Angoul\u00eame\",\"description\":\"Dioc\u00e8se d&#039;Angoul\u00eame\",\"publisher\":{\"@id\":\"https:\/\/charente.catholique.fr\/sud-charente\/#organization\"},\"potentialAction\":[{\"@type\":\"SearchAction\",\"target\":{\"@type\":\"EntryPoint\",\"urlTemplate\":\"https:\/\/charente.catholique.fr\/sud-charente\/?s={search_term_string}\"},\"query-input\":{\"@type\":\"PropertyValueSpecification\",\"valueRequired\":true,\"valueName\":\"search_term_string\"}}],\"inLanguage\":\"fr-FR\"},{\"@type\":\"Organization\",\"@id\":\"https:\/\/charente.catholique.fr\/sud-charente\/#organization\",\"name\":\"Association dioc\u00e9saine d'Angoul\u00eame\",\"url\":\"https:\/\/charente.catholique.fr\/sud-charente\/\",\"logo\":{\"@type\":\"ImageObject\",\"inLanguage\":\"fr-FR\",\"@id\":\"https:\/\/charente.catholique.fr\/sud-charente\/#\/schema\/logo\/image\/\",\"url\":\"https:\/\/charente.catholique.fr\/sud-charente\/wp-content\/uploads\/sites\/5\/2020\/10\/logos.png\",\"contentUrl\":\"https:\/\/charente.catholique.fr\/sud-charente\/wp-content\/uploads\/sites\/5\/2020\/10\/logos.png\",\"width\":600,\"height\":257,\"caption\":\"Association dioc\u00e9saine d'Angoul\u00eame\"},\"image\":{\"@id\":\"https:\/\/charente.catholique.fr\/sud-charente\/#\/schema\/logo\/image\/\"},\"sameAs\":[\"https:\/\/www.facebook.com\/EgliseCatholiqueCharente\",\"https:\/\/x.com\/diocesecharente\",\"https:\/\/www.instagram.com\/eglisecharente\",\"https:\/\/www.youtube.com\/channel\/UCByyFWApZbw3gDTiADoiAaQ\"]}]}<\/script>\n<!-- \/ Yoast SEO plugin. -->","yoast_head_json":{"title":"Rencontre oecum\u00e9nique - Doyenn\u00e9 Sud Charente","robots":{"index":"index","follow":"follow","max-snippet":"max-snippet:-1","max-image-preview":"max-image-preview:large","max-video-preview":"max-video-preview:-1"},"canonical":"https:\/\/charente.catholique.fr\/sud-charente\/agenda\/rencontre-oecumenique\/","og_locale":"fr_FR","og_type":"article","og_title":"Rencontre oecum\u00e9nique - Doyenn\u00e9 Sud Charente","og_description":"Ce vendredi 5 mars \u00e0 14 H 30 en l&#8217;\u00e9glise St Martial, nous aurons la joie de partager les textes de dimanche prochain \u00e0 savoir : Lettre de St Paul aux Corinthiens : Co 1,22-25 Evangile selon St Jean&nbsp; Jn 2, 13-25&nbsp;&nbsp; Nous proposons aussi une premi\u00e8re synth\u00e8se de la visite de Mg Gosselin .","og_url":"https:\/\/charente.catholique.fr\/sud-charente\/agenda\/rencontre-oecumenique\/","og_site_name":"Doyenn\u00e9 Sud Charente","article_publisher":"https:\/\/www.facebook.com\/EgliseCatholiqueCharente","article_modified_time":"2021-03-03T21:16:06+00:00","og_image":[{"width":2560,"height":1920,"url":"https:\/\/charente.catholique.fr\/sud-charente\/wp-content\/uploads\/sites\/5\/2021\/02\/IMG_4767-scaled.jpg","type":"image\/jpeg"}],"twitter_card":"summary_large_image","twitter_site":"@diocesecharente","twitter_misc":{"Dur\u00e9e de lecture estim\u00e9e":"1 minute"},"schema":{"@context":"https:\/\/schema.org","@graph":[{"@type":"WebPage","@id":"https:\/\/charente.catholique.fr\/sud-charente\/agenda\/rencontre-oecumenique\/","url":"https:\/\/charente.catholique.fr\/sud-charente\/agenda\/rencontre-oecumenique\/","name":"Rencontre oecum\u00e9nique - Doyenn\u00e9 Sud Charente","isPartOf":{"@id":"https:\/\/charente.catholique.fr\/sud-charente\/#website"},"primaryImageOfPage":{"@id":"https:\/\/charente.catholique.fr\/sud-charente\/agenda\/rencontre-oecumenique\/#primaryimage"},"image":{"@id":"https:\/\/charente.catholique.fr\/sud-charente\/agenda\/rencontre-oecumenique\/#primaryimage"},"thumbnailUrl":"https:\/\/charente.catholique.fr\/sud-charente\/wp-content\/uploads\/sites\/5\/2021\/02\/IMG_4767-scaled.jpg","datePublished":"2021-03-03T21:16:05+00:00","dateModified":"2021-03-03T21:16:06+00:00","breadcrumb":{"@id":"https:\/\/charente.catholique.fr\/sud-charente\/agenda\/rencontre-oecumenique\/#breadcrumb"},"inLanguage":"fr-FR","potentialAction":[{"@type":"ReadAction","target":["https:\/\/charente.catholique.fr\/sud-charente\/agenda\/rencontre-oecumenique\/"]}]},{"@type":"ImageObject","inLanguage":"fr-FR","@id":"https:\/\/charente.catholique.fr\/sud-charente\/agenda\/rencontre-oecumenique\/#primaryimage","url":"https:\/\/charente.catholique.fr\/sud-charente\/wp-content\/uploads\/sites\/5\/2021\/02\/IMG_4767-scaled.jpg","contentUrl":"https:\/\/charente.catholique.fr\/sud-charente\/wp-content\/uploads\/sites\/5\/2021\/02\/IMG_4767-scaled.jpg","width":2560,"height":1920},{"@type":"BreadcrumbList","@id":"https:\/\/charente.catholique.fr\/sud-charente\/agenda\/rencontre-oecumenique\/#breadcrumb","itemListElement":[{"@type":"ListItem","position":1,"name":"Accueil","item":"https:\/\/charente.catholique.fr\/sud-charente\/"},{"@type":"ListItem","position":2,"name":"Rencontre oecum\u00e9nique"}]},{"@type":"WebSite","@id":"https:\/\/charente.catholique.fr\/sud-charente\/#website","url":"https:\/\/charente.catholique.fr\/sud-charente\/","name":"Doyenn\u00e9 Sud Charente - Dioc\u00e8se d'Angoul\u00eame","description":"Dioc\u00e8se d&#039;Angoul\u00eame","publisher":{"@id":"https:\/\/charente.catholique.fr\/sud-charente\/#organization"},"potentialAction":[{"@type":"SearchAction","target":{"@type":"EntryPoint","urlTemplate":"https:\/\/charente.catholique.fr\/sud-charente\/?s={search_term_string}"},"query-input":{"@type":"PropertyValueSpecification","valueRequired":true,"valueName":"search_term_string"}}],"inLanguage":"fr-FR"},{"@type":"Organization","@id":"https:\/\/charente.catholique.fr\/sud-charente\/#organization","name":"Association dioc\u00e9saine d'Angoul\u00eame","url":"https:\/\/charente.catholique.fr\/sud-charente\/","logo":{"@type":"ImageObject","inLanguage":"fr-FR","@id":"https:\/\/charente.catholique.fr\/sud-charente\/#\/schema\/logo\/image\/","url":"https:\/\/charente.catholique.fr\/sud-charente\/wp-content\/uploads\/sites\/5\/2020\/10\/logos.png","contentUrl":"https:\/\/charente.catholique.fr\/sud-charente\/wp-content\/uploads\/sites\/5\/2020\/10\/logos.png","width":600,"height":257,"caption":"Association dioc\u00e9saine d'Angoul\u00eame"},"image":{"@id":"https:\/\/charente.catholique.fr\/sud-charente\/#\/schema\/logo\/image\/"},"sameAs":["https:\/\/www.facebook.com\/EgliseCatholiqueCharente","https:\/\/x.com\/diocesecharente","https:\/\/www.instagram.com\/eglisecharente","https:\/\/www.youtube.com\/channel\/UCByyFWApZbw3gDTiADoiAaQ"]}]}},"_links":{"self":[{"href":"https:\/\/charente.catholique.fr\/sud-charente\/wp-json\/wp\/v2\/evenement\/1564","targetHints":{"allow":["GET"]}}],"collection":[{"href":"https:\/\/charente.catholique.fr\/sud-charente\/wp-json\/wp\/v2\/evenement"}],"about":[{"href":"https:\/\/charente.catholique.fr\/sud-charente\/wp-json\/wp\/v2\/types\/evenement"}],"author":[{"embeddable":true,"href":"https:\/\/charente.catholique.fr\/sud-charente\/wp-json\/wp\/v2\/users\/4"}],"version-history":[{"count":0,"href":"https:\/\/charente.catholique.fr\/sud-charente\/wp-json\/wp\/v2\/evenement\/1564\/revisions"}],"wp:featuredmedia":[{"embeddable":true,"href":"https:\/\/charente.catholique.fr\/sud-charente\/wp-json\/wp\/v2\/media\/1434"}],"wp:attachment":[{"href":"https:\/\/charente.catholique.fr\/sud-charente\/wp-json\/wp\/v2\/media?parent=1564"}],"wp:term":[{"taxonomy":"category","embeddable":true,"href":"https:\/\/charente.catholique.fr\/sud-charente\/wp-json\/wp\/v2\/categories?post=1564"},{"taxonomy":"post_tag","embeddable":true,"href":"https:\/\/charente.catholique.fr\/sud-charente\/wp-json\/wp\/v2\/tags?post=1564"}],"curies":[{"name":"wp","href":"https:\/\/api.w.org\/{rel}","templated":true}]}}

Rencontre oecuménique

<p>Ce vendredi 5 mars à 14 H 30 en l&#8217;église St Martial, nous aurons la joie de partager les textes de dimanche prochain à savoir :</p>



<p>Lettre de St Paul aux Corinthiens : Co 1,22-25</p>



<p>Evangile selon St Jean&nbsp; Jn 2, 13-25&nbsp;&nbsp;</p>



<p>Nous proposons aussi une première synthèse de la visite de Mg Gosselin .</p>


<a href="https://charente.catholique.fr/sud-charente/wp-content/uploads/sites/5/2021/03/rencontre-oecumenique-du-5-mars-2021.pdf" class="pdfemb-viewer" style="" data-width="max" data-height="max" data-toolbar="bottom" data-toolbar-fixed="off">rencontre-oecumenique-du-5-mars-2021</a>
<p class="wp-block-pdfemb-pdf-embedder-viewer"></p>

Eglise Saint-Martial, Rue du Château, Chalais, France

Rue du Château

<!-- This site is optimized with the Yoast SEO plugin v27.1.1 - https://yoast.com/product/yoast-seo-wordpress/ -->
<title>Rencontre oecuménique - Doyenné Sud Charente</title>
<meta name="robots" content="index, follow, max-snippet:-1, max-image-preview:large, max-video-preview:-1" />
<link rel="canonical" href="https://charente.catholique.fr/sud-charente/agenda/rencontre-oecumenique/" />
<meta property="og:locale" content="fr_FR" />
<meta property="og:type" content="article" />
<meta property="og:title" content="Rencontre oecuménique - Doyenné Sud Charente" />
<meta property="og:description" content="Ce vendredi 5 mars à 14 H 30 en l&#8217;église St Martial, nous aurons la joie de partager les textes de dimanche prochain à savoir : Lettre de St Paul aux Corinthiens : Co 1,22-25 Evangile selon St Jean&nbsp; Jn 2, 13-25&nbsp;&nbsp; Nous proposons aussi une première synthèse de la visite de Mg Gosselin ." />
<meta property="og:url" content="https://charente.catholique.fr/sud-charente/agenda/rencontre-oecumenique/" />
<meta property="og:site_name" content="Doyenné Sud Charente" />
<meta property="article:publisher" content="https://www.facebook.com/EgliseCatholiqueCharente" />
<meta property="article:modified_time" content="2021-03-03T21:16:06+00:00" />
<meta property="og:image" content="https://charente.catholique.fr/sud-charente/wp-content/uploads/sites/5/2021/02/IMG_4767-scaled.jpg" />
	<meta property="og:image:width" content="2560" />
	<meta property="og:image:height" content="1920" />
	<meta property="og:image:type" content="image/jpeg" />
<meta name="twitter:card" content="summary_large_image" />
<meta name="twitter:site" content="@diocesecharente" />
<meta name="twitter:label1" content="Durée de lecture estimée" />
	<meta name="twitter:data1" content="1 minute" />
<script type="application/ld+json" class="yoast-schema-graph">{"@context":"https://schema.org","@graph":[{"@type":"WebPage","@id":"https://charente.catholique.fr/sud-charente/agenda/rencontre-oecumenique/","url":"https://charente.catholique.fr/sud-charente/agenda/rencontre-oecumenique/","name":"Rencontre oecuménique - Doyenné Sud Charente","isPartOf":{"@id":"https://charente.catholique.fr/sud-charente/#website"},"primaryImageOfPage":{"@id":"https://charente.catholique.fr/sud-charente/agenda/rencontre-oecumenique/#primaryimage"},"image":{"@id":"https://charente.catholique.fr/sud-charente/agenda/rencontre-oecumenique/#primaryimage"},"thumbnailUrl":"https://charente.catholique.fr/sud-charente/wp-content/uploads/sites/5/2021/02/IMG_4767-scaled.jpg","datePublished":"2021-03-03T21:16:05+00:00","dateModified":"2021-03-03T21:16:06+00:00","breadcrumb":{"@id":"https://charente.catholique.fr/sud-charente/agenda/rencontre-oecumenique/#breadcrumb"},"inLanguage":"fr-FR","potentialAction":[{"@type":"ReadAction","target":["https://charente.catholique.fr/sud-charente/agenda/rencontre-oecumenique/"]}]},{"@type":"ImageObject","inLanguage":"fr-FR","@id":"https://charente.catholique.fr/sud-charente/agenda/rencontre-oecumenique/#primaryimage","url":"https://charente.catholique.fr/sud-charente/wp-content/uploads/sites/5/2021/02/IMG_4767-scaled.jpg","contentUrl":"https://charente.catholique.fr/sud-charente/wp-content/uploads/sites/5/2021/02/IMG_4767-scaled.jpg","width":2560,"height":1920},{"@type":"BreadcrumbList","@id":"https://charente.catholique.fr/sud-charente/agenda/rencontre-oecumenique/#breadcrumb","itemListElement":[{"@type":"ListItem","position":1,"name":"Accueil","item":"https://charente.catholique.fr/sud-charente/"},{"@type":"ListItem","position":2,"name":"Rencontre oecuménique"}]},{"@type":"WebSite","@id":"https://charente.catholique.fr/sud-charente/#website","url":"https://charente.catholique.fr/sud-charente/","name":"Doyenné Sud Charente - Diocèse d'Angoulême","description":"Diocèse d&#039;Angoulême","publisher":{"@id":"https://charente.catholique.fr/sud-charente/#organization"},"potentialAction":[{"@type":"SearchAction","target":{"@type":"EntryPoint","urlTemplate":"https://charente.catholique.fr/sud-charente/?s={search_term_string}"},"query-input":{"@type":"PropertyValueSpecification","valueRequired":true,"valueName":"search_term_string"}}],"inLanguage":"fr-FR"},{"@type":"Organization","@id":"https://charente.catholique.fr/sud-charente/#organization","name":"Association diocésaine d'Angoulême","url":"https://charente.catholique.fr/sud-charente/","logo":{"@type":"ImageObject","inLanguage":"fr-FR","@id":"https://charente.catholique.fr/sud-charente/#/schema/logo/image/","url":"https://charente.catholique.fr/sud-charente/wp-content/uploads/sites/5/2020/10/logos.png","contentUrl":"https://charente.catholique.fr/sud-charente/wp-content/uploads/sites/5/2020/10/logos.png","width":600,"height":257,"caption":"Association diocésaine d'Angoulême"},"image":{"@id":"https://charente.catholique.fr/sud-charente/#/schema/logo/image/"},"sameAs":["https://www.facebook.com/EgliseCatholiqueCharente","https://x.com/diocesecharente","https://www.instagram.com/eglisecharente","https://www.youtube.com/channel/UCByyFWApZbw3gDTiADoiAaQ"]}]}</script>
<!-- / Yoast SEO plugin. -->

Rencontre oecuménique - Doyenné Sud Charente

Ce vendredi 5 mars à 14 H 30 en l&#8217;église St Martial, nous aurons la joie de partager les textes de dimanche prochain à savoir : Lettre de St Paul aux Corinthiens : Co 1,22-25 Evangile selon St Jean&nbsp; Jn 2, 13-25&nbsp;&nbsp; Nous proposons aussi une première synthèse de la visite de Mg Gosselin .

Doyenné Sud Charente

Doyenné Sud Charente - Diocèse d'Angoulême

Diocèse d&#039;Angoulême

Association diocésaine d'Angoulême
