{"version":"1.0","provider_name":"Doyenn\u00e9 Sud Charente","provider_url":"https:\/\/charente.catholique.fr\/sud-charente","author_name":"Beno\u00eet","author_url":"https:\/\/charente.catholique.fr\/sud-charente\/author\/benoitlecomte\/","title":"Visite pastorale \u00e0 Barbezieux - Baignes - Barret - Doyenn\u00e9 Sud Charente","type":"rich","width":600,"height":338,"html":"<blockquote class=\"wp-embedded-content\" data-secret=\"ZXGpycJAxq\"><a href=\"https:\/\/charente.catholique.fr\/sud-charente\/agenda\/visite-pastorale-a-barbezieux-baignes-barret\/\">Visite pastorale \u00e0 Barbezieux &#8211; Baignes &#8211; Barret<\/a><\/blockquote><iframe sandbox=\"allow-scripts\" security=\"restricted\" src=\"https:\/\/charente.catholique.fr\/sud-charente\/agenda\/visite-pastorale-a-barbezieux-baignes-barret\/embed\/#?secret=ZXGpycJAxq\" width=\"600\" height=\"338\" title=\"\u00ab\u00a0Visite pastorale \u00e0 Barbezieux &#8211; Baignes &#8211; Barret\u00a0\u00bb &#8212; Doyenn\u00e9 Sud Charente\" data-secret=\"ZXGpycJAxq\" frameborder=\"0\" marginwidth=\"0\" marginheight=\"0\" scrolling=\"no\" class=\"wp-embedded-content\"><\/iframe><script type=\"text\/javascript\">\n\/* <![CDATA[ *\/\n\/*! This file is auto-generated *\/\n!function(d,l){\"use strict\";l.querySelector&&d.addEventListener&&\"undefined\"!=typeof URL&&(d.wp=d.wp||{},d.wp.receiveEmbedMessage||(d.wp.receiveEmbedMessage=function(e){var t=e.data;if((t||t.secret||t.message||t.value)&&!\/[^a-zA-Z0-9]\/.test(t.secret)){for(var s,r,n,a=l.querySelectorAll('iframe[data-secret=\"'+t.secret+'\"]'),o=l.querySelectorAll('blockquote[data-secret=\"'+t.secret+'\"]'),c=new RegExp(\"^https?:$\",\"i\"),i=0;i<o.length;i++)o[i].style.display=\"none\";for(i=0;i<a.length;i++)s=a[i],e.source===s.contentWindow&&(s.removeAttribute(\"style\"),\"height\"===t.message?(1e3<(r=parseInt(t.value,10))?r=1e3:~~r<200&&(r=200),s.height=r):\"link\"===t.message&&(r=new URL(s.getAttribute(\"src\")),n=new URL(t.value),c.test(n.protocol))&&n.host===r.host&&l.activeElement===s&&(d.top.location.href=t.value))}},d.addEventListener(\"message\",d.wp.receiveEmbedMessage,!1),l.addEventListener(\"DOMContentLoaded\",function(){for(var e,t,s=l.querySelectorAll(\"iframe.wp-embedded-content\"),r=0;r<s.length;r++)(t=(e=s[r]).getAttribute(\"data-secret\"))||(t=Math.random().toString(36).substring(2,12),e.src+=\"#?secret=\"+t,e.setAttribute(\"data-secret\",t)),e.contentWindow.postMessage({message:\"ready\",secret:t},\"*\")},!1)))}(window,document);\n\/\/# sourceURL=https:\/\/charente.catholique.fr\/sud-charente\/wp-includes\/js\/wp-embed.min.js\n\/* ]]> *\/\n<\/script>\n","thumbnail_url":"https:\/\/charente.catholique.fr\/sud-charente\/wp-content\/uploads\/sites\/5\/2025\/03\/art-1-p1230145-1440x1080.jpg","thumbnail_width":1440,"thumbnail_height":1080,"description":"Du 27 au 30 mars, Mgr Gosselin viendra visiter la paroisse et rencontrer les paroissiens. Qu\u2019est-ce qu\u2019une visite pastorale ? Ce sont des journ\u00e9es durant lesquelles l\u2019\u00e9v\u00eaque visite son dioc\u00e8se. C\u2019est l\u2019occasion, pour chaque \u00e9v\u00eaque, de maintenir un contact avec les membres du peuple de Dieu. Elles ne concernent pas uniquement les catholiques, l&#8217;\u00c9glise \u00e9tant [&hellip;]"}

Doyenné Sud Charente

Benoît

Visite pastorale à Barbezieux - Baignes - Barret - Doyenné Sud Charente

<blockquote class="wp-embedded-content" data-secret="ZXGpycJAxq"><a href="https://charente.catholique.fr/sud-charente/agenda/visite-pastorale-a-barbezieux-baignes-barret/">Visite pastorale à Barbezieux &#8211; Baignes &#8211; Barret</a></blockquote><iframe sandbox="allow-scripts" security="restricted" src="https://charente.catholique.fr/sud-charente/agenda/visite-pastorale-a-barbezieux-baignes-barret/embed/#?secret=ZXGpycJAxq" width="600" height="338" title="« Visite pastorale à Barbezieux &#8211; Baignes &#8211; Barret » &#8212; Doyenné Sud Charente" data-secret="ZXGpycJAxq" frameborder="0" marginwidth="0" marginheight="0" scrolling="no" class="wp-embedded-content"></iframe><script type="text/javascript">
/* <![CDATA[ */
/*! This file is auto-generated */
!function(d,l){"use strict";l.querySelector&&d.addEventListener&&"undefined"!=typeof URL&&(d.wp=d.wp||{},d.wp.receiveEmbedMessage||(d.wp.receiveEmbedMessage=function(e){var t=e.data;if((t||t.secret||t.message||t.value)&&!/[^a-zA-Z0-9]/.test(t.secret)){for(var s,r,n,a=l.querySelectorAll('iframe[data-secret="'+t.secret+'"]'),o=l.querySelectorAll('blockquote[data-secret="'+t.secret+'"]'),c=new RegExp("^https?:$","i"),i=0;i<o.length;i++)o[i].style.display="none";for(i=0;i<a.length;i++)s=a[i],e.source===s.contentWindow&&(s.removeAttribute("style"),"height"===t.message?(1e3<(r=parseInt(t.value,10))?r=1e3:~~r<200&&(r=200),s.height=r):"link"===t.message&&(r=new URL(s.getAttribute("src")),n=new URL(t.value),c.test(n.protocol))&&n.host===r.host&&l.activeElement===s&&(d.top.location.href=t.value))}},d.addEventListener("message",d.wp.receiveEmbedMessage,!1),l.addEventListener("DOMContentLoaded",function(){for(var e,t,s=l.querySelectorAll("iframe.wp-embedded-content"),r=0;r<s.length;r++)(t=(e=s[r]).getAttribute("data-secret"))||(t=Math.random().toString(36).substring(2,12),e.src+="#?secret="+t,e.setAttribute("data-secret",t)),e.contentWindow.postMessage({message:"ready",secret:t},"*")},!1)))}(window,document);
//# sourceURL=https://charente.catholique.fr/sud-charente/wp-includes/js/wp-embed.min.js
/* ]]> */
</script>

Du 27 au 30 mars, Mgr Gosselin viendra visiter la paroisse et rencontrer les paroissiens. Qu’est-ce qu’une visite pastorale ? Ce sont des journées durant lesquelles l’évêque visite son diocèse. C’est l’occasion, pour chaque évêque, de maintenir un contact avec les membres du peuple de Dieu. Elles ne concernent pas uniquement les catholiques, l&#8217;Église étant [&hellip;]
