{"version":"1.0","provider_name":"Doyenn\u00e9 Sud Charente","provider_url":"https:\/\/charente.catholique.fr\/sud-charente","author_name":"fredericcussac","author_url":"https:\/\/charente.catholique.fr\/sud-charente\/author\/fredericcussac\/","title":"Cr\u00e8che g\u00e9ante \u00e0 Montmoreau - Doyenn\u00e9 Sud Charente","type":"rich","width":600,"height":338,"html":"<blockquote class=\"wp-embedded-content\" data-secret=\"5V2qTayVKW\"><a href=\"https:\/\/charente.catholique.fr\/sud-charente\/agenda\/creche-geante-montmoreau\/\">Cr\u00e8che g\u00e9ante \u00e0 Montmoreau<\/a><\/blockquote><iframe sandbox=\"allow-scripts\" security=\"restricted\" src=\"https:\/\/charente.catholique.fr\/sud-charente\/agenda\/creche-geante-montmoreau\/embed\/#?secret=5V2qTayVKW\" width=\"600\" height=\"338\" title=\"\u00ab\u00a0Cr\u00e8che g\u00e9ante \u00e0 Montmoreau\u00a0\u00bb &#8212; Doyenn\u00e9 Sud Charente\" data-secret=\"5V2qTayVKW\" frameborder=\"0\" marginwidth=\"0\" marginheight=\"0\" scrolling=\"no\" class=\"wp-embedded-content\"><\/iframe><script type=\"text\/javascript\">\n\/* <![CDATA[ *\/\n\/*! This file is auto-generated *\/\n!function(d,l){\"use strict\";l.querySelector&&d.addEventListener&&\"undefined\"!=typeof URL&&(d.wp=d.wp||{},d.wp.receiveEmbedMessage||(d.wp.receiveEmbedMessage=function(e){var t=e.data;if((t||t.secret||t.message||t.value)&&!\/[^a-zA-Z0-9]\/.test(t.secret)){for(var s,r,n,a=l.querySelectorAll('iframe[data-secret=\"'+t.secret+'\"]'),o=l.querySelectorAll('blockquote[data-secret=\"'+t.secret+'\"]'),c=new RegExp(\"^https?:$\",\"i\"),i=0;i<o.length;i++)o[i].style.display=\"none\";for(i=0;i<a.length;i++)s=a[i],e.source===s.contentWindow&&(s.removeAttribute(\"style\"),\"height\"===t.message?(1e3<(r=parseInt(t.value,10))?r=1e3:~~r<200&&(r=200),s.height=r):\"link\"===t.message&&(r=new URL(s.getAttribute(\"src\")),n=new URL(t.value),c.test(n.protocol))&&n.host===r.host&&l.activeElement===s&&(d.top.location.href=t.value))}},d.addEventListener(\"message\",d.wp.receiveEmbedMessage,!1),l.addEventListener(\"DOMContentLoaded\",function(){for(var e,t,s=l.querySelectorAll(\"iframe.wp-embedded-content\"),r=0;r<s.length;r++)(t=(e=s[r]).getAttribute(\"data-secret\"))||(t=Math.random().toString(36).substring(2,12),e.src+=\"#?secret=\"+t,e.setAttribute(\"data-secret\",t)),e.contentWindow.postMessage({message:\"ready\",secret:t},\"*\")},!1)))}(window,document);\n\/\/# sourceURL=https:\/\/charente.catholique.fr\/sud-charente\/wp-includes\/js\/wp-embed.min.js\n\/* ]]> *\/\n<\/script>\n","thumbnail_url":"https:\/\/charente.catholique.fr\/sud-charente\/wp-content\/uploads\/sites\/5\/2023\/12\/22.jpg","thumbnail_width":1920,"thumbnail_height":1440,"description":"On peut assister \u00e0 la naissance en direct de J\u00e9sus dans la cr\u00e8che g\u00e9ante de Montmoreau \u00e0 l&#8217;occasion de la messe de la nativit\u00e9 \u00e0 18h00. Conte par les enfants avant la messe. Pour en savoir plus sur cette cr\u00eache \u00e9tonnante \u00e0 la fois par le nombre de personnes qui y ont particip\u00e9, et par [&hellip;]"}

Doyenné Sud Charente

Crèche géante à Montmoreau - Doyenné Sud Charente

<blockquote class="wp-embedded-content" data-secret="5V2qTayVKW"><a href="https://charente.catholique.fr/sud-charente/agenda/creche-geante-montmoreau/">Crèche géante à Montmoreau</a></blockquote><iframe sandbox="allow-scripts" security="restricted" src="https://charente.catholique.fr/sud-charente/agenda/creche-geante-montmoreau/embed/#?secret=5V2qTayVKW" width="600" height="338" title="« Crèche géante à Montmoreau » &#8212; Doyenné Sud Charente" data-secret="5V2qTayVKW" frameborder="0" marginwidth="0" marginheight="0" scrolling="no" class="wp-embedded-content"></iframe><script type="text/javascript">
/* <![CDATA[ */
/*! This file is auto-generated */
!function(d,l){"use strict";l.querySelector&&d.addEventListener&&"undefined"!=typeof URL&&(d.wp=d.wp||{},d.wp.receiveEmbedMessage||(d.wp.receiveEmbedMessage=function(e){var t=e.data;if((t||t.secret||t.message||t.value)&&!/[^a-zA-Z0-9]/.test(t.secret)){for(var s,r,n,a=l.querySelectorAll('iframe[data-secret="'+t.secret+'"]'),o=l.querySelectorAll('blockquote[data-secret="'+t.secret+'"]'),c=new RegExp("^https?:$","i"),i=0;i<o.length;i++)o[i].style.display="none";for(i=0;i<a.length;i++)s=a[i],e.source===s.contentWindow&&(s.removeAttribute("style"),"height"===t.message?(1e3<(r=parseInt(t.value,10))?r=1e3:~~r<200&&(r=200),s.height=r):"link"===t.message&&(r=new URL(s.getAttribute("src")),n=new URL(t.value),c.test(n.protocol))&&n.host===r.host&&l.activeElement===s&&(d.top.location.href=t.value))}},d.addEventListener("message",d.wp.receiveEmbedMessage,!1),l.addEventListener("DOMContentLoaded",function(){for(var e,t,s=l.querySelectorAll("iframe.wp-embedded-content"),r=0;r<s.length;r++)(t=(e=s[r]).getAttribute("data-secret"))||(t=Math.random().toString(36).substring(2,12),e.src+="#?secret="+t,e.setAttribute("data-secret",t)),e.contentWindow.postMessage({message:"ready",secret:t},"*")},!1)))}(window,document);
//# sourceURL=https://charente.catholique.fr/sud-charente/wp-includes/js/wp-embed.min.js
/* ]]> */
</script>

On peut assister à la naissance en direct de Jésus dans la crèche géante de Montmoreau à l&#8217;occasion de la messe de la nativité à 18h00. Conte par les enfants avant la messe. Pour en savoir plus sur cette crêche étonnante à la fois par le nombre de personnes qui y ont participé, et par [&hellip;]
