{"version":"1.0","provider_name":"Doyenn\u00e9 Sud Charente","provider_url":"https:\/\/charente.catholique.fr\/sud-charente","author_name":"Beno\u00eet","author_url":"https:\/\/charente.catholique.fr\/sud-charente\/author\/benoitlecomte\/","title":"Balade familiale priante de car\u00eame au T\u00e2tre - Doyenn\u00e9 Sud Charente","type":"rich","width":600,"height":338,"html":"<blockquote class=\"wp-embedded-content\" data-secret=\"j3vndV2c38\"><a href=\"https:\/\/charente.catholique.fr\/sud-charente\/agenda\/balade-familiale-priante-de-careme-au-tatre\/\">Balade familiale priante de car\u00eame au T\u00e2tre<\/a><\/blockquote><iframe sandbox=\"allow-scripts\" security=\"restricted\" src=\"https:\/\/charente.catholique.fr\/sud-charente\/agenda\/balade-familiale-priante-de-careme-au-tatre\/embed\/#?secret=j3vndV2c38\" width=\"600\" height=\"338\" title=\"\u00ab\u00a0Balade familiale priante de car\u00eame au T\u00e2tre\u00a0\u00bb &#8212; Doyenn\u00e9 Sud Charente\" data-secret=\"j3vndV2c38\" frameborder=\"0\" marginwidth=\"0\" marginheight=\"0\" scrolling=\"no\" class=\"wp-embedded-content\"><\/iframe><script type=\"text\/javascript\">\n\/* <![CDATA[ *\/\n\/*! This file is auto-generated *\/\n!function(d,l){\"use strict\";l.querySelector&&d.addEventListener&&\"undefined\"!=typeof URL&&(d.wp=d.wp||{},d.wp.receiveEmbedMessage||(d.wp.receiveEmbedMessage=function(e){var t=e.data;if((t||t.secret||t.message||t.value)&&!\/[^a-zA-Z0-9]\/.test(t.secret)){for(var s,r,n,a=l.querySelectorAll('iframe[data-secret=\"'+t.secret+'\"]'),o=l.querySelectorAll('blockquote[data-secret=\"'+t.secret+'\"]'),c=new RegExp(\"^https?:$\",\"i\"),i=0;i<o.length;i++)o[i].style.display=\"none\";for(i=0;i<a.length;i++)s=a[i],e.source===s.contentWindow&&(s.removeAttribute(\"style\"),\"height\"===t.message?(1e3<(r=parseInt(t.value,10))?r=1e3:~~r<200&&(r=200),s.height=r):\"link\"===t.message&&(r=new URL(s.getAttribute(\"src\")),n=new URL(t.value),c.test(n.protocol))&&n.host===r.host&&l.activeElement===s&&(d.top.location.href=t.value))}},d.addEventListener(\"message\",d.wp.receiveEmbedMessage,!1),l.addEventListener(\"DOMContentLoaded\",function(){for(var e,t,s=l.querySelectorAll(\"iframe.wp-embedded-content\"),r=0;r<s.length;r++)(t=(e=s[r]).getAttribute(\"data-secret\"))||(t=Math.random().toString(36).substring(2,12),e.src+=\"#?secret=\"+t,e.setAttribute(\"data-secret\",t)),e.contentWindow.postMessage({message:\"ready\",secret:t},\"*\")},!1)))}(window,document);\n\/\/# sourceURL=https:\/\/charente.catholique.fr\/sud-charente\/wp-includes\/js\/wp-embed.min.js\n\/* ]]> *\/\n<\/script>\n","thumbnail_url":"https:\/\/charente.catholique.fr\/sud-charente\/wp-content\/uploads\/sites\/5\/2024\/03\/family-942970_1280.jpg","thumbnail_width":1280,"thumbnail_height":853,"description":"Dimanche 24 mars, allons en famille et en paroisse nous promener du c\u00f4t\u00e9 du T\u00e2tre Une balade familiale priante, c&#8217;est une promenade courte, sans difficult\u00e9, au cours de laquelle on prend le temps de se rencontrer, de discuter, o\u00f9 on peut marcher en silence \u00e0 un moment, o\u00f9 on chante. Un texte d&#8217;\u00e9vangile et un [&hellip;]"}

Doyenné Sud Charente

Benoît

Balade familiale priante de carême au Tâtre - Doyenné Sud Charente

<blockquote class="wp-embedded-content" data-secret="j3vndV2c38"><a href="https://charente.catholique.fr/sud-charente/agenda/balade-familiale-priante-de-careme-au-tatre/">Balade familiale priante de carême au Tâtre</a></blockquote><iframe sandbox="allow-scripts" security="restricted" src="https://charente.catholique.fr/sud-charente/agenda/balade-familiale-priante-de-careme-au-tatre/embed/#?secret=j3vndV2c38" width="600" height="338" title="« Balade familiale priante de carême au Tâtre » &#8212; Doyenné Sud Charente" data-secret="j3vndV2c38" frameborder="0" marginwidth="0" marginheight="0" scrolling="no" class="wp-embedded-content"></iframe><script type="text/javascript">
/* <![CDATA[ */
/*! This file is auto-generated */
!function(d,l){"use strict";l.querySelector&&d.addEventListener&&"undefined"!=typeof URL&&(d.wp=d.wp||{},d.wp.receiveEmbedMessage||(d.wp.receiveEmbedMessage=function(e){var t=e.data;if((t||t.secret||t.message||t.value)&&!/[^a-zA-Z0-9]/.test(t.secret)){for(var s,r,n,a=l.querySelectorAll('iframe[data-secret="'+t.secret+'"]'),o=l.querySelectorAll('blockquote[data-secret="'+t.secret+'"]'),c=new RegExp("^https?:$","i"),i=0;i<o.length;i++)o[i].style.display="none";for(i=0;i<a.length;i++)s=a[i],e.source===s.contentWindow&&(s.removeAttribute("style"),"height"===t.message?(1e3<(r=parseInt(t.value,10))?r=1e3:~~r<200&&(r=200),s.height=r):"link"===t.message&&(r=new URL(s.getAttribute("src")),n=new URL(t.value),c.test(n.protocol))&&n.host===r.host&&l.activeElement===s&&(d.top.location.href=t.value))}},d.addEventListener("message",d.wp.receiveEmbedMessage,!1),l.addEventListener("DOMContentLoaded",function(){for(var e,t,s=l.querySelectorAll("iframe.wp-embedded-content"),r=0;r<s.length;r++)(t=(e=s[r]).getAttribute("data-secret"))||(t=Math.random().toString(36).substring(2,12),e.src+="#?secret="+t,e.setAttribute("data-secret",t)),e.contentWindow.postMessage({message:"ready",secret:t},"*")},!1)))}(window,document);
//# sourceURL=https://charente.catholique.fr/sud-charente/wp-includes/js/wp-embed.min.js
/* ]]> */
</script>

Dimanche 24 mars, allons en famille et en paroisse nous promener du côté du Tâtre Une balade familiale priante, c&#8217;est une promenade courte, sans difficulté, au cours de laquelle on prend le temps de se rencontrer, de discuter, où on peut marcher en silence à un moment, où on chante. Un texte d&#8217;évangile et un [&hellip;]
