{"version":"1.0","provider_name":"Doyenn\u00e9 Sud Charente","provider_url":"https:\/\/charente.catholique.fr\/sud-charente","author_name":"Beno\u00eet","author_url":"https:\/\/charente.catholique.fr\/sud-charente\/author\/benoitlecomte\/","title":"Assembl\u00e9e de la Communaut\u00e9 Locale de Blanzac - Doyenn\u00e9 Sud Charente","type":"rich","width":600,"height":338,"html":"<blockquote class=\"wp-embedded-content\" data-secret=\"bunEEJdcay\"><a href=\"https:\/\/charente.catholique.fr\/sud-charente\/agenda\/assemblee-de-la-communaute-locale-a-blanzac\/\">Assembl\u00e9e de la Communaut\u00e9 Locale de Blanzac<\/a><\/blockquote><iframe sandbox=\"allow-scripts\" security=\"restricted\" src=\"https:\/\/charente.catholique.fr\/sud-charente\/agenda\/assemblee-de-la-communaute-locale-a-blanzac\/embed\/#?secret=bunEEJdcay\" width=\"600\" height=\"338\" title=\"\u00ab\u00a0Assembl\u00e9e de la Communaut\u00e9 Locale de Blanzac\u00a0\u00bb &#8212; Doyenn\u00e9 Sud Charente\" data-secret=\"bunEEJdcay\" frameborder=\"0\" marginwidth=\"0\" marginheight=\"0\" scrolling=\"no\" class=\"wp-embedded-content\"><\/iframe><script type=\"text\/javascript\">\n\/* <![CDATA[ *\/\n\/*! This file is auto-generated *\/\n!function(d,l){\"use strict\";l.querySelector&&d.addEventListener&&\"undefined\"!=typeof URL&&(d.wp=d.wp||{},d.wp.receiveEmbedMessage||(d.wp.receiveEmbedMessage=function(e){var t=e.data;if((t||t.secret||t.message||t.value)&&!\/[^a-zA-Z0-9]\/.test(t.secret)){for(var s,r,n,a=l.querySelectorAll('iframe[data-secret=\"'+t.secret+'\"]'),o=l.querySelectorAll('blockquote[data-secret=\"'+t.secret+'\"]'),c=new RegExp(\"^https?:$\",\"i\"),i=0;i<o.length;i++)o[i].style.display=\"none\";for(i=0;i<a.length;i++)s=a[i],e.source===s.contentWindow&&(s.removeAttribute(\"style\"),\"height\"===t.message?(1e3<(r=parseInt(t.value,10))?r=1e3:~~r<200&&(r=200),s.height=r):\"link\"===t.message&&(r=new URL(s.getAttribute(\"src\")),n=new URL(t.value),c.test(n.protocol))&&n.host===r.host&&l.activeElement===s&&(d.top.location.href=t.value))}},d.addEventListener(\"message\",d.wp.receiveEmbedMessage,!1),l.addEventListener(\"DOMContentLoaded\",function(){for(var e,t,s=l.querySelectorAll(\"iframe.wp-embedded-content\"),r=0;r<s.length;r++)(t=(e=s[r]).getAttribute(\"data-secret\"))||(t=Math.random().toString(36).substring(2,12),e.src+=\"#?secret=\"+t,e.setAttribute(\"data-secret\",t)),e.contentWindow.postMessage({message:\"ready\",secret:t},\"*\")},!1)))}(window,document);\n\/\/# sourceURL=https:\/\/charente.catholique.fr\/sud-charente\/wp-includes\/js\/wp-embed.min.js\n\/* ]]> *\/\n<\/script>\n","thumbnail_url":"https:\/\/charente.catholique.fr\/sud-charente\/wp-content\/uploads\/sites\/5\/2020\/10\/blanzac.jpg","thumbnail_width":275,"thumbnail_height":183,"description":"RENCONTRE REPORTEE POUR CAUSE DE COVID19 La nouvelle paroisse de Blanzac &#8211; Montmoreau &#8211; Villebois doit se constituer progressivement \u00e0 la fois dans l\u2019unit\u00e9 des trois communaut\u00e9s locales et dans l\u2019\u00e9coute et le respect de leurs diff\u00e9rences et de leurs histoires propres. Afin d\u2019\u00eatre \u00e0 l\u2019\u00e9coute de tous, et avant d\u2019\u00e9crire ensemble un \u201d projet [&hellip;]"}

Doyenné Sud Charente

Benoît

Assemblée de la Communauté Locale de Blanzac - Doyenné Sud Charente

<blockquote class="wp-embedded-content" data-secret="bunEEJdcay"><a href="https://charente.catholique.fr/sud-charente/agenda/assemblee-de-la-communaute-locale-a-blanzac/">Assemblée de la Communauté Locale de Blanzac</a></blockquote><iframe sandbox="allow-scripts" security="restricted" src="https://charente.catholique.fr/sud-charente/agenda/assemblee-de-la-communaute-locale-a-blanzac/embed/#?secret=bunEEJdcay" width="600" height="338" title="« Assemblée de la Communauté Locale de Blanzac » &#8212; Doyenné Sud Charente" data-secret="bunEEJdcay" frameborder="0" marginwidth="0" marginheight="0" scrolling="no" class="wp-embedded-content"></iframe><script type="text/javascript">
/* <![CDATA[ */
/*! This file is auto-generated */
!function(d,l){"use strict";l.querySelector&&d.addEventListener&&"undefined"!=typeof URL&&(d.wp=d.wp||{},d.wp.receiveEmbedMessage||(d.wp.receiveEmbedMessage=function(e){var t=e.data;if((t||t.secret||t.message||t.value)&&!/[^a-zA-Z0-9]/.test(t.secret)){for(var s,r,n,a=l.querySelectorAll('iframe[data-secret="'+t.secret+'"]'),o=l.querySelectorAll('blockquote[data-secret="'+t.secret+'"]'),c=new RegExp("^https?:$","i"),i=0;i<o.length;i++)o[i].style.display="none";for(i=0;i<a.length;i++)s=a[i],e.source===s.contentWindow&&(s.removeAttribute("style"),"height"===t.message?(1e3<(r=parseInt(t.value,10))?r=1e3:~~r<200&&(r=200),s.height=r):"link"===t.message&&(r=new URL(s.getAttribute("src")),n=new URL(t.value),c.test(n.protocol))&&n.host===r.host&&l.activeElement===s&&(d.top.location.href=t.value))}},d.addEventListener("message",d.wp.receiveEmbedMessage,!1),l.addEventListener("DOMContentLoaded",function(){for(var e,t,s=l.querySelectorAll("iframe.wp-embedded-content"),r=0;r<s.length;r++)(t=(e=s[r]).getAttribute("data-secret"))||(t=Math.random().toString(36).substring(2,12),e.src+="#?secret="+t,e.setAttribute("data-secret",t)),e.contentWindow.postMessage({message:"ready",secret:t},"*")},!1)))}(window,document);
//# sourceURL=https://charente.catholique.fr/sud-charente/wp-includes/js/wp-embed.min.js
/* ]]> */
</script>

RENCONTRE REPORTEE POUR CAUSE DE COVID19 La nouvelle paroisse de Blanzac &#8211; Montmoreau &#8211; Villebois doit se constituer progressivement à la fois dans l’unité des trois communautés locales et dans l’écoute et le respect de leurs différences et de leurs histoires propres. Afin d’être à l’écoute de tous, et avant d’écrire ensemble un ” projet [&hellip;]
