{"version":"1.0","provider_name":"Doyenn\u00e9 Sud Charente","provider_url":"https:\/\/charente.catholique.fr\/sud-charente","author_name":"Beno\u00eet","author_url":"https:\/\/charente.catholique.fr\/sud-charente\/author\/benoitlecomte\/","title":"Message de Maumont du 6 novembre 2020 - Doyenn\u00e9 Sud Charente","type":"rich","width":600,"height":338,"html":"<blockquote class=\"wp-embedded-content\" data-secret=\"EfG34X1zLs\"><a href=\"https:\/\/charente.catholique.fr\/sud-charente\/actualites\/message-de-maumont-du-6-novembre-2020\/\">Message de Maumont du 6 novembre 2020<\/a><\/blockquote><iframe sandbox=\"allow-scripts\" security=\"restricted\" src=\"https:\/\/charente.catholique.fr\/sud-charente\/actualites\/message-de-maumont-du-6-novembre-2020\/embed\/#?secret=EfG34X1zLs\" width=\"600\" height=\"338\" title=\"\u00ab\u00a0Message de Maumont du 6 novembre 2020\u00a0\u00bb &#8212; Doyenn\u00e9 Sud Charente\" data-secret=\"EfG34X1zLs\" frameborder=\"0\" marginwidth=\"0\" marginheight=\"0\" scrolling=\"no\" class=\"wp-embedded-content\"><\/iframe><script type=\"text\/javascript\">\n\/* <![CDATA[ *\/\n\/*! This file is auto-generated *\/\n!function(d,l){\"use strict\";l.querySelector&&d.addEventListener&&\"undefined\"!=typeof URL&&(d.wp=d.wp||{},d.wp.receiveEmbedMessage||(d.wp.receiveEmbedMessage=function(e){var t=e.data;if((t||t.secret||t.message||t.value)&&!\/[^a-zA-Z0-9]\/.test(t.secret)){for(var s,r,n,a=l.querySelectorAll('iframe[data-secret=\"'+t.secret+'\"]'),o=l.querySelectorAll('blockquote[data-secret=\"'+t.secret+'\"]'),c=new RegExp(\"^https?:$\",\"i\"),i=0;i<o.length;i++)o[i].style.display=\"none\";for(i=0;i<a.length;i++)s=a[i],e.source===s.contentWindow&&(s.removeAttribute(\"style\"),\"height\"===t.message?(1e3<(r=parseInt(t.value,10))?r=1e3:~~r<200&&(r=200),s.height=r):\"link\"===t.message&&(r=new URL(s.getAttribute(\"src\")),n=new URL(t.value),c.test(n.protocol))&&n.host===r.host&&l.activeElement===s&&(d.top.location.href=t.value))}},d.addEventListener(\"message\",d.wp.receiveEmbedMessage,!1),l.addEventListener(\"DOMContentLoaded\",function(){for(var e,t,s=l.querySelectorAll(\"iframe.wp-embedded-content\"),r=0;r<s.length;r++)(t=(e=s[r]).getAttribute(\"data-secret\"))||(t=Math.random().toString(36).substring(2,12),e.src+=\"#?secret=\"+t,e.setAttribute(\"data-secret\",t)),e.contentWindow.postMessage({message:\"ready\",secret:t},\"*\")},!1)))}(window,document);\n\/\/# sourceURL=https:\/\/charente.catholique.fr\/sud-charente\/wp-includes\/js\/wp-embed.min.js\n\/* ]]> *\/\n<\/script>\n","thumbnail_url":"https:\/\/charente.catholique.fr\/sud-charente\/wp-content\/uploads\/sites\/5\/2020\/11\/a-leglise-les-moniales-1.jpg","thumbnail_width":1106,"thumbnail_height":484,"description":"C\u00e9l\u00e9bration du pardon Maumont 2021 Puisqu\u2019elle est commenc\u00e9e ( la c\u00e9l\u00e9bration!), ouvrons nos yeux. A Maumont la part de l\u2019\u00c9glise qui vous est r\u00e9serv\u00e9e est d\u00e9serte or vous \u00eates tous invit\u00e9s! Il va falloir que notre b\u00e2timent prenne les dimensions exactes du Doyenn\u00e9 et vous serez alors tous int\u00e9gr\u00e9s&nbsp;: il suffisait d\u2019y penser. Pour la [&hellip;]"}

Doyenné Sud Charente

Benoît

Message de Maumont du 6 novembre 2020 - Doyenné Sud Charente

<blockquote class="wp-embedded-content" data-secret="EfG34X1zLs"><a href="https://charente.catholique.fr/sud-charente/actualites/message-de-maumont-du-6-novembre-2020/">Message de Maumont du 6 novembre 2020</a></blockquote><iframe sandbox="allow-scripts" security="restricted" src="https://charente.catholique.fr/sud-charente/actualites/message-de-maumont-du-6-novembre-2020/embed/#?secret=EfG34X1zLs" width="600" height="338" title="« Message de Maumont du 6 novembre 2020 » &#8212; Doyenné Sud Charente" data-secret="EfG34X1zLs" frameborder="0" marginwidth="0" marginheight="0" scrolling="no" class="wp-embedded-content"></iframe><script type="text/javascript">
/* <![CDATA[ */
/*! This file is auto-generated */
!function(d,l){"use strict";l.querySelector&&d.addEventListener&&"undefined"!=typeof URL&&(d.wp=d.wp||{},d.wp.receiveEmbedMessage||(d.wp.receiveEmbedMessage=function(e){var t=e.data;if((t||t.secret||t.message||t.value)&&!/[^a-zA-Z0-9]/.test(t.secret)){for(var s,r,n,a=l.querySelectorAll('iframe[data-secret="'+t.secret+'"]'),o=l.querySelectorAll('blockquote[data-secret="'+t.secret+'"]'),c=new RegExp("^https?:$","i"),i=0;i<o.length;i++)o[i].style.display="none";for(i=0;i<a.length;i++)s=a[i],e.source===s.contentWindow&&(s.removeAttribute("style"),"height"===t.message?(1e3<(r=parseInt(t.value,10))?r=1e3:~~r<200&&(r=200),s.height=r):"link"===t.message&&(r=new URL(s.getAttribute("src")),n=new URL(t.value),c.test(n.protocol))&&n.host===r.host&&l.activeElement===s&&(d.top.location.href=t.value))}},d.addEventListener("message",d.wp.receiveEmbedMessage,!1),l.addEventListener("DOMContentLoaded",function(){for(var e,t,s=l.querySelectorAll("iframe.wp-embedded-content"),r=0;r<s.length;r++)(t=(e=s[r]).getAttribute("data-secret"))||(t=Math.random().toString(36).substring(2,12),e.src+="#?secret="+t,e.setAttribute("data-secret",t)),e.contentWindow.postMessage({message:"ready",secret:t},"*")},!1)))}(window,document);
//# sourceURL=https://charente.catholique.fr/sud-charente/wp-includes/js/wp-embed.min.js
/* ]]> */
</script>

Célébration du pardon Maumont 2021 Puisqu’elle est commencée ( la célébration!), ouvrons nos yeux. A Maumont la part de l’Église qui vous est réservée est déserte or vous êtes tous invités! Il va falloir que notre bâtiment prenne les dimensions exactes du Doyenné et vous serez alors tous intégrés&nbsp;: il suffisait d’y penser. Pour la [&hellip;]
