{"version":"1.0","provider_name":"Doyenn\u00e9 Sud Charente","provider_url":"https:\/\/charente.catholique.fr\/sud-charente","author_name":"fredericcussac","author_url":"https:\/\/charente.catholique.fr\/sud-charente\/author\/fredericcussac\/","title":"Hom\u00e9lie du 1er novembre, par le P. Eric Pouvaloue - Doyenn\u00e9 Sud Charente","type":"rich","width":600,"height":338,"html":"<blockquote class=\"wp-embedded-content\" data-secret=\"RmnSrfPFNv\"><a href=\"https:\/\/charente.catholique.fr\/sud-charente\/actualites\/homelie-du-02-novembre\/\">Hom\u00e9lie du 1er novembre, par le P. Eric Pouvaloue<\/a><\/blockquote><iframe sandbox=\"allow-scripts\" security=\"restricted\" src=\"https:\/\/charente.catholique.fr\/sud-charente\/actualites\/homelie-du-02-novembre\/embed\/#?secret=RmnSrfPFNv\" width=\"600\" height=\"338\" title=\"\u00ab\u00a0Hom\u00e9lie du 1er novembre, par le P. Eric Pouvaloue\u00a0\u00bb &#8212; Doyenn\u00e9 Sud Charente\" data-secret=\"RmnSrfPFNv\" frameborder=\"0\" marginwidth=\"0\" marginheight=\"0\" scrolling=\"no\" class=\"wp-embedded-content\"><\/iframe><script type=\"text\/javascript\">\n\/* <![CDATA[ *\/\n\/*! This file is auto-generated *\/\n!function(d,l){\"use strict\";l.querySelector&&d.addEventListener&&\"undefined\"!=typeof URL&&(d.wp=d.wp||{},d.wp.receiveEmbedMessage||(d.wp.receiveEmbedMessage=function(e){var t=e.data;if((t||t.secret||t.message||t.value)&&!\/[^a-zA-Z0-9]\/.test(t.secret)){for(var s,r,n,a=l.querySelectorAll('iframe[data-secret=\"'+t.secret+'\"]'),o=l.querySelectorAll('blockquote[data-secret=\"'+t.secret+'\"]'),c=new RegExp(\"^https?:$\",\"i\"),i=0;i<o.length;i++)o[i].style.display=\"none\";for(i=0;i<a.length;i++)s=a[i],e.source===s.contentWindow&&(s.removeAttribute(\"style\"),\"height\"===t.message?(1e3<(r=parseInt(t.value,10))?r=1e3:~~r<200&&(r=200),s.height=r):\"link\"===t.message&&(r=new URL(s.getAttribute(\"src\")),n=new URL(t.value),c.test(n.protocol))&&n.host===r.host&&l.activeElement===s&&(d.top.location.href=t.value))}},d.addEventListener(\"message\",d.wp.receiveEmbedMessage,!1),l.addEventListener(\"DOMContentLoaded\",function(){for(var e,t,s=l.querySelectorAll(\"iframe.wp-embedded-content\"),r=0;r<s.length;r++)(t=(e=s[r]).getAttribute(\"data-secret\"))||(t=Math.random().toString(36).substring(2,12),e.src+=\"#?secret=\"+t,e.setAttribute(\"data-secret\",t)),e.contentWindow.postMessage({message:\"ready\",secret:t},\"*\")},!1)))}(window,document);\n\/\/# sourceURL=https:\/\/charente.catholique.fr\/sud-charente\/wp-includes\/js\/wp-embed.min.js\n\/* ]]> *\/\n<\/script>\n","thumbnail_url":"https:\/\/charente.catholique.fr\/sud-charente\/wp-content\/uploads\/sites\/5\/2022\/11\/candle-g57b44f74f_1920.jpg","thumbnail_width":1920,"thumbnail_height":1388,"description":"Bien chers fr\u00e8res et s\u0153urs, chers amis, Je viens vous souhaiter de tout c\u0153ur un Heureuse et Sainte F\u00eate de tous les Saints&#8230; les connus, les reconnus, les inconnus et tous ceux qui sont en voie de le devenir dans le c\u0153ur de Dieu. Unis dans une m\u00eame pri\u00e8re fraternelle, levons les mains afin que [&hellip;]"}

Doyenné Sud Charente

Homélie du 1er novembre, par le P. Eric Pouvaloue - Doyenné Sud Charente

<blockquote class="wp-embedded-content" data-secret="RmnSrfPFNv"><a href="https://charente.catholique.fr/sud-charente/actualites/homelie-du-02-novembre/">Homélie du 1er novembre, par le P. Eric Pouvaloue</a></blockquote><iframe sandbox="allow-scripts" security="restricted" src="https://charente.catholique.fr/sud-charente/actualites/homelie-du-02-novembre/embed/#?secret=RmnSrfPFNv" width="600" height="338" title="« Homélie du 1er novembre, par le P. Eric Pouvaloue » &#8212; Doyenné Sud Charente" data-secret="RmnSrfPFNv" frameborder="0" marginwidth="0" marginheight="0" scrolling="no" class="wp-embedded-content"></iframe><script type="text/javascript">
/* <![CDATA[ */
/*! This file is auto-generated */
!function(d,l){"use strict";l.querySelector&&d.addEventListener&&"undefined"!=typeof URL&&(d.wp=d.wp||{},d.wp.receiveEmbedMessage||(d.wp.receiveEmbedMessage=function(e){var t=e.data;if((t||t.secret||t.message||t.value)&&!/[^a-zA-Z0-9]/.test(t.secret)){for(var s,r,n,a=l.querySelectorAll('iframe[data-secret="'+t.secret+'"]'),o=l.querySelectorAll('blockquote[data-secret="'+t.secret+'"]'),c=new RegExp("^https?:$","i"),i=0;i<o.length;i++)o[i].style.display="none";for(i=0;i<a.length;i++)s=a[i],e.source===s.contentWindow&&(s.removeAttribute("style"),"height"===t.message?(1e3<(r=parseInt(t.value,10))?r=1e3:~~r<200&&(r=200),s.height=r):"link"===t.message&&(r=new URL(s.getAttribute("src")),n=new URL(t.value),c.test(n.protocol))&&n.host===r.host&&l.activeElement===s&&(d.top.location.href=t.value))}},d.addEventListener("message",d.wp.receiveEmbedMessage,!1),l.addEventListener("DOMContentLoaded",function(){for(var e,t,s=l.querySelectorAll("iframe.wp-embedded-content"),r=0;r<s.length;r++)(t=(e=s[r]).getAttribute("data-secret"))||(t=Math.random().toString(36).substring(2,12),e.src+="#?secret="+t,e.setAttribute("data-secret",t)),e.contentWindow.postMessage({message:"ready",secret:t},"*")},!1)))}(window,document);
//# sourceURL=https://charente.catholique.fr/sud-charente/wp-includes/js/wp-embed.min.js
/* ]]> */
</script>

Bien chers frères et sœurs, chers amis, Je viens vous souhaiter de tout cœur un Heureuse et Sainte Fête de tous les Saints&#8230; les connus, les reconnus, les inconnus et tous ceux qui sont en voie de le devenir dans le cœur de Dieu. Unis dans une même prière fraternelle, levons les mains afin que [&hellip;]
