{"id":4477,"date":"2021-08-13T16:32:20","date_gmt":"2021-08-13T14:32:20","guid":{"rendered":"https:\/\/charente.catholique.fr\/ouest-charente\/?post_type=evenement&#038;p=4477"},"modified":"2021-08-18T16:35:15","modified_gmt":"2021-08-18T14:35:15","slug":"cognac-inscriptions-catechisme-et-aumonerie","status":"publish","type":"evenement","link":"https:\/\/charente.catholique.fr\/ouest-charente\/agenda\/cognac-inscriptions-catechisme-et-aumonerie\/","title":{"rendered":"Cognac &#8211; Inscriptions cat\u00e9chisme et aum\u00f4nerie"},"content":{"rendered":"<a href=\"https:\/\/charente.catholique.fr\/ouest-charente\/wp-content\/uploads\/sites\/6\/2021\/08\/2021-08-13-inscriptions-au-kt-at-a-laumonerie.pdf\" class=\"pdfemb-viewer\" style=\"\" data-width=\"max\" data-height=\"max\" data-toolbar=\"bottom\" data-toolbar-fixed=\"off\">2021-08-13-inscriptions-au-kt-at-a-laumonerie<\/a>\n<p class=\"wp-block-pdfemb-pdf-embedder-viewer\"><\/p>\n","protected":false},"author":10,"featured_media":4479,"template":"","meta":{"_acf_changed":false,"paroisse":["20"],"service":["0"],"footnotes":""},"categories":[],"tags":[],"class_list":["post-4477","evenement","type-evenement","status-publish","has-post-thumbnail","hentry"],"acf":{"start_date":"2021-09-11 09:30:00","end_date":"2021-09-11 12:30:00","location":"St-Antoine ","address":{"address":"186 Rue de la R\u00e9publique, Cognac, France","lat":45.6926837,"lng":-0.3158575,"zoom":14,"place_id":"ChIJo_4UY0jzAEgReIUiDPo4fYg","name":"186 Rue de la R\u00e9publique","street_number":186,"street_name":"Rue de la R\u00e9publique","city":"Cognac","state":"Nouvelle-Aquitaine","post_code":16100,"country":"France","country_short":"FR"}},"yoast_head":"<!-- This site is optimized with the Yoast SEO plugin v27.1.1 - https:\/\/yoast.com\/product\/yoast-seo-wordpress\/ -->\n<title>Cognac - Inscriptions cat\u00e9chisme et aum\u00f4nerie - Doyenn\u00e9 Ouest Charente<\/title>\n<meta name=\"robots\" content=\"index, follow, max-snippet:-1, max-image-preview:large, max-video-preview:-1\" \/>\n<link rel=\"canonical\" href=\"https:\/\/charente.catholique.fr\/ouest-charente\/agenda\/cognac-inscriptions-catechisme-et-aumonerie\/\" \/>\n<meta property=\"og:locale\" content=\"fr_FR\" \/>\n<meta property=\"og:type\" content=\"article\" \/>\n<meta property=\"og:title\" content=\"Cognac - Inscriptions cat\u00e9chisme et aum\u00f4nerie - Doyenn\u00e9 Ouest Charente\" \/>\n<meta property=\"og:url\" content=\"https:\/\/charente.catholique.fr\/ouest-charente\/agenda\/cognac-inscriptions-catechisme-et-aumonerie\/\" \/>\n<meta property=\"og:site_name\" content=\"Doyenn\u00e9 Ouest Charente\" \/>\n<meta property=\"article:publisher\" content=\"https:\/\/www.facebook.com\/EgliseCatholiqueCharente\" \/>\n<meta property=\"article:modified_time\" content=\"2021-08-18T14:35:15+00:00\" \/>\n<meta property=\"og:image\" content=\"https:\/\/charente.catholique.fr\/ouest-charente\/wp-content\/uploads\/sites\/6\/2021\/08\/kt-viser-plus-haut.png\" \/>\n\t<meta property=\"og:image:width\" content=\"898\" \/>\n\t<meta property=\"og:image:height\" content=\"280\" \/>\n\t<meta property=\"og:image:type\" content=\"image\/png\" \/>\n<meta name=\"twitter:card\" content=\"summary_large_image\" \/>\n<meta name=\"twitter:site\" content=\"@diocesecharente\" \/>\n<script type=\"application\/ld+json\" class=\"yoast-schema-graph\">{\"@context\":\"https:\/\/schema.org\",\"@graph\":[{\"@type\":\"WebPage\",\"@id\":\"https:\/\/charente.catholique.fr\/ouest-charente\/agenda\/cognac-inscriptions-catechisme-et-aumonerie\/\",\"url\":\"https:\/\/charente.catholique.fr\/ouest-charente\/agenda\/cognac-inscriptions-catechisme-et-aumonerie\/\",\"name\":\"Cognac - Inscriptions cat\u00e9chisme et aum\u00f4nerie - Doyenn\u00e9 Ouest Charente\",\"isPartOf\":{\"@id\":\"https:\/\/charente.catholique.fr\/ouest-charente\/#website\"},\"primaryImageOfPage\":{\"@id\":\"https:\/\/charente.catholique.fr\/ouest-charente\/agenda\/cognac-inscriptions-catechisme-et-aumonerie\/#primaryimage\"},\"image\":{\"@id\":\"https:\/\/charente.catholique.fr\/ouest-charente\/agenda\/cognac-inscriptions-catechisme-et-aumonerie\/#primaryimage\"},\"thumbnailUrl\":\"https:\/\/charente.catholique.fr\/ouest-charente\/wp-content\/uploads\/sites\/6\/2021\/08\/kt-viser-plus-haut.png\",\"datePublished\":\"2021-08-13T14:32:20+00:00\",\"dateModified\":\"2021-08-18T14:35:15+00:00\",\"breadcrumb\":{\"@id\":\"https:\/\/charente.catholique.fr\/ouest-charente\/agenda\/cognac-inscriptions-catechisme-et-aumonerie\/#breadcrumb\"},\"inLanguage\":\"fr-FR\",\"potentialAction\":[{\"@type\":\"ReadAction\",\"target\":[\"https:\/\/charente.catholique.fr\/ouest-charente\/agenda\/cognac-inscriptions-catechisme-et-aumonerie\/\"]}]},{\"@type\":\"ImageObject\",\"inLanguage\":\"fr-FR\",\"@id\":\"https:\/\/charente.catholique.fr\/ouest-charente\/agenda\/cognac-inscriptions-catechisme-et-aumonerie\/#primaryimage\",\"url\":\"https:\/\/charente.catholique.fr\/ouest-charente\/wp-content\/uploads\/sites\/6\/2021\/08\/kt-viser-plus-haut.png\",\"contentUrl\":\"https:\/\/charente.catholique.fr\/ouest-charente\/wp-content\/uploads\/sites\/6\/2021\/08\/kt-viser-plus-haut.png\",\"width\":898,\"height\":280},{\"@type\":\"BreadcrumbList\",\"@id\":\"https:\/\/charente.catholique.fr\/ouest-charente\/agenda\/cognac-inscriptions-catechisme-et-aumonerie\/#breadcrumb\",\"itemListElement\":[{\"@type\":\"ListItem\",\"position\":1,\"name\":\"Accueil\",\"item\":\"https:\/\/charente.catholique.fr\/ouest-charente\/\"},{\"@type\":\"ListItem\",\"position\":2,\"name\":\"Cognac &#8211; Inscriptions cat\u00e9chisme et aum\u00f4nerie\"}]},{\"@type\":\"WebSite\",\"@id\":\"https:\/\/charente.catholique.fr\/ouest-charente\/#website\",\"url\":\"https:\/\/charente.catholique.fr\/ouest-charente\/\",\"name\":\"Doyenn\u00e9 Ouest Charente - Dioc\u00e8se d'Angoul\u00eame\",\"description\":\"Dioc\u00e8se d&#039;Angoul\u00eame\",\"publisher\":{\"@id\":\"https:\/\/charente.catholique.fr\/ouest-charente\/#organization\"},\"potentialAction\":[{\"@type\":\"SearchAction\",\"target\":{\"@type\":\"EntryPoint\",\"urlTemplate\":\"https:\/\/charente.catholique.fr\/ouest-charente\/?s={search_term_string}\"},\"query-input\":{\"@type\":\"PropertyValueSpecification\",\"valueRequired\":true,\"valueName\":\"search_term_string\"}}],\"inLanguage\":\"fr-FR\"},{\"@type\":\"Organization\",\"@id\":\"https:\/\/charente.catholique.fr\/ouest-charente\/#organization\",\"name\":\"Association dioc\u00e9saine d'Angoul\u00eame\",\"url\":\"https:\/\/charente.catholique.fr\/ouest-charente\/\",\"logo\":{\"@type\":\"ImageObject\",\"inLanguage\":\"fr-FR\",\"@id\":\"https:\/\/charente.catholique.fr\/ouest-charente\/#\/schema\/logo\/image\/\",\"url\":\"https:\/\/charente.catholique.fr\/ouest-charente\/wp-content\/uploads\/sites\/6\/2020\/10\/logos.png\",\"contentUrl\":\"https:\/\/charente.catholique.fr\/ouest-charente\/wp-content\/uploads\/sites\/6\/2020\/10\/logos.png\",\"width\":600,\"height\":257,\"caption\":\"Association dioc\u00e9saine d'Angoul\u00eame\"},\"image\":{\"@id\":\"https:\/\/charente.catholique.fr\/ouest-charente\/#\/schema\/logo\/image\/\"},\"sameAs\":[\"https:\/\/www.facebook.com\/EgliseCatholiqueCharente\",\"https:\/\/x.com\/diocesecharente\",\"https:\/\/www.instagram.com\/eglisecharente\",\"https:\/\/www.youtube.com\/channel\/UCByyFWApZbw3gDTiADoiAaQ\"]}]}<\/script>\n<!-- \/ Yoast SEO plugin. -->","yoast_head_json":{"title":"Cognac - Inscriptions cat\u00e9chisme et aum\u00f4nerie - Doyenn\u00e9 Ouest Charente","robots":{"index":"index","follow":"follow","max-snippet":"max-snippet:-1","max-image-preview":"max-image-preview:large","max-video-preview":"max-video-preview:-1"},"canonical":"https:\/\/charente.catholique.fr\/ouest-charente\/agenda\/cognac-inscriptions-catechisme-et-aumonerie\/","og_locale":"fr_FR","og_type":"article","og_title":"Cognac - Inscriptions cat\u00e9chisme et aum\u00f4nerie - Doyenn\u00e9 Ouest Charente","og_url":"https:\/\/charente.catholique.fr\/ouest-charente\/agenda\/cognac-inscriptions-catechisme-et-aumonerie\/","og_site_name":"Doyenn\u00e9 Ouest Charente","article_publisher":"https:\/\/www.facebook.com\/EgliseCatholiqueCharente","article_modified_time":"2021-08-18T14:35:15+00:00","og_image":[{"width":898,"height":280,"url":"https:\/\/charente.catholique.fr\/ouest-charente\/wp-content\/uploads\/sites\/6\/2021\/08\/kt-viser-plus-haut.png","type":"image\/png"}],"twitter_card":"summary_large_image","twitter_site":"@diocesecharente","schema":{"@context":"https:\/\/schema.org","@graph":[{"@type":"WebPage","@id":"https:\/\/charente.catholique.fr\/ouest-charente\/agenda\/cognac-inscriptions-catechisme-et-aumonerie\/","url":"https:\/\/charente.catholique.fr\/ouest-charente\/agenda\/cognac-inscriptions-catechisme-et-aumonerie\/","name":"Cognac - Inscriptions cat\u00e9chisme et aum\u00f4nerie - Doyenn\u00e9 Ouest Charente","isPartOf":{"@id":"https:\/\/charente.catholique.fr\/ouest-charente\/#website"},"primaryImageOfPage":{"@id":"https:\/\/charente.catholique.fr\/ouest-charente\/agenda\/cognac-inscriptions-catechisme-et-aumonerie\/#primaryimage"},"image":{"@id":"https:\/\/charente.catholique.fr\/ouest-charente\/agenda\/cognac-inscriptions-catechisme-et-aumonerie\/#primaryimage"},"thumbnailUrl":"https:\/\/charente.catholique.fr\/ouest-charente\/wp-content\/uploads\/sites\/6\/2021\/08\/kt-viser-plus-haut.png","datePublished":"2021-08-13T14:32:20+00:00","dateModified":"2021-08-18T14:35:15+00:00","breadcrumb":{"@id":"https:\/\/charente.catholique.fr\/ouest-charente\/agenda\/cognac-inscriptions-catechisme-et-aumonerie\/#breadcrumb"},"inLanguage":"fr-FR","potentialAction":[{"@type":"ReadAction","target":["https:\/\/charente.catholique.fr\/ouest-charente\/agenda\/cognac-inscriptions-catechisme-et-aumonerie\/"]}]},{"@type":"ImageObject","inLanguage":"fr-FR","@id":"https:\/\/charente.catholique.fr\/ouest-charente\/agenda\/cognac-inscriptions-catechisme-et-aumonerie\/#primaryimage","url":"https:\/\/charente.catholique.fr\/ouest-charente\/wp-content\/uploads\/sites\/6\/2021\/08\/kt-viser-plus-haut.png","contentUrl":"https:\/\/charente.catholique.fr\/ouest-charente\/wp-content\/uploads\/sites\/6\/2021\/08\/kt-viser-plus-haut.png","width":898,"height":280},{"@type":"BreadcrumbList","@id":"https:\/\/charente.catholique.fr\/ouest-charente\/agenda\/cognac-inscriptions-catechisme-et-aumonerie\/#breadcrumb","itemListElement":[{"@type":"ListItem","position":1,"name":"Accueil","item":"https:\/\/charente.catholique.fr\/ouest-charente\/"},{"@type":"ListItem","position":2,"name":"Cognac &#8211; Inscriptions cat\u00e9chisme et aum\u00f4nerie"}]},{"@type":"WebSite","@id":"https:\/\/charente.catholique.fr\/ouest-charente\/#website","url":"https:\/\/charente.catholique.fr\/ouest-charente\/","name":"Doyenn\u00e9 Ouest Charente - Dioc\u00e8se d'Angoul\u00eame","description":"Dioc\u00e8se d&#039;Angoul\u00eame","publisher":{"@id":"https:\/\/charente.catholique.fr\/ouest-charente\/#organization"},"potentialAction":[{"@type":"SearchAction","target":{"@type":"EntryPoint","urlTemplate":"https:\/\/charente.catholique.fr\/ouest-charente\/?s={search_term_string}"},"query-input":{"@type":"PropertyValueSpecification","valueRequired":true,"valueName":"search_term_string"}}],"inLanguage":"fr-FR"},{"@type":"Organization","@id":"https:\/\/charente.catholique.fr\/ouest-charente\/#organization","name":"Association dioc\u00e9saine d'Angoul\u00eame","url":"https:\/\/charente.catholique.fr\/ouest-charente\/","logo":{"@type":"ImageObject","inLanguage":"fr-FR","@id":"https:\/\/charente.catholique.fr\/ouest-charente\/#\/schema\/logo\/image\/","url":"https:\/\/charente.catholique.fr\/ouest-charente\/wp-content\/uploads\/sites\/6\/2020\/10\/logos.png","contentUrl":"https:\/\/charente.catholique.fr\/ouest-charente\/wp-content\/uploads\/sites\/6\/2020\/10\/logos.png","width":600,"height":257,"caption":"Association dioc\u00e9saine d'Angoul\u00eame"},"image":{"@id":"https:\/\/charente.catholique.fr\/ouest-charente\/#\/schema\/logo\/image\/"},"sameAs":["https:\/\/www.facebook.com\/EgliseCatholiqueCharente","https:\/\/x.com\/diocesecharente","https:\/\/www.instagram.com\/eglisecharente","https:\/\/www.youtube.com\/channel\/UCByyFWApZbw3gDTiADoiAaQ"]}]}},"_links":{"self":[{"href":"https:\/\/charente.catholique.fr\/ouest-charente\/wp-json\/wp\/v2\/evenement\/4477","targetHints":{"allow":["GET"]}}],"collection":[{"href":"https:\/\/charente.catholique.fr\/ouest-charente\/wp-json\/wp\/v2\/evenement"}],"about":[{"href":"https:\/\/charente.catholique.fr\/ouest-charente\/wp-json\/wp\/v2\/types\/evenement"}],"author":[{"embeddable":true,"href":"https:\/\/charente.catholique.fr\/ouest-charente\/wp-json\/wp\/v2\/users\/10"}],"version-history":[{"count":2,"href":"https:\/\/charente.catholique.fr\/ouest-charente\/wp-json\/wp\/v2\/evenement\/4477\/revisions"}],"predecessor-version":[{"id":4481,"href":"https:\/\/charente.catholique.fr\/ouest-charente\/wp-json\/wp\/v2\/evenement\/4477\/revisions\/4481"}],"wp:featuredmedia":[{"embeddable":true,"href":"https:\/\/charente.catholique.fr\/ouest-charente\/wp-json\/wp\/v2\/media\/4479"}],"wp:attachment":[{"href":"https:\/\/charente.catholique.fr\/ouest-charente\/wp-json\/wp\/v2\/media?parent=4477"}],"wp:term":[{"taxonomy":"category","embeddable":true,"href":"https:\/\/charente.catholique.fr\/ouest-charente\/wp-json\/wp\/v2\/categories?post=4477"},{"taxonomy":"post_tag","embeddable":true,"href":"https:\/\/charente.catholique.fr\/ouest-charente\/wp-json\/wp\/v2\/tags?post=4477"}],"curies":[{"name":"wp","href":"https:\/\/api.w.org\/{rel}","templated":true}]}}

Cognac &#8211; Inscriptions catéchisme et aumônerie

186 Rue de la République, Cognac, France

186 Rue de la République

Rue de la République

<!-- This site is optimized with the Yoast SEO plugin v27.1.1 - https://yoast.com/product/yoast-seo-wordpress/ -->
<title>Cognac - Inscriptions catéchisme et aumônerie - Doyenné Ouest Charente</title>
<meta name="robots" content="index, follow, max-snippet:-1, max-image-preview:large, max-video-preview:-1" />
<link rel="canonical" href="https://charente.catholique.fr/ouest-charente/agenda/cognac-inscriptions-catechisme-et-aumonerie/" />
<meta property="og:locale" content="fr_FR" />
<meta property="og:type" content="article" />
<meta property="og:title" content="Cognac - Inscriptions catéchisme et aumônerie - Doyenné Ouest Charente" />
<meta property="og:url" content="https://charente.catholique.fr/ouest-charente/agenda/cognac-inscriptions-catechisme-et-aumonerie/" />
<meta property="og:site_name" content="Doyenné Ouest Charente" />
<meta property="article:publisher" content="https://www.facebook.com/EgliseCatholiqueCharente" />
<meta property="article:modified_time" content="2021-08-18T14:35:15+00:00" />
<meta property="og:image" content="https://charente.catholique.fr/ouest-charente/wp-content/uploads/sites/6/2021/08/kt-viser-plus-haut.png" />
	<meta property="og:image:width" content="898" />
	<meta property="og:image:height" content="280" />
	<meta property="og:image:type" content="image/png" />
<meta name="twitter:card" content="summary_large_image" />
<meta name="twitter:site" content="@diocesecharente" />
<script type="application/ld+json" class="yoast-schema-graph">{"@context":"https://schema.org","@graph":[{"@type":"WebPage","@id":"https://charente.catholique.fr/ouest-charente/agenda/cognac-inscriptions-catechisme-et-aumonerie/","url":"https://charente.catholique.fr/ouest-charente/agenda/cognac-inscriptions-catechisme-et-aumonerie/","name":"Cognac - Inscriptions catéchisme et aumônerie - Doyenné Ouest Charente","isPartOf":{"@id":"https://charente.catholique.fr/ouest-charente/#website"},"primaryImageOfPage":{"@id":"https://charente.catholique.fr/ouest-charente/agenda/cognac-inscriptions-catechisme-et-aumonerie/#primaryimage"},"image":{"@id":"https://charente.catholique.fr/ouest-charente/agenda/cognac-inscriptions-catechisme-et-aumonerie/#primaryimage"},"thumbnailUrl":"https://charente.catholique.fr/ouest-charente/wp-content/uploads/sites/6/2021/08/kt-viser-plus-haut.png","datePublished":"2021-08-13T14:32:20+00:00","dateModified":"2021-08-18T14:35:15+00:00","breadcrumb":{"@id":"https://charente.catholique.fr/ouest-charente/agenda/cognac-inscriptions-catechisme-et-aumonerie/#breadcrumb"},"inLanguage":"fr-FR","potentialAction":[{"@type":"ReadAction","target":["https://charente.catholique.fr/ouest-charente/agenda/cognac-inscriptions-catechisme-et-aumonerie/"]}]},{"@type":"ImageObject","inLanguage":"fr-FR","@id":"https://charente.catholique.fr/ouest-charente/agenda/cognac-inscriptions-catechisme-et-aumonerie/#primaryimage","url":"https://charente.catholique.fr/ouest-charente/wp-content/uploads/sites/6/2021/08/kt-viser-plus-haut.png","contentUrl":"https://charente.catholique.fr/ouest-charente/wp-content/uploads/sites/6/2021/08/kt-viser-plus-haut.png","width":898,"height":280},{"@type":"BreadcrumbList","@id":"https://charente.catholique.fr/ouest-charente/agenda/cognac-inscriptions-catechisme-et-aumonerie/#breadcrumb","itemListElement":[{"@type":"ListItem","position":1,"name":"Accueil","item":"https://charente.catholique.fr/ouest-charente/"},{"@type":"ListItem","position":2,"name":"Cognac &#8211; Inscriptions catéchisme et aumônerie"}]},{"@type":"WebSite","@id":"https://charente.catholique.fr/ouest-charente/#website","url":"https://charente.catholique.fr/ouest-charente/","name":"Doyenné Ouest Charente - Diocèse d'Angoulême","description":"Diocèse d&#039;Angoulême","publisher":{"@id":"https://charente.catholique.fr/ouest-charente/#organization"},"potentialAction":[{"@type":"SearchAction","target":{"@type":"EntryPoint","urlTemplate":"https://charente.catholique.fr/ouest-charente/?s={search_term_string}"},"query-input":{"@type":"PropertyValueSpecification","valueRequired":true,"valueName":"search_term_string"}}],"inLanguage":"fr-FR"},{"@type":"Organization","@id":"https://charente.catholique.fr/ouest-charente/#organization","name":"Association diocésaine d'Angoulême","url":"https://charente.catholique.fr/ouest-charente/","logo":{"@type":"ImageObject","inLanguage":"fr-FR","@id":"https://charente.catholique.fr/ouest-charente/#/schema/logo/image/","url":"https://charente.catholique.fr/ouest-charente/wp-content/uploads/sites/6/2020/10/logos.png","contentUrl":"https://charente.catholique.fr/ouest-charente/wp-content/uploads/sites/6/2020/10/logos.png","width":600,"height":257,"caption":"Association diocésaine d'Angoulême"},"image":{"@id":"https://charente.catholique.fr/ouest-charente/#/schema/logo/image/"},"sameAs":["https://www.facebook.com/EgliseCatholiqueCharente","https://x.com/diocesecharente","https://www.instagram.com/eglisecharente","https://www.youtube.com/channel/UCByyFWApZbw3gDTiADoiAaQ"]}]}</script>
<!-- / Yoast SEO plugin. -->

Cognac - Inscriptions catéchisme et aumônerie - Doyenné Ouest Charente

Doyenné Ouest Charente

Doyenné Ouest Charente - Diocèse d'Angoulême

Diocèse d&#039;Angoulême

Association diocésaine d'Angoulême
