{"id":38018,"date":"2025-09-24T11:03:08","date_gmt":"2025-09-24T09:03:08","guid":{"rendered":"https:\/\/charente.catholique.fr\/ouest-charente\/?post_type=evenement&#038;p=38018"},"modified":"2025-10-01T10:04:45","modified_gmt":"2025-10-01T08:04:45","slug":"cine-reflexion","status":"publish","type":"evenement","link":"https:\/\/charente.catholique.fr\/ouest-charente\/agenda\/cine-reflexion\/","title":{"rendered":"cin\u00e9 reflexion pour les coll\u00e9giens (5\u00e8me\/3\u00e8me)"},"content":{"rendered":"<div class=\"wp-block-image\">\n<figure class=\"aligncenter size-large\"><img loading=\"lazy\" decoding=\"async\" width=\"764\" height=\"1080\" src=\"https:\/\/charente.catholique.fr\/ouest-charente\/wp-content\/uploads\/sites\/6\/2025\/09\/Cine-reflexion-2025-2025-Cognac-764x1080.png\" alt=\"\" class=\"wp-image-38071\"\/><\/figure>\n<\/div>","protected":false},"author":10,"featured_media":38071,"template":"","meta":{"_acf_changed":false,"paroisse":["20"],"service":["0"],"footnotes":""},"categories":[],"tags":[],"class_list":["post-38018","evenement","type-evenement","status-publish","has-post-thumbnail","hentry","validated"],"acf":{"start_date":"2025-10-03 17:30:00","end_date":"2025-10-03 20:30:00","location":"salle Elisa \u00e0 Cognac","address":{"address":"rue du Temple, Cognac, France","lat":45.693944,"lng":-0.3301151,"zoom":14,"place_id":"ChIJa3miXWvzAEgREPAZvsES1Ug","street_name":"Rue du Temple","city":"Cognac","state":"Nouvelle-Aquitaine","post_code":16100,"country":"France","country_short":"FR"}},"yoast_head":"<!-- This site is optimized with the Yoast SEO plugin v27.1.1 - https:\/\/yoast.com\/product\/yoast-seo-wordpress\/ -->\n<title>cin\u00e9 reflexion pour les coll\u00e9giens (5\u00e8me\/3\u00e8me) - Doyenn\u00e9 Ouest Charente<\/title>\n<meta name=\"robots\" content=\"index, follow, max-snippet:-1, max-image-preview:large, max-video-preview:-1\" \/>\n<link rel=\"canonical\" href=\"https:\/\/charente.catholique.fr\/ouest-charente\/agenda\/cine-reflexion\/\" \/>\n<meta property=\"og:locale\" content=\"fr_FR\" \/>\n<meta property=\"og:type\" content=\"article\" \/>\n<meta property=\"og:title\" content=\"cin\u00e9 reflexion pour les coll\u00e9giens (5\u00e8me\/3\u00e8me) - Doyenn\u00e9 Ouest Charente\" \/>\n<meta property=\"og:url\" content=\"https:\/\/charente.catholique.fr\/ouest-charente\/agenda\/cine-reflexion\/\" \/>\n<meta property=\"og:site_name\" content=\"Doyenn\u00e9 Ouest Charente\" \/>\n<meta property=\"article:publisher\" content=\"https:\/\/www.facebook.com\/EgliseCatholiqueCharente\" \/>\n<meta property=\"article:modified_time\" content=\"2025-10-01T08:04:45+00:00\" \/>\n<meta property=\"og:image\" content=\"https:\/\/charente.catholique.fr\/ouest-charente\/wp-content\/uploads\/sites\/6\/2025\/09\/Cine-reflexion-2025-2025-Cognac-e1759302668482.png\" \/>\n\t<meta property=\"og:image:width\" content=\"1413\" \/>\n\t<meta property=\"og:image:height\" content=\"607\" \/>\n\t<meta property=\"og:image:type\" content=\"image\/png\" \/>\n<meta name=\"twitter:card\" content=\"summary_large_image\" \/>\n<meta name=\"twitter:site\" content=\"@diocesecharente\" \/>\n<meta name=\"twitter:label1\" content=\"Dur\u00e9e de lecture estim\u00e9e\" \/>\n\t<meta name=\"twitter:data1\" content=\"1 minute\" \/>\n<script type=\"application\/ld+json\" class=\"yoast-schema-graph\">{\"@context\":\"https:\/\/schema.org\",\"@graph\":[{\"@type\":\"WebPage\",\"@id\":\"https:\/\/charente.catholique.fr\/ouest-charente\/agenda\/cine-reflexion\/\",\"url\":\"https:\/\/charente.catholique.fr\/ouest-charente\/agenda\/cine-reflexion\/\",\"name\":\"cin\u00e9 reflexion pour les coll\u00e9giens (5\u00e8me\/3\u00e8me) - Doyenn\u00e9 Ouest Charente\",\"isPartOf\":{\"@id\":\"https:\/\/charente.catholique.fr\/ouest-charente\/#website\"},\"primaryImageOfPage\":{\"@id\":\"https:\/\/charente.catholique.fr\/ouest-charente\/agenda\/cine-reflexion\/#primaryimage\"},\"image\":{\"@id\":\"https:\/\/charente.catholique.fr\/ouest-charente\/agenda\/cine-reflexion\/#primaryimage\"},\"thumbnailUrl\":\"https:\/\/charente.catholique.fr\/ouest-charente\/wp-content\/uploads\/sites\/6\/2025\/09\/Cine-reflexion-2025-2025-Cognac-e1759302668482.png\",\"datePublished\":\"2025-09-24T09:03:08+00:00\",\"dateModified\":\"2025-10-01T08:04:45+00:00\",\"breadcrumb\":{\"@id\":\"https:\/\/charente.catholique.fr\/ouest-charente\/agenda\/cine-reflexion\/#breadcrumb\"},\"inLanguage\":\"fr-FR\",\"potentialAction\":[{\"@type\":\"ReadAction\",\"target\":[\"https:\/\/charente.catholique.fr\/ouest-charente\/agenda\/cine-reflexion\/\"]}]},{\"@type\":\"ImageObject\",\"inLanguage\":\"fr-FR\",\"@id\":\"https:\/\/charente.catholique.fr\/ouest-charente\/agenda\/cine-reflexion\/#primaryimage\",\"url\":\"https:\/\/charente.catholique.fr\/ouest-charente\/wp-content\/uploads\/sites\/6\/2025\/09\/Cine-reflexion-2025-2025-Cognac-e1759302668482.png\",\"contentUrl\":\"https:\/\/charente.catholique.fr\/ouest-charente\/wp-content\/uploads\/sites\/6\/2025\/09\/Cine-reflexion-2025-2025-Cognac-e1759302668482.png\",\"width\":1413,\"height\":607},{\"@type\":\"BreadcrumbList\",\"@id\":\"https:\/\/charente.catholique.fr\/ouest-charente\/agenda\/cine-reflexion\/#breadcrumb\",\"itemListElement\":[{\"@type\":\"ListItem\",\"position\":1,\"name\":\"Accueil\",\"item\":\"https:\/\/charente.catholique.fr\/ouest-charente\/\"},{\"@type\":\"ListItem\",\"position\":2,\"name\":\"cin\u00e9 reflexion pour les coll\u00e9giens (5\u00e8me\/3\u00e8me)\"}]},{\"@type\":\"WebSite\",\"@id\":\"https:\/\/charente.catholique.fr\/ouest-charente\/#website\",\"url\":\"https:\/\/charente.catholique.fr\/ouest-charente\/\",\"name\":\"Doyenn\u00e9 Ouest Charente - Dioc\u00e8se d'Angoul\u00eame\",\"description\":\"Dioc\u00e8se d&#039;Angoul\u00eame\",\"publisher\":{\"@id\":\"https:\/\/charente.catholique.fr\/ouest-charente\/#organization\"},\"potentialAction\":[{\"@type\":\"SearchAction\",\"target\":{\"@type\":\"EntryPoint\",\"urlTemplate\":\"https:\/\/charente.catholique.fr\/ouest-charente\/?s={search_term_string}\"},\"query-input\":{\"@type\":\"PropertyValueSpecification\",\"valueRequired\":true,\"valueName\":\"search_term_string\"}}],\"inLanguage\":\"fr-FR\"},{\"@type\":\"Organization\",\"@id\":\"https:\/\/charente.catholique.fr\/ouest-charente\/#organization\",\"name\":\"Association dioc\u00e9saine d'Angoul\u00eame\",\"url\":\"https:\/\/charente.catholique.fr\/ouest-charente\/\",\"logo\":{\"@type\":\"ImageObject\",\"inLanguage\":\"fr-FR\",\"@id\":\"https:\/\/charente.catholique.fr\/ouest-charente\/#\/schema\/logo\/image\/\",\"url\":\"https:\/\/charente.catholique.fr\/ouest-charente\/wp-content\/uploads\/sites\/6\/2020\/10\/logos.png\",\"contentUrl\":\"https:\/\/charente.catholique.fr\/ouest-charente\/wp-content\/uploads\/sites\/6\/2020\/10\/logos.png\",\"width\":600,\"height\":257,\"caption\":\"Association dioc\u00e9saine d'Angoul\u00eame\"},\"image\":{\"@id\":\"https:\/\/charente.catholique.fr\/ouest-charente\/#\/schema\/logo\/image\/\"},\"sameAs\":[\"https:\/\/www.facebook.com\/EgliseCatholiqueCharente\",\"https:\/\/x.com\/diocesecharente\",\"https:\/\/www.instagram.com\/eglisecharente\",\"https:\/\/www.youtube.com\/channel\/UCByyFWApZbw3gDTiADoiAaQ\"]}]}<\/script>\n<!-- \/ Yoast SEO plugin. -->","yoast_head_json":{"title":"cin\u00e9 reflexion pour les coll\u00e9giens (5\u00e8me\/3\u00e8me) - Doyenn\u00e9 Ouest Charente","robots":{"index":"index","follow":"follow","max-snippet":"max-snippet:-1","max-image-preview":"max-image-preview:large","max-video-preview":"max-video-preview:-1"},"canonical":"https:\/\/charente.catholique.fr\/ouest-charente\/agenda\/cine-reflexion\/","og_locale":"fr_FR","og_type":"article","og_title":"cin\u00e9 reflexion pour les coll\u00e9giens (5\u00e8me\/3\u00e8me) - Doyenn\u00e9 Ouest Charente","og_url":"https:\/\/charente.catholique.fr\/ouest-charente\/agenda\/cine-reflexion\/","og_site_name":"Doyenn\u00e9 Ouest Charente","article_publisher":"https:\/\/www.facebook.com\/EgliseCatholiqueCharente","article_modified_time":"2025-10-01T08:04:45+00:00","og_image":[{"width":1413,"height":607,"url":"https:\/\/charente.catholique.fr\/ouest-charente\/wp-content\/uploads\/sites\/6\/2025\/09\/Cine-reflexion-2025-2025-Cognac-e1759302668482.png","type":"image\/png"}],"twitter_card":"summary_large_image","twitter_site":"@diocesecharente","twitter_misc":{"Dur\u00e9e de lecture estim\u00e9e":"1 minute"},"schema":{"@context":"https:\/\/schema.org","@graph":[{"@type":"WebPage","@id":"https:\/\/charente.catholique.fr\/ouest-charente\/agenda\/cine-reflexion\/","url":"https:\/\/charente.catholique.fr\/ouest-charente\/agenda\/cine-reflexion\/","name":"cin\u00e9 reflexion pour les coll\u00e9giens (5\u00e8me\/3\u00e8me) - Doyenn\u00e9 Ouest Charente","isPartOf":{"@id":"https:\/\/charente.catholique.fr\/ouest-charente\/#website"},"primaryImageOfPage":{"@id":"https:\/\/charente.catholique.fr\/ouest-charente\/agenda\/cine-reflexion\/#primaryimage"},"image":{"@id":"https:\/\/charente.catholique.fr\/ouest-charente\/agenda\/cine-reflexion\/#primaryimage"},"thumbnailUrl":"https:\/\/charente.catholique.fr\/ouest-charente\/wp-content\/uploads\/sites\/6\/2025\/09\/Cine-reflexion-2025-2025-Cognac-e1759302668482.png","datePublished":"2025-09-24T09:03:08+00:00","dateModified":"2025-10-01T08:04:45+00:00","breadcrumb":{"@id":"https:\/\/charente.catholique.fr\/ouest-charente\/agenda\/cine-reflexion\/#breadcrumb"},"inLanguage":"fr-FR","potentialAction":[{"@type":"ReadAction","target":["https:\/\/charente.catholique.fr\/ouest-charente\/agenda\/cine-reflexion\/"]}]},{"@type":"ImageObject","inLanguage":"fr-FR","@id":"https:\/\/charente.catholique.fr\/ouest-charente\/agenda\/cine-reflexion\/#primaryimage","url":"https:\/\/charente.catholique.fr\/ouest-charente\/wp-content\/uploads\/sites\/6\/2025\/09\/Cine-reflexion-2025-2025-Cognac-e1759302668482.png","contentUrl":"https:\/\/charente.catholique.fr\/ouest-charente\/wp-content\/uploads\/sites\/6\/2025\/09\/Cine-reflexion-2025-2025-Cognac-e1759302668482.png","width":1413,"height":607},{"@type":"BreadcrumbList","@id":"https:\/\/charente.catholique.fr\/ouest-charente\/agenda\/cine-reflexion\/#breadcrumb","itemListElement":[{"@type":"ListItem","position":1,"name":"Accueil","item":"https:\/\/charente.catholique.fr\/ouest-charente\/"},{"@type":"ListItem","position":2,"name":"cin\u00e9 reflexion pour les coll\u00e9giens (5\u00e8me\/3\u00e8me)"}]},{"@type":"WebSite","@id":"https:\/\/charente.catholique.fr\/ouest-charente\/#website","url":"https:\/\/charente.catholique.fr\/ouest-charente\/","name":"Doyenn\u00e9 Ouest Charente - Dioc\u00e8se d'Angoul\u00eame","description":"Dioc\u00e8se d&#039;Angoul\u00eame","publisher":{"@id":"https:\/\/charente.catholique.fr\/ouest-charente\/#organization"},"potentialAction":[{"@type":"SearchAction","target":{"@type":"EntryPoint","urlTemplate":"https:\/\/charente.catholique.fr\/ouest-charente\/?s={search_term_string}"},"query-input":{"@type":"PropertyValueSpecification","valueRequired":true,"valueName":"search_term_string"}}],"inLanguage":"fr-FR"},{"@type":"Organization","@id":"https:\/\/charente.catholique.fr\/ouest-charente\/#organization","name":"Association dioc\u00e9saine d'Angoul\u00eame","url":"https:\/\/charente.catholique.fr\/ouest-charente\/","logo":{"@type":"ImageObject","inLanguage":"fr-FR","@id":"https:\/\/charente.catholique.fr\/ouest-charente\/#\/schema\/logo\/image\/","url":"https:\/\/charente.catholique.fr\/ouest-charente\/wp-content\/uploads\/sites\/6\/2020\/10\/logos.png","contentUrl":"https:\/\/charente.catholique.fr\/ouest-charente\/wp-content\/uploads\/sites\/6\/2020\/10\/logos.png","width":600,"height":257,"caption":"Association dioc\u00e9saine d'Angoul\u00eame"},"image":{"@id":"https:\/\/charente.catholique.fr\/ouest-charente\/#\/schema\/logo\/image\/"},"sameAs":["https:\/\/www.facebook.com\/EgliseCatholiqueCharente","https:\/\/x.com\/diocesecharente","https:\/\/www.instagram.com\/eglisecharente","https:\/\/www.youtube.com\/channel\/UCByyFWApZbw3gDTiADoiAaQ"]}]}},"_links":{"self":[{"href":"https:\/\/charente.catholique.fr\/ouest-charente\/wp-json\/wp\/v2\/evenement\/38018","targetHints":{"allow":["GET"]}}],"collection":[{"href":"https:\/\/charente.catholique.fr\/ouest-charente\/wp-json\/wp\/v2\/evenement"}],"about":[{"href":"https:\/\/charente.catholique.fr\/ouest-charente\/wp-json\/wp\/v2\/types\/evenement"}],"author":[{"embeddable":true,"href":"https:\/\/charente.catholique.fr\/ouest-charente\/wp-json\/wp\/v2\/users\/10"}],"version-history":[{"count":2,"href":"https:\/\/charente.catholique.fr\/ouest-charente\/wp-json\/wp\/v2\/evenement\/38018\/revisions"}],"predecessor-version":[{"id":38072,"href":"https:\/\/charente.catholique.fr\/ouest-charente\/wp-json\/wp\/v2\/evenement\/38018\/revisions\/38072"}],"wp:featuredmedia":[{"embeddable":true,"href":"https:\/\/charente.catholique.fr\/ouest-charente\/wp-json\/wp\/v2\/media\/38071"}],"wp:attachment":[{"href":"https:\/\/charente.catholique.fr\/ouest-charente\/wp-json\/wp\/v2\/media?parent=38018"}],"wp:term":[{"taxonomy":"category","embeddable":true,"href":"https:\/\/charente.catholique.fr\/ouest-charente\/wp-json\/wp\/v2\/categories?post=38018"},{"taxonomy":"post_tag","embeddable":true,"href":"https:\/\/charente.catholique.fr\/ouest-charente\/wp-json\/wp\/v2\/tags?post=38018"}],"curies":[{"name":"wp","href":"https:\/\/api.w.org\/{rel}","templated":true}]}}

ciné reflexion pour les collégiens (5ème/3ème)

salle Elisa à Cognac

<!-- This site is optimized with the Yoast SEO plugin v27.1.1 - https://yoast.com/product/yoast-seo-wordpress/ -->
<title>ciné reflexion pour les collégiens (5ème/3ème) - Doyenné Ouest Charente</title>
<meta name="robots" content="index, follow, max-snippet:-1, max-image-preview:large, max-video-preview:-1" />
<link rel="canonical" href="https://charente.catholique.fr/ouest-charente/agenda/cine-reflexion/" />
<meta property="og:locale" content="fr_FR" />
<meta property="og:type" content="article" />
<meta property="og:title" content="ciné reflexion pour les collégiens (5ème/3ème) - Doyenné Ouest Charente" />
<meta property="og:url" content="https://charente.catholique.fr/ouest-charente/agenda/cine-reflexion/" />
<meta property="og:site_name" content="Doyenné Ouest Charente" />
<meta property="article:publisher" content="https://www.facebook.com/EgliseCatholiqueCharente" />
<meta property="article:modified_time" content="2025-10-01T08:04:45+00:00" />
<meta property="og:image" content="https://charente.catholique.fr/ouest-charente/wp-content/uploads/sites/6/2025/09/Cine-reflexion-2025-2025-Cognac-e1759302668482.png" />
	<meta property="og:image:width" content="1413" />
	<meta property="og:image:height" content="607" />
	<meta property="og:image:type" content="image/png" />
<meta name="twitter:card" content="summary_large_image" />
<meta name="twitter:site" content="@diocesecharente" />
<meta name="twitter:label1" content="Durée de lecture estimée" />
	<meta name="twitter:data1" content="1 minute" />
<script type="application/ld+json" class="yoast-schema-graph">{"@context":"https://schema.org","@graph":[{"@type":"WebPage","@id":"https://charente.catholique.fr/ouest-charente/agenda/cine-reflexion/","url":"https://charente.catholique.fr/ouest-charente/agenda/cine-reflexion/","name":"ciné reflexion pour les collégiens (5ème/3ème) - Doyenné Ouest Charente","isPartOf":{"@id":"https://charente.catholique.fr/ouest-charente/#website"},"primaryImageOfPage":{"@id":"https://charente.catholique.fr/ouest-charente/agenda/cine-reflexion/#primaryimage"},"image":{"@id":"https://charente.catholique.fr/ouest-charente/agenda/cine-reflexion/#primaryimage"},"thumbnailUrl":"https://charente.catholique.fr/ouest-charente/wp-content/uploads/sites/6/2025/09/Cine-reflexion-2025-2025-Cognac-e1759302668482.png","datePublished":"2025-09-24T09:03:08+00:00","dateModified":"2025-10-01T08:04:45+00:00","breadcrumb":{"@id":"https://charente.catholique.fr/ouest-charente/agenda/cine-reflexion/#breadcrumb"},"inLanguage":"fr-FR","potentialAction":[{"@type":"ReadAction","target":["https://charente.catholique.fr/ouest-charente/agenda/cine-reflexion/"]}]},{"@type":"ImageObject","inLanguage":"fr-FR","@id":"https://charente.catholique.fr/ouest-charente/agenda/cine-reflexion/#primaryimage","url":"https://charente.catholique.fr/ouest-charente/wp-content/uploads/sites/6/2025/09/Cine-reflexion-2025-2025-Cognac-e1759302668482.png","contentUrl":"https://charente.catholique.fr/ouest-charente/wp-content/uploads/sites/6/2025/09/Cine-reflexion-2025-2025-Cognac-e1759302668482.png","width":1413,"height":607},{"@type":"BreadcrumbList","@id":"https://charente.catholique.fr/ouest-charente/agenda/cine-reflexion/#breadcrumb","itemListElement":[{"@type":"ListItem","position":1,"name":"Accueil","item":"https://charente.catholique.fr/ouest-charente/"},{"@type":"ListItem","position":2,"name":"ciné reflexion pour les collégiens (5ème/3ème)"}]},{"@type":"WebSite","@id":"https://charente.catholique.fr/ouest-charente/#website","url":"https://charente.catholique.fr/ouest-charente/","name":"Doyenné Ouest Charente - Diocèse d'Angoulême","description":"Diocèse d&#039;Angoulême","publisher":{"@id":"https://charente.catholique.fr/ouest-charente/#organization"},"potentialAction":[{"@type":"SearchAction","target":{"@type":"EntryPoint","urlTemplate":"https://charente.catholique.fr/ouest-charente/?s={search_term_string}"},"query-input":{"@type":"PropertyValueSpecification","valueRequired":true,"valueName":"search_term_string"}}],"inLanguage":"fr-FR"},{"@type":"Organization","@id":"https://charente.catholique.fr/ouest-charente/#organization","name":"Association diocésaine d'Angoulême","url":"https://charente.catholique.fr/ouest-charente/","logo":{"@type":"ImageObject","inLanguage":"fr-FR","@id":"https://charente.catholique.fr/ouest-charente/#/schema/logo/image/","url":"https://charente.catholique.fr/ouest-charente/wp-content/uploads/sites/6/2020/10/logos.png","contentUrl":"https://charente.catholique.fr/ouest-charente/wp-content/uploads/sites/6/2020/10/logos.png","width":600,"height":257,"caption":"Association diocésaine d'Angoulême"},"image":{"@id":"https://charente.catholique.fr/ouest-charente/#/schema/logo/image/"},"sameAs":["https://www.facebook.com/EgliseCatholiqueCharente","https://x.com/diocesecharente","https://www.instagram.com/eglisecharente","https://www.youtube.com/channel/UCByyFWApZbw3gDTiADoiAaQ"]}]}</script>
<!-- / Yoast SEO plugin. -->

ciné reflexion pour les collégiens (5ème/3ème) - Doyenné Ouest Charente

Doyenné Ouest Charente

Doyenné Ouest Charente - Diocèse d'Angoulême

Diocèse d&#039;Angoulême

Association diocésaine d'Angoulême
