{"id":37011,"date":"2025-05-15T20:01:28","date_gmt":"2025-05-15T18:01:28","guid":{"rendered":"https:\/\/charente.catholique.fr\/ouest-charente\/?post_type=evenement&#038;p=37011"},"modified":"2025-05-15T20:01:29","modified_gmt":"2025-05-15T18:01:29","slug":"visite-pastorale-de-msg-gosselin","status":"publish","type":"evenement","link":"https:\/\/charente.catholique.fr\/ouest-charente\/agenda\/visite-pastorale-de-msg-gosselin\/","title":{"rendered":"Visite pastorale de Msg Gosselin"},"content":{"rendered":"\n<p>Chers paroissiens,<\/p>\n\n\n\n<p>Monseigneur Herv\u00e9 Gosselin sera accueilli par le P\u00e8re Pierre-Marie Robert et le P\u00e8re Didier Kabor\u00e9 les 23, 24 et 25 mai prochain pour la visite pastorale de Notre-Dame-des-Borderies. Notre \u00e9v\u00eaque rencontrera les diff\u00e9rents acteurs de la paroisse, de la vie \u00e9conomique et sociale locale. Nous sommes invit\u00e9s \u00e0 entourer Monseigneur Herv\u00e9 Gosselin lors de la messe qu\u2019il pr\u00e9sidera dimanche \u00e0 10h30 \u00e0 Saint-Vivien de Cherves suivie d\u2019un ap\u00e9ritif et un pique-nique tir\u00e9 du sac.<\/p>\n\n\n\n<p><strong>Lors de ces visites, notre \u00e9v\u00eaque sera accompagn\u00e9 des P\u00e8res Pierre-Marie Robert et Didier Kabor\u00e9 avec les responsables de notre communaut\u00e9 (EAP).<\/strong><\/p>\n","protected":false},"author":64,"featured_media":6725,"template":"","meta":{"_acf_changed":false,"paroisse":["23"],"service":[],"footnotes":""},"categories":[],"tags":[],"class_list":["post-37011","evenement","type-evenement","status-publish","has-post-thumbnail","hentry"],"acf":{"start_date":"2025-05-23 09:00:00","end_date":"2025-05-25 14:00:00","location":"Paroisse Notre-Dame-des-Borderies","address":null},"yoast_head":"<!-- This site is optimized with the Yoast SEO plugin v27.1.1 - https:\/\/yoast.com\/product\/yoast-seo-wordpress\/ -->\n<title>Visite pastorale de Msg Gosselin - Doyenn\u00e9 Ouest Charente<\/title>\n<meta name=\"robots\" content=\"index, follow, max-snippet:-1, max-image-preview:large, max-video-preview:-1\" \/>\n<link rel=\"canonical\" href=\"https:\/\/charente.catholique.fr\/ouest-charente\/agenda\/visite-pastorale-de-msg-gosselin\/\" \/>\n<meta property=\"og:locale\" content=\"fr_FR\" \/>\n<meta property=\"og:type\" content=\"article\" \/>\n<meta property=\"og:title\" content=\"Visite pastorale de Msg Gosselin - Doyenn\u00e9 Ouest Charente\" \/>\n<meta property=\"og:description\" content=\"Chers paroissiens, Monseigneur Herv\u00e9 Gosselin sera accueilli par le P\u00e8re Pierre-Marie Robert et le P\u00e8re Didier Kabor\u00e9 les 23, 24 et 25 mai prochain pour la visite pastorale de Notre-Dame-des-Borderies. Notre \u00e9v\u00eaque rencontrera les diff\u00e9rents acteurs de la paroisse, de la vie \u00e9conomique et sociale locale. Nous sommes invit\u00e9s \u00e0 entourer Monseigneur Herv\u00e9 Gosselin lors [&hellip;]\" \/>\n<meta property=\"og:url\" content=\"https:\/\/charente.catholique.fr\/ouest-charente\/agenda\/visite-pastorale-de-msg-gosselin\/\" \/>\n<meta property=\"og:site_name\" content=\"Doyenn\u00e9 Ouest Charente\" \/>\n<meta property=\"article:publisher\" content=\"https:\/\/www.facebook.com\/EgliseCatholiqueCharente\" \/>\n<meta property=\"article:modified_time\" content=\"2025-05-15T18:01:29+00:00\" \/>\n<meta property=\"og:image\" content=\"https:\/\/charente.catholique.fr\/ouest-charente\/wp-content\/uploads\/sites\/6\/2020\/09\/mgr.h.gosselin.jpg\" \/>\n\t<meta property=\"og:image:width\" content=\"513\" \/>\n\t<meta property=\"og:image:height\" content=\"513\" \/>\n\t<meta property=\"og:image:type\" content=\"image\/jpeg\" \/>\n<meta name=\"twitter:card\" content=\"summary_large_image\" \/>\n<meta name=\"twitter:site\" content=\"@diocesecharente\" \/>\n<meta name=\"twitter:label1\" content=\"Dur\u00e9e de lecture estim\u00e9e\" \/>\n\t<meta name=\"twitter:data1\" content=\"1 minute\" \/>\n<script type=\"application\/ld+json\" class=\"yoast-schema-graph\">{\"@context\":\"https:\/\/schema.org\",\"@graph\":[{\"@type\":\"WebPage\",\"@id\":\"https:\/\/charente.catholique.fr\/ouest-charente\/agenda\/visite-pastorale-de-msg-gosselin\/\",\"url\":\"https:\/\/charente.catholique.fr\/ouest-charente\/agenda\/visite-pastorale-de-msg-gosselin\/\",\"name\":\"Visite pastorale de Msg Gosselin - Doyenn\u00e9 Ouest Charente\",\"isPartOf\":{\"@id\":\"https:\/\/charente.catholique.fr\/ouest-charente\/#website\"},\"primaryImageOfPage\":{\"@id\":\"https:\/\/charente.catholique.fr\/ouest-charente\/agenda\/visite-pastorale-de-msg-gosselin\/#primaryimage\"},\"image\":{\"@id\":\"https:\/\/charente.catholique.fr\/ouest-charente\/agenda\/visite-pastorale-de-msg-gosselin\/#primaryimage\"},\"thumbnailUrl\":\"https:\/\/charente.catholique.fr\/ouest-charente\/wp-content\/uploads\/sites\/6\/2020\/09\/mgr.h.gosselin.jpg\",\"datePublished\":\"2025-05-15T18:01:28+00:00\",\"dateModified\":\"2025-05-15T18:01:29+00:00\",\"breadcrumb\":{\"@id\":\"https:\/\/charente.catholique.fr\/ouest-charente\/agenda\/visite-pastorale-de-msg-gosselin\/#breadcrumb\"},\"inLanguage\":\"fr-FR\",\"potentialAction\":[{\"@type\":\"ReadAction\",\"target\":[\"https:\/\/charente.catholique.fr\/ouest-charente\/agenda\/visite-pastorale-de-msg-gosselin\/\"]}]},{\"@type\":\"ImageObject\",\"inLanguage\":\"fr-FR\",\"@id\":\"https:\/\/charente.catholique.fr\/ouest-charente\/agenda\/visite-pastorale-de-msg-gosselin\/#primaryimage\",\"url\":\"https:\/\/charente.catholique.fr\/ouest-charente\/wp-content\/uploads\/sites\/6\/2020\/09\/mgr.h.gosselin.jpg\",\"contentUrl\":\"https:\/\/charente.catholique.fr\/ouest-charente\/wp-content\/uploads\/sites\/6\/2020\/09\/mgr.h.gosselin.jpg\",\"width\":513,\"height\":513},{\"@type\":\"BreadcrumbList\",\"@id\":\"https:\/\/charente.catholique.fr\/ouest-charente\/agenda\/visite-pastorale-de-msg-gosselin\/#breadcrumb\",\"itemListElement\":[{\"@type\":\"ListItem\",\"position\":1,\"name\":\"Accueil\",\"item\":\"https:\/\/charente.catholique.fr\/ouest-charente\/\"},{\"@type\":\"ListItem\",\"position\":2,\"name\":\"Visite pastorale de Msg Gosselin\"}]},{\"@type\":\"WebSite\",\"@id\":\"https:\/\/charente.catholique.fr\/ouest-charente\/#website\",\"url\":\"https:\/\/charente.catholique.fr\/ouest-charente\/\",\"name\":\"Doyenn\u00e9 Ouest Charente - Dioc\u00e8se d'Angoul\u00eame\",\"description\":\"Dioc\u00e8se d&#039;Angoul\u00eame\",\"publisher\":{\"@id\":\"https:\/\/charente.catholique.fr\/ouest-charente\/#organization\"},\"potentialAction\":[{\"@type\":\"SearchAction\",\"target\":{\"@type\":\"EntryPoint\",\"urlTemplate\":\"https:\/\/charente.catholique.fr\/ouest-charente\/?s={search_term_string}\"},\"query-input\":{\"@type\":\"PropertyValueSpecification\",\"valueRequired\":true,\"valueName\":\"search_term_string\"}}],\"inLanguage\":\"fr-FR\"},{\"@type\":\"Organization\",\"@id\":\"https:\/\/charente.catholique.fr\/ouest-charente\/#organization\",\"name\":\"Association dioc\u00e9saine d'Angoul\u00eame\",\"url\":\"https:\/\/charente.catholique.fr\/ouest-charente\/\",\"logo\":{\"@type\":\"ImageObject\",\"inLanguage\":\"fr-FR\",\"@id\":\"https:\/\/charente.catholique.fr\/ouest-charente\/#\/schema\/logo\/image\/\",\"url\":\"https:\/\/charente.catholique.fr\/ouest-charente\/wp-content\/uploads\/sites\/6\/2020\/10\/logos.png\",\"contentUrl\":\"https:\/\/charente.catholique.fr\/ouest-charente\/wp-content\/uploads\/sites\/6\/2020\/10\/logos.png\",\"width\":600,\"height\":257,\"caption\":\"Association dioc\u00e9saine d'Angoul\u00eame\"},\"image\":{\"@id\":\"https:\/\/charente.catholique.fr\/ouest-charente\/#\/schema\/logo\/image\/\"},\"sameAs\":[\"https:\/\/www.facebook.com\/EgliseCatholiqueCharente\",\"https:\/\/x.com\/diocesecharente\",\"https:\/\/www.instagram.com\/eglisecharente\",\"https:\/\/www.youtube.com\/channel\/UCByyFWApZbw3gDTiADoiAaQ\"]}]}<\/script>\n<!-- \/ Yoast SEO plugin. -->","yoast_head_json":{"title":"Visite pastorale de Msg Gosselin - Doyenn\u00e9 Ouest Charente","robots":{"index":"index","follow":"follow","max-snippet":"max-snippet:-1","max-image-preview":"max-image-preview:large","max-video-preview":"max-video-preview:-1"},"canonical":"https:\/\/charente.catholique.fr\/ouest-charente\/agenda\/visite-pastorale-de-msg-gosselin\/","og_locale":"fr_FR","og_type":"article","og_title":"Visite pastorale de Msg Gosselin - Doyenn\u00e9 Ouest Charente","og_description":"Chers paroissiens, Monseigneur Herv\u00e9 Gosselin sera accueilli par le P\u00e8re Pierre-Marie Robert et le P\u00e8re Didier Kabor\u00e9 les 23, 24 et 25 mai prochain pour la visite pastorale de Notre-Dame-des-Borderies. Notre \u00e9v\u00eaque rencontrera les diff\u00e9rents acteurs de la paroisse, de la vie \u00e9conomique et sociale locale. Nous sommes invit\u00e9s \u00e0 entourer Monseigneur Herv\u00e9 Gosselin lors [&hellip;]","og_url":"https:\/\/charente.catholique.fr\/ouest-charente\/agenda\/visite-pastorale-de-msg-gosselin\/","og_site_name":"Doyenn\u00e9 Ouest Charente","article_publisher":"https:\/\/www.facebook.com\/EgliseCatholiqueCharente","article_modified_time":"2025-05-15T18:01:29+00:00","og_image":[{"width":513,"height":513,"url":"https:\/\/charente.catholique.fr\/ouest-charente\/wp-content\/uploads\/sites\/6\/2020\/09\/mgr.h.gosselin.jpg","type":"image\/jpeg"}],"twitter_card":"summary_large_image","twitter_site":"@diocesecharente","twitter_misc":{"Dur\u00e9e de lecture estim\u00e9e":"1 minute"},"schema":{"@context":"https:\/\/schema.org","@graph":[{"@type":"WebPage","@id":"https:\/\/charente.catholique.fr\/ouest-charente\/agenda\/visite-pastorale-de-msg-gosselin\/","url":"https:\/\/charente.catholique.fr\/ouest-charente\/agenda\/visite-pastorale-de-msg-gosselin\/","name":"Visite pastorale de Msg Gosselin - Doyenn\u00e9 Ouest Charente","isPartOf":{"@id":"https:\/\/charente.catholique.fr\/ouest-charente\/#website"},"primaryImageOfPage":{"@id":"https:\/\/charente.catholique.fr\/ouest-charente\/agenda\/visite-pastorale-de-msg-gosselin\/#primaryimage"},"image":{"@id":"https:\/\/charente.catholique.fr\/ouest-charente\/agenda\/visite-pastorale-de-msg-gosselin\/#primaryimage"},"thumbnailUrl":"https:\/\/charente.catholique.fr\/ouest-charente\/wp-content\/uploads\/sites\/6\/2020\/09\/mgr.h.gosselin.jpg","datePublished":"2025-05-15T18:01:28+00:00","dateModified":"2025-05-15T18:01:29+00:00","breadcrumb":{"@id":"https:\/\/charente.catholique.fr\/ouest-charente\/agenda\/visite-pastorale-de-msg-gosselin\/#breadcrumb"},"inLanguage":"fr-FR","potentialAction":[{"@type":"ReadAction","target":["https:\/\/charente.catholique.fr\/ouest-charente\/agenda\/visite-pastorale-de-msg-gosselin\/"]}]},{"@type":"ImageObject","inLanguage":"fr-FR","@id":"https:\/\/charente.catholique.fr\/ouest-charente\/agenda\/visite-pastorale-de-msg-gosselin\/#primaryimage","url":"https:\/\/charente.catholique.fr\/ouest-charente\/wp-content\/uploads\/sites\/6\/2020\/09\/mgr.h.gosselin.jpg","contentUrl":"https:\/\/charente.catholique.fr\/ouest-charente\/wp-content\/uploads\/sites\/6\/2020\/09\/mgr.h.gosselin.jpg","width":513,"height":513},{"@type":"BreadcrumbList","@id":"https:\/\/charente.catholique.fr\/ouest-charente\/agenda\/visite-pastorale-de-msg-gosselin\/#breadcrumb","itemListElement":[{"@type":"ListItem","position":1,"name":"Accueil","item":"https:\/\/charente.catholique.fr\/ouest-charente\/"},{"@type":"ListItem","position":2,"name":"Visite pastorale de Msg Gosselin"}]},{"@type":"WebSite","@id":"https:\/\/charente.catholique.fr\/ouest-charente\/#website","url":"https:\/\/charente.catholique.fr\/ouest-charente\/","name":"Doyenn\u00e9 Ouest Charente - Dioc\u00e8se d'Angoul\u00eame","description":"Dioc\u00e8se d&#039;Angoul\u00eame","publisher":{"@id":"https:\/\/charente.catholique.fr\/ouest-charente\/#organization"},"potentialAction":[{"@type":"SearchAction","target":{"@type":"EntryPoint","urlTemplate":"https:\/\/charente.catholique.fr\/ouest-charente\/?s={search_term_string}"},"query-input":{"@type":"PropertyValueSpecification","valueRequired":true,"valueName":"search_term_string"}}],"inLanguage":"fr-FR"},{"@type":"Organization","@id":"https:\/\/charente.catholique.fr\/ouest-charente\/#organization","name":"Association dioc\u00e9saine d'Angoul\u00eame","url":"https:\/\/charente.catholique.fr\/ouest-charente\/","logo":{"@type":"ImageObject","inLanguage":"fr-FR","@id":"https:\/\/charente.catholique.fr\/ouest-charente\/#\/schema\/logo\/image\/","url":"https:\/\/charente.catholique.fr\/ouest-charente\/wp-content\/uploads\/sites\/6\/2020\/10\/logos.png","contentUrl":"https:\/\/charente.catholique.fr\/ouest-charente\/wp-content\/uploads\/sites\/6\/2020\/10\/logos.png","width":600,"height":257,"caption":"Association dioc\u00e9saine d'Angoul\u00eame"},"image":{"@id":"https:\/\/charente.catholique.fr\/ouest-charente\/#\/schema\/logo\/image\/"},"sameAs":["https:\/\/www.facebook.com\/EgliseCatholiqueCharente","https:\/\/x.com\/diocesecharente","https:\/\/www.instagram.com\/eglisecharente","https:\/\/www.youtube.com\/channel\/UCByyFWApZbw3gDTiADoiAaQ"]}]}},"_links":{"self":[{"href":"https:\/\/charente.catholique.fr\/ouest-charente\/wp-json\/wp\/v2\/evenement\/37011","targetHints":{"allow":["GET"]}}],"collection":[{"href":"https:\/\/charente.catholique.fr\/ouest-charente\/wp-json\/wp\/v2\/evenement"}],"about":[{"href":"https:\/\/charente.catholique.fr\/ouest-charente\/wp-json\/wp\/v2\/types\/evenement"}],"author":[{"embeddable":true,"href":"https:\/\/charente.catholique.fr\/ouest-charente\/wp-json\/wp\/v2\/users\/64"}],"version-history":[{"count":1,"href":"https:\/\/charente.catholique.fr\/ouest-charente\/wp-json\/wp\/v2\/evenement\/37011\/revisions"}],"predecessor-version":[{"id":37012,"href":"https:\/\/charente.catholique.fr\/ouest-charente\/wp-json\/wp\/v2\/evenement\/37011\/revisions\/37012"}],"wp:featuredmedia":[{"embeddable":true,"href":"https:\/\/charente.catholique.fr\/ouest-charente\/wp-json\/wp\/v2\/media\/6725"}],"wp:attachment":[{"href":"https:\/\/charente.catholique.fr\/ouest-charente\/wp-json\/wp\/v2\/media?parent=37011"}],"wp:term":[{"taxonomy":"category","embeddable":true,"href":"https:\/\/charente.catholique.fr\/ouest-charente\/wp-json\/wp\/v2\/categories?post=37011"},{"taxonomy":"post_tag","embeddable":true,"href":"https:\/\/charente.catholique.fr\/ouest-charente\/wp-json\/wp\/v2\/tags?post=37011"}],"curies":[{"name":"wp","href":"https:\/\/api.w.org\/{rel}","templated":true}]}}

<p>Chers paroissiens,</p>



<p>Monseigneur Hervé Gosselin sera accueilli par le Père Pierre-Marie Robert et le Père Didier Kaboré les 23, 24 et 25 mai prochain pour la visite pastorale de Notre-Dame-des-Borderies. Notre évêque rencontrera les différents acteurs de la paroisse, de la vie économique et sociale locale. Nous sommes invités à entourer Monseigneur Hervé Gosselin lors de la messe qu’il présidera dimanche à 10h30 à Saint-Vivien de Cherves suivie d’un apéritif et un pique-nique tiré du sac.</p>



<p><strong>Lors de ces visites, notre évêque sera accompagné des Pères Pierre-Marie Robert et Didier Kaboré avec les responsables de notre communauté (EAP).</strong></p>

<!-- This site is optimized with the Yoast SEO plugin v27.1.1 - https://yoast.com/product/yoast-seo-wordpress/ -->
<title>Visite pastorale de Msg Gosselin - Doyenné Ouest Charente</title>
<meta name="robots" content="index, follow, max-snippet:-1, max-image-preview:large, max-video-preview:-1" />
<link rel="canonical" href="https://charente.catholique.fr/ouest-charente/agenda/visite-pastorale-de-msg-gosselin/" />
<meta property="og:locale" content="fr_FR" />
<meta property="og:type" content="article" />
<meta property="og:title" content="Visite pastorale de Msg Gosselin - Doyenné Ouest Charente" />
<meta property="og:description" content="Chers paroissiens, Monseigneur Hervé Gosselin sera accueilli par le Père Pierre-Marie Robert et le Père Didier Kaboré les 23, 24 et 25 mai prochain pour la visite pastorale de Notre-Dame-des-Borderies. Notre évêque rencontrera les différents acteurs de la paroisse, de la vie économique et sociale locale. Nous sommes invités à entourer Monseigneur Hervé Gosselin lors [&hellip;]" />
<meta property="og:url" content="https://charente.catholique.fr/ouest-charente/agenda/visite-pastorale-de-msg-gosselin/" />
<meta property="og:site_name" content="Doyenné Ouest Charente" />
<meta property="article:publisher" content="https://www.facebook.com/EgliseCatholiqueCharente" />
<meta property="article:modified_time" content="2025-05-15T18:01:29+00:00" />
<meta property="og:image" content="https://charente.catholique.fr/ouest-charente/wp-content/uploads/sites/6/2020/09/mgr.h.gosselin.jpg" />
	<meta property="og:image:width" content="513" />
	<meta property="og:image:height" content="513" />
	<meta property="og:image:type" content="image/jpeg" />
<meta name="twitter:card" content="summary_large_image" />
<meta name="twitter:site" content="@diocesecharente" />
<meta name="twitter:label1" content="Durée de lecture estimée" />
	<meta name="twitter:data1" content="1 minute" />
<script type="application/ld+json" class="yoast-schema-graph">{"@context":"https://schema.org","@graph":[{"@type":"WebPage","@id":"https://charente.catholique.fr/ouest-charente/agenda/visite-pastorale-de-msg-gosselin/","url":"https://charente.catholique.fr/ouest-charente/agenda/visite-pastorale-de-msg-gosselin/","name":"Visite pastorale de Msg Gosselin - Doyenné Ouest Charente","isPartOf":{"@id":"https://charente.catholique.fr/ouest-charente/#website"},"primaryImageOfPage":{"@id":"https://charente.catholique.fr/ouest-charente/agenda/visite-pastorale-de-msg-gosselin/#primaryimage"},"image":{"@id":"https://charente.catholique.fr/ouest-charente/agenda/visite-pastorale-de-msg-gosselin/#primaryimage"},"thumbnailUrl":"https://charente.catholique.fr/ouest-charente/wp-content/uploads/sites/6/2020/09/mgr.h.gosselin.jpg","datePublished":"2025-05-15T18:01:28+00:00","dateModified":"2025-05-15T18:01:29+00:00","breadcrumb":{"@id":"https://charente.catholique.fr/ouest-charente/agenda/visite-pastorale-de-msg-gosselin/#breadcrumb"},"inLanguage":"fr-FR","potentialAction":[{"@type":"ReadAction","target":["https://charente.catholique.fr/ouest-charente/agenda/visite-pastorale-de-msg-gosselin/"]}]},{"@type":"ImageObject","inLanguage":"fr-FR","@id":"https://charente.catholique.fr/ouest-charente/agenda/visite-pastorale-de-msg-gosselin/#primaryimage","url":"https://charente.catholique.fr/ouest-charente/wp-content/uploads/sites/6/2020/09/mgr.h.gosselin.jpg","contentUrl":"https://charente.catholique.fr/ouest-charente/wp-content/uploads/sites/6/2020/09/mgr.h.gosselin.jpg","width":513,"height":513},{"@type":"BreadcrumbList","@id":"https://charente.catholique.fr/ouest-charente/agenda/visite-pastorale-de-msg-gosselin/#breadcrumb","itemListElement":[{"@type":"ListItem","position":1,"name":"Accueil","item":"https://charente.catholique.fr/ouest-charente/"},{"@type":"ListItem","position":2,"name":"Visite pastorale de Msg Gosselin"}]},{"@type":"WebSite","@id":"https://charente.catholique.fr/ouest-charente/#website","url":"https://charente.catholique.fr/ouest-charente/","name":"Doyenné Ouest Charente - Diocèse d'Angoulême","description":"Diocèse d&#039;Angoulême","publisher":{"@id":"https://charente.catholique.fr/ouest-charente/#organization"},"potentialAction":[{"@type":"SearchAction","target":{"@type":"EntryPoint","urlTemplate":"https://charente.catholique.fr/ouest-charente/?s={search_term_string}"},"query-input":{"@type":"PropertyValueSpecification","valueRequired":true,"valueName":"search_term_string"}}],"inLanguage":"fr-FR"},{"@type":"Organization","@id":"https://charente.catholique.fr/ouest-charente/#organization","name":"Association diocésaine d'Angoulême","url":"https://charente.catholique.fr/ouest-charente/","logo":{"@type":"ImageObject","inLanguage":"fr-FR","@id":"https://charente.catholique.fr/ouest-charente/#/schema/logo/image/","url":"https://charente.catholique.fr/ouest-charente/wp-content/uploads/sites/6/2020/10/logos.png","contentUrl":"https://charente.catholique.fr/ouest-charente/wp-content/uploads/sites/6/2020/10/logos.png","width":600,"height":257,"caption":"Association diocésaine d'Angoulême"},"image":{"@id":"https://charente.catholique.fr/ouest-charente/#/schema/logo/image/"},"sameAs":["https://www.facebook.com/EgliseCatholiqueCharente","https://x.com/diocesecharente","https://www.instagram.com/eglisecharente","https://www.youtube.com/channel/UCByyFWApZbw3gDTiADoiAaQ"]}]}</script>
<!-- / Yoast SEO plugin. -->

Visite pastorale de Msg Gosselin - Doyenné Ouest Charente

Chers paroissiens, Monseigneur Hervé Gosselin sera accueilli par le Père Pierre-Marie Robert et le Père Didier Kaboré les 23, 24 et 25 mai prochain pour la visite pastorale de Notre-Dame-des-Borderies. Notre évêque rencontrera les différents acteurs de la paroisse, de la vie économique et sociale locale. Nous sommes invités à entourer Monseigneur Hervé Gosselin lors [&hellip;]

Doyenné Ouest Charente

Doyenné Ouest Charente - Diocèse d'Angoulême

Diocèse d&#039;Angoulême

Association diocésaine d'Angoulême
