{"version":"1.0","provider_name":"Doyenn\u00e9 Ouest Charente","provider_url":"https:\/\/charente.catholique.fr\/ouest-charente","author_name":"Sylvaine","author_url":"https:\/\/charente.catholique.fr\/ouest-charente\/author\/sylvainelacrouts\/","title":"L'avenir se dessine pour Bassac, Une Oasis Vivifiante - Doyenn\u00e9 Ouest Charente","type":"rich","width":600,"height":338,"html":"<blockquote class=\"wp-embedded-content\" data-secret=\"UWTZjli1j8\"><a href=\"https:\/\/charente.catholique.fr\/ouest-charente\/actualites\/lavenir-se-dessine-pour-bassac\/\">L&#8217;avenir se dessine pour Bassac, Une Oasis Vivifiante<\/a><\/blockquote><iframe sandbox=\"allow-scripts\" security=\"restricted\" src=\"https:\/\/charente.catholique.fr\/ouest-charente\/actualites\/lavenir-se-dessine-pour-bassac\/embed\/#?secret=UWTZjli1j8\" width=\"600\" height=\"338\" title=\"\u00ab\u00a0L&#8217;avenir se dessine pour Bassac, Une Oasis Vivifiante\u00a0\u00bb &#8212; Doyenn\u00e9 Ouest Charente\" data-secret=\"UWTZjli1j8\" frameborder=\"0\" marginwidth=\"0\" marginheight=\"0\" scrolling=\"no\" class=\"wp-embedded-content\"><\/iframe><script type=\"text\/javascript\">\n\/* <![CDATA[ *\/\n\/*! This file is auto-generated *\/\n!function(d,l){\"use strict\";l.querySelector&&d.addEventListener&&\"undefined\"!=typeof URL&&(d.wp=d.wp||{},d.wp.receiveEmbedMessage||(d.wp.receiveEmbedMessage=function(e){var t=e.data;if((t||t.secret||t.message||t.value)&&!\/[^a-zA-Z0-9]\/.test(t.secret)){for(var s,r,n,a=l.querySelectorAll('iframe[data-secret=\"'+t.secret+'\"]'),o=l.querySelectorAll('blockquote[data-secret=\"'+t.secret+'\"]'),c=new RegExp(\"^https?:$\",\"i\"),i=0;i<o.length;i++)o[i].style.display=\"none\";for(i=0;i<a.length;i++)s=a[i],e.source===s.contentWindow&&(s.removeAttribute(\"style\"),\"height\"===t.message?(1e3<(r=parseInt(t.value,10))?r=1e3:~~r<200&&(r=200),s.height=r):\"link\"===t.message&&(r=new URL(s.getAttribute(\"src\")),n=new URL(t.value),c.test(n.protocol))&&n.host===r.host&&l.activeElement===s&&(d.top.location.href=t.value))}},d.addEventListener(\"message\",d.wp.receiveEmbedMessage,!1),l.addEventListener(\"DOMContentLoaded\",function(){for(var e,t,s=l.querySelectorAll(\"iframe.wp-embedded-content\"),r=0;r<s.length;r++)(t=(e=s[r]).getAttribute(\"data-secret\"))||(t=Math.random().toString(36).substring(2,12),e.src+=\"#?secret=\"+t,e.setAttribute(\"data-secret\",t)),e.contentWindow.postMessage({message:\"ready\",secret:t},\"*\")},!1)))}(window,document);\n\/\/# sourceURL=https:\/\/charente.catholique.fr\/ouest-charente\/wp-includes\/js\/wp-embed.min.js\n\/* ]]> *\/\n<\/script>\n","thumbnail_url":"https:\/\/charente.catholique.fr\/ouest-charente\/wp-content\/uploads\/sites\/6\/2021\/06\/bandeau-bassac-1920x889.jpg","thumbnail_width":1920,"thumbnail_height":889,"description":"L\u2019association des Amis de l\u2019Abbaye de Bassac est une association qui accompagne la vie et l\u2019animation d\u2019un lieu embl\u00e9matique charentais entre spiritualit\u00e9, patrimoine et culture\u2026 Aujourd\u2019hui, un projet se dessine et se pr\u00e9cise autour du site et de cette abbaye mill\u00e9naire dans une continuit\u00e9 de transmission et de partage\u2026Herv\u00e9 Catala, le pr\u00e9sident de cette association [&hellip;]"}

Doyenné Ouest Charente

L'avenir se dessine pour Bassac, Une Oasis Vivifiante - Doyenné Ouest Charente

<blockquote class="wp-embedded-content" data-secret="UWTZjli1j8"><a href="https://charente.catholique.fr/ouest-charente/actualites/lavenir-se-dessine-pour-bassac/">L&#8217;avenir se dessine pour Bassac, Une Oasis Vivifiante</a></blockquote><iframe sandbox="allow-scripts" security="restricted" src="https://charente.catholique.fr/ouest-charente/actualites/lavenir-se-dessine-pour-bassac/embed/#?secret=UWTZjli1j8" width="600" height="338" title="« L&#8217;avenir se dessine pour Bassac, Une Oasis Vivifiante » &#8212; Doyenné Ouest Charente" data-secret="UWTZjli1j8" frameborder="0" marginwidth="0" marginheight="0" scrolling="no" class="wp-embedded-content"></iframe><script type="text/javascript">
/* <![CDATA[ */
/*! This file is auto-generated */
!function(d,l){"use strict";l.querySelector&&d.addEventListener&&"undefined"!=typeof URL&&(d.wp=d.wp||{},d.wp.receiveEmbedMessage||(d.wp.receiveEmbedMessage=function(e){var t=e.data;if((t||t.secret||t.message||t.value)&&!/[^a-zA-Z0-9]/.test(t.secret)){for(var s,r,n,a=l.querySelectorAll('iframe[data-secret="'+t.secret+'"]'),o=l.querySelectorAll('blockquote[data-secret="'+t.secret+'"]'),c=new RegExp("^https?:$","i"),i=0;i<o.length;i++)o[i].style.display="none";for(i=0;i<a.length;i++)s=a[i],e.source===s.contentWindow&&(s.removeAttribute("style"),"height"===t.message?(1e3<(r=parseInt(t.value,10))?r=1e3:~~r<200&&(r=200),s.height=r):"link"===t.message&&(r=new URL(s.getAttribute("src")),n=new URL(t.value),c.test(n.protocol))&&n.host===r.host&&l.activeElement===s&&(d.top.location.href=t.value))}},d.addEventListener("message",d.wp.receiveEmbedMessage,!1),l.addEventListener("DOMContentLoaded",function(){for(var e,t,s=l.querySelectorAll("iframe.wp-embedded-content"),r=0;r<s.length;r++)(t=(e=s[r]).getAttribute("data-secret"))||(t=Math.random().toString(36).substring(2,12),e.src+="#?secret="+t,e.setAttribute("data-secret",t)),e.contentWindow.postMessage({message:"ready",secret:t},"*")},!1)))}(window,document);
//# sourceURL=https://charente.catholique.fr/ouest-charente/wp-includes/js/wp-embed.min.js
/* ]]> */
</script>

L’association des Amis de l’Abbaye de Bassac est une association qui accompagne la vie et l’animation d’un lieu emblématique charentais entre spiritualité, patrimoine et culture… Aujourd’hui, un projet se dessine et se précise autour du site et de cette abbaye millénaire dans une continuité de transmission et de partage…Hervé Catala, le président de cette association [&hellip;]
