{"version":"1.0","provider_name":"Doyenn\u00e9 Ouest Charente","provider_url":"https:\/\/charente.catholique.fr\/ouest-charente","author_name":"edithnedelec","author_url":"https:\/\/charente.catholique.fr\/ouest-charente\/author\/edithnedelec\/","title":"FORMATION LITURGIQUE - Doyenn\u00e9 Ouest Charente","type":"rich","width":600,"height":338,"html":"<blockquote class=\"wp-embedded-content\" data-secret=\"UBLwlUtPYu\"><a href=\"https:\/\/charente.catholique.fr\/ouest-charente\/actualites\/formation-liturgique\/\">FORMATION LITURGIQUE<\/a><\/blockquote><iframe sandbox=\"allow-scripts\" security=\"restricted\" src=\"https:\/\/charente.catholique.fr\/ouest-charente\/actualites\/formation-liturgique\/embed\/#?secret=UBLwlUtPYu\" width=\"600\" height=\"338\" title=\"\u00ab\u00a0FORMATION LITURGIQUE\u00a0\u00bb &#8212; Doyenn\u00e9 Ouest Charente\" data-secret=\"UBLwlUtPYu\" frameborder=\"0\" marginwidth=\"0\" marginheight=\"0\" scrolling=\"no\" class=\"wp-embedded-content\"><\/iframe><script type=\"text\/javascript\">\n\/* <![CDATA[ *\/\n\/*! This file is auto-generated *\/\n!function(d,l){\"use strict\";l.querySelector&&d.addEventListener&&\"undefined\"!=typeof URL&&(d.wp=d.wp||{},d.wp.receiveEmbedMessage||(d.wp.receiveEmbedMessage=function(e){var t=e.data;if((t||t.secret||t.message||t.value)&&!\/[^a-zA-Z0-9]\/.test(t.secret)){for(var s,r,n,a=l.querySelectorAll('iframe[data-secret=\"'+t.secret+'\"]'),o=l.querySelectorAll('blockquote[data-secret=\"'+t.secret+'\"]'),c=new RegExp(\"^https?:$\",\"i\"),i=0;i<o.length;i++)o[i].style.display=\"none\";for(i=0;i<a.length;i++)s=a[i],e.source===s.contentWindow&&(s.removeAttribute(\"style\"),\"height\"===t.message?(1e3<(r=parseInt(t.value,10))?r=1e3:~~r<200&&(r=200),s.height=r):\"link\"===t.message&&(r=new URL(s.getAttribute(\"src\")),n=new URL(t.value),c.test(n.protocol))&&n.host===r.host&&l.activeElement===s&&(d.top.location.href=t.value))}},d.addEventListener(\"message\",d.wp.receiveEmbedMessage,!1),l.addEventListener(\"DOMContentLoaded\",function(){for(var e,t,s=l.querySelectorAll(\"iframe.wp-embedded-content\"),r=0;r<s.length;r++)(t=(e=s[r]).getAttribute(\"data-secret\"))||(t=Math.random().toString(36).substring(2,12),e.src+=\"#?secret=\"+t,e.setAttribute(\"data-secret\",t)),e.contentWindow.postMessage({message:\"ready\",secret:t},\"*\")},!1)))}(window,document);\n\/\/# sourceURL=https:\/\/charente.catholique.fr\/ouest-charente\/wp-includes\/js\/wp-embed.min.js\n\/* ]]> *\/\n<\/script>\n","thumbnail_url":"https:\/\/charente.catholique.fr\/ouest-charente\/wp-content\/uploads\/sites\/6\/2025\/03\/formacion-liturgica-para-laicos-carf-1.png","thumbnail_width":720,"thumbnail_height":400,"description":"Vendredi 7 mars de 19H00 \u00e0 20H00 \u00e0 l&#8217;\u00e9glise de Segonzac Le P\u00e8re St\u00e9phane-Jean et le P\u00e8re Dominique proposent \u00e0 l&#8217;ensemble des Paroissiens(es) une formation liturgique (conseils pratiques de la lecture de la Parole de Dieu\u2026). Ceci pour une belle c\u00e9l\u00e9bration \u00e0 la Gloire de Dieu et pour notre Salut. Vous \u00eates tous les bienvenu(es)"}

Doyenné Ouest Charente

FORMATION LITURGIQUE - Doyenné Ouest Charente

<blockquote class="wp-embedded-content" data-secret="UBLwlUtPYu"><a href="https://charente.catholique.fr/ouest-charente/actualites/formation-liturgique/">FORMATION LITURGIQUE</a></blockquote><iframe sandbox="allow-scripts" security="restricted" src="https://charente.catholique.fr/ouest-charente/actualites/formation-liturgique/embed/#?secret=UBLwlUtPYu" width="600" height="338" title="« FORMATION LITURGIQUE » &#8212; Doyenné Ouest Charente" data-secret="UBLwlUtPYu" frameborder="0" marginwidth="0" marginheight="0" scrolling="no" class="wp-embedded-content"></iframe><script type="text/javascript">
/* <![CDATA[ */
/*! This file is auto-generated */
!function(d,l){"use strict";l.querySelector&&d.addEventListener&&"undefined"!=typeof URL&&(d.wp=d.wp||{},d.wp.receiveEmbedMessage||(d.wp.receiveEmbedMessage=function(e){var t=e.data;if((t||t.secret||t.message||t.value)&&!/[^a-zA-Z0-9]/.test(t.secret)){for(var s,r,n,a=l.querySelectorAll('iframe[data-secret="'+t.secret+'"]'),o=l.querySelectorAll('blockquote[data-secret="'+t.secret+'"]'),c=new RegExp("^https?:$","i"),i=0;i<o.length;i++)o[i].style.display="none";for(i=0;i<a.length;i++)s=a[i],e.source===s.contentWindow&&(s.removeAttribute("style"),"height"===t.message?(1e3<(r=parseInt(t.value,10))?r=1e3:~~r<200&&(r=200),s.height=r):"link"===t.message&&(r=new URL(s.getAttribute("src")),n=new URL(t.value),c.test(n.protocol))&&n.host===r.host&&l.activeElement===s&&(d.top.location.href=t.value))}},d.addEventListener("message",d.wp.receiveEmbedMessage,!1),l.addEventListener("DOMContentLoaded",function(){for(var e,t,s=l.querySelectorAll("iframe.wp-embedded-content"),r=0;r<s.length;r++)(t=(e=s[r]).getAttribute("data-secret"))||(t=Math.random().toString(36).substring(2,12),e.src+="#?secret="+t,e.setAttribute("data-secret",t)),e.contentWindow.postMessage({message:"ready",secret:t},"*")},!1)))}(window,document);
//# sourceURL=https://charente.catholique.fr/ouest-charente/wp-includes/js/wp-embed.min.js
/* ]]> */
</script>

Vendredi 7 mars de 19H00 à 20H00 à l&#8217;église de Segonzac Le Père Stéphane-Jean et le Père Dominique proposent à l&#8217;ensemble des Paroissiens(es) une formation liturgique (conseils pratiques de la lecture de la Parole de Dieu…). Ceci pour une belle célébration à la Gloire de Dieu et pour notre Salut. Vous êtes tous les bienvenu(es)
