{"id":2,"date":"2020-09-14T22:56:36","date_gmt":"2020-09-14T20:56:36","guid":{"rendered":"https:\/\/charente.catholique.fr\/maison-diocesaine\/?page_id=2"},"modified":"2024-11-26T11:00:09","modified_gmt":"2024-11-26T10:00:09","slug":"accueil","status":"publish","type":"page","link":"https:\/\/charente.catholique.fr\/maison-diocesaine\/","title":{"rendered":"Accueil"},"content":{"rendered":"\n<p>Bienvenue sur le site de la Maison Dioc\u00e9saine.<\/p>\n\n\n\n<p>Au pied du promontoire qui porte le Vieil Angoul\u00eame, domin\u00e9e par le clocher de l\u2019\u00e9glise Saint-Ausone,&nbsp;<strong>la Maison dioc\u00e9saine est un lieu au service de l\u2019Eglise catholique de Charente<\/strong><\/p>\n\n\n\n<p><strong>un lieu de r\u00e9sidence<\/strong>&nbsp;pour l\u2019\u00e9v\u00eaque d\u2019Angoul\u00eame, le P\u00e8re Herv\u00e9 Gosselin, et une dizaine de pr\u00eatres a\u00een\u00e9s.<br><strong>un lieu de responsabilit\u00e9 apostolique<\/strong>, signifi\u00e9e par la pr\u00e9sence des diff\u00e9rents services et mouvements qui en assurent la vie quotidienne.<br>Ceux qui habitent et font vivre cette Maison souhaitent \u00e9galement en faire&nbsp;<strong>un lieu d\u2019accueil ouvert \u00e0 tous<\/strong>.<br>L\u2019esprit de communion entre les uns et les autres peut se vivre aux diverses heures de la journ\u00e9e.&nbsp;<br><strong>un lieu de pri\u00e8re<\/strong>, pour un office ou un temps de pri\u00e8re dans la chapelle.<br><strong>Un lieu de travail<\/strong>, dans une salle de r\u00e9union ou dans la salle \u00e0 manger, pour un moment de travail, d\u2019\u00e9changes ou de convivialit\u00e9.<br>Signes mat\u00e9riels de l\u2019adaptation de l\u2019Eglise dioc\u00e9saine aux r\u00e9alit\u00e9s d\u2019aujourd\u2019hui et de son ouverture au monde, les travaux pass\u00e9s, en cours et \u00e0 venir doivent permettre de rendre cette \u00ab&nbsp;maison de tous&nbsp;\u00bb plus accessible et d\u2019y accueillir ceux qui viennent demander un service dans des locaux dignes des conditions de vie actuelle.<br><strong>Un lieu pour tous<\/strong>, La Maison Dioc\u00e9saine d\u2019Angoul\u00eame est ouverte \u00e0 tous et accueille les services et mouvements dioc\u00e9sains, mais aussi des groupes non confessionnels, pour des r\u00e9unions, des s\u00e9minaires ou des stages. Les p\u00e8lerins ou h\u00f4tes de passage recommand\u00e9s par leur dioc\u00e8se.<\/p>\n\n\n\n<blockquote class=\"wp-block-quote is-layout-flow wp-block-quote-is-layout-flow\">\n<h4 class=\"wp-block-heading has-text-align-center\">Informations pratiques<\/h4>\n\n\n\n<p><strong>Acc\u00e8s et stationnement\u00a0:<\/strong><br>1, rue Lucie Valore 16000 Angoul\u00eame<br>Grand parking sur place<\/p>\n\n\n\n<p>Depuis la gare SNCF, emprunter le bus ligne A, arr\u00eat S\u00e9minaire.<\/p>\n\n\n\n<p><strong>L\u2019accueil est ouvert&nbsp;:<br>du lundi au vendredi de 9h \u00e0 12 h et de 14h \u00e0 18 h<\/strong><\/p>\n\n\n\n<p>L\u2019accueil t\u00e9l\u00e9phonique au&nbsp;<strong>05 45 91 34 44<\/strong>&nbsp;aux m\u00eame horaires .<\/p>\n\n\n\n<p><strong>Tarifs et r\u00e9servations&nbsp;:<\/strong><br><a href=\"mailto:maisondio@dio16.fr\" target=\"_blank\" rel=\"noreferrer noopener\">maisondio@dio16.fr<\/a><\/p>\n\n\n\n<p><\/p>\n<\/blockquote>\n\n\n\n<hr class=\"wp-block-separator has-css-opacity\"\/>\n\n\n\n<h4 class=\"wp-block-heading has-text-align-center\">Plan d&#8217;acc\u00e8s<\/h4>\n\n\n\n<figure class=\"wp-block-image size-full\"><img loading=\"lazy\" decoding=\"async\" width=\"1173\" height=\"568\" src=\"https:\/\/charente.catholique.fr\/maison-diocesaine\/wp-content\/uploads\/sites\/8\/2024\/11\/Plan.png\" alt=\"\" class=\"wp-image-1158\" srcset=\"https:\/\/charente.catholique.fr\/maison-diocesaine\/wp-content\/uploads\/sites\/8\/2024\/11\/Plan.png 1173w, https:\/\/charente.catholique.fr\/maison-diocesaine\/wp-content\/uploads\/sites\/8\/2024\/11\/Plan-300x145.png 300w, https:\/\/charente.catholique.fr\/maison-diocesaine\/wp-content\/uploads\/sites\/8\/2024\/11\/Plan-768x372.png 768w\" sizes=\"auto, (max-width: 1173px) 100vw, 1173px\" \/><\/figure>\n","protected":false},"excerpt":{"rendered":"<p>Bienvenue sur le site de la Maison Dioc\u00e9saine. Au pied du promontoire qui porte le Vieil Angoul\u00eame, domin\u00e9e par le clocher de l\u2019\u00e9glise Saint-Ausone,&nbsp;la Maison dioc\u00e9saine est un lieu au service de l\u2019Eglise catholique de Charente un lieu de r\u00e9sidence&nbsp;pour l\u2019\u00e9v\u00eaque d\u2019Angoul\u00eame, le P\u00e8re Herv\u00e9 Gosselin, et une dizaine de pr\u00eatres a\u00een\u00e9s.un lieu de responsabilit\u00e9 [&hellip;]<\/p>\n","protected":false},"author":1,"featured_media":178,"parent":0,"menu_order":0,"comment_status":"closed","ping_status":"open","template":"","meta":{"_acf_changed":false,"paroisse":[],"service":[],"footnotes":""},"class_list":["post-2","page","type-page","status-publish","has-post-thumbnail","hentry"],"acf":[],"yoast_head":"<!-- This site is optimized with the Yoast SEO plugin v27.1.1 - https:\/\/yoast.com\/product\/yoast-seo-wordpress\/ -->\n<title>Accueil - Maison Dioc\u00e9saine<\/title>\n<meta name=\"robots\" content=\"index, follow, max-snippet:-1, max-image-preview:large, max-video-preview:-1\" \/>\n<link rel=\"canonical\" href=\"https:\/\/charente.catholique.fr\/maison-diocesaine\/\" \/>\n<meta property=\"og:locale\" content=\"fr_FR\" \/>\n<meta property=\"og:type\" content=\"article\" \/>\n<meta property=\"og:title\" content=\"Accueil - Maison Dioc\u00e9saine\" \/>\n<meta property=\"og:description\" content=\"Bienvenue sur le site de la Maison Dioc\u00e9saine. Au pied du promontoire qui porte le Vieil Angoul\u00eame, domin\u00e9e par le clocher de l\u2019\u00e9glise Saint-Ausone,&nbsp;la Maison dioc\u00e9saine est un lieu au service de l\u2019Eglise catholique de Charente un lieu de r\u00e9sidence&nbsp;pour l\u2019\u00e9v\u00eaque d\u2019Angoul\u00eame, le P\u00e8re Herv\u00e9 Gosselin, et une dizaine de pr\u00eatres a\u00een\u00e9s.un lieu de responsabilit\u00e9 [&hellip;]\" \/>\n<meta property=\"og:url\" content=\"https:\/\/charente.catholique.fr\/maison-diocesaine\/\" \/>\n<meta property=\"og:site_name\" content=\"Maison Dioc\u00e9saine\" \/>\n<meta property=\"article:modified_time\" content=\"2024-11-26T10:00:09+00:00\" \/>\n<meta property=\"og:image\" content=\"https:\/\/charente.catholique.fr\/maison-diocesaine\/wp-content\/uploads\/sites\/8\/2020\/09\/accueilmaisondio-scaled.jpg\" \/>\n\t<meta property=\"og:image:width\" content=\"2560\" \/>\n\t<meta property=\"og:image:height\" content=\"1707\" \/>\n\t<meta property=\"og:image:type\" content=\"image\/jpeg\" \/>\n<meta name=\"twitter:card\" content=\"summary_large_image\" \/>\n<meta name=\"twitter:label1\" content=\"Dur\u00e9e de lecture estim\u00e9e\" \/>\n\t<meta name=\"twitter:data1\" content=\"2 minutes\" \/>\n<script type=\"application\/ld+json\" class=\"yoast-schema-graph\">{\"@context\":\"https:\/\/schema.org\",\"@graph\":[{\"@type\":\"WebPage\",\"@id\":\"https:\/\/charente.catholique.fr\/maison-diocesaine\/\",\"url\":\"https:\/\/charente.catholique.fr\/maison-diocesaine\/\",\"name\":\"Accueil - Maison Dioc\u00e9saine\",\"isPartOf\":{\"@id\":\"https:\/\/charente.catholique.fr\/maison-diocesaine\/#website\"},\"primaryImageOfPage\":{\"@id\":\"https:\/\/charente.catholique.fr\/maison-diocesaine\/#primaryimage\"},\"image\":{\"@id\":\"https:\/\/charente.catholique.fr\/maison-diocesaine\/#primaryimage\"},\"thumbnailUrl\":\"https:\/\/charente.catholique.fr\/maison-diocesaine\/wp-content\/uploads\/sites\/8\/2020\/09\/accueilmaisondio-scaled.jpg\",\"datePublished\":\"2020-09-14T20:56:36+00:00\",\"dateModified\":\"2024-11-26T10:00:09+00:00\",\"breadcrumb\":{\"@id\":\"https:\/\/charente.catholique.fr\/maison-diocesaine\/#breadcrumb\"},\"inLanguage\":\"fr-FR\",\"potentialAction\":[{\"@type\":\"ReadAction\",\"target\":[\"https:\/\/charente.catholique.fr\/maison-diocesaine\/\"]}]},{\"@type\":\"ImageObject\",\"inLanguage\":\"fr-FR\",\"@id\":\"https:\/\/charente.catholique.fr\/maison-diocesaine\/#primaryimage\",\"url\":\"https:\/\/charente.catholique.fr\/maison-diocesaine\/wp-content\/uploads\/sites\/8\/2020\/09\/accueilmaisondio-scaled.jpg\",\"contentUrl\":\"https:\/\/charente.catholique.fr\/maison-diocesaine\/wp-content\/uploads\/sites\/8\/2020\/09\/accueilmaisondio-scaled.jpg\",\"width\":2560,\"height\":1707},{\"@type\":\"BreadcrumbList\",\"@id\":\"https:\/\/charente.catholique.fr\/maison-diocesaine\/#breadcrumb\",\"itemListElement\":[{\"@type\":\"ListItem\",\"position\":1,\"name\":\"Accueil\",\"item\":\"https:\/\/charente.catholique.fr\/maison-diocesaine\/\"},{\"@type\":\"ListItem\",\"position\":2,\"name\":\"Accueil\"}]},{\"@type\":\"WebSite\",\"@id\":\"https:\/\/charente.catholique.fr\/maison-diocesaine\/#website\",\"url\":\"https:\/\/charente.catholique.fr\/maison-diocesaine\/\",\"name\":\"Maison Dioc\u00e9saine\",\"description\":\"Dioc\u00e8se d&#039;Angoul\u00eame - Eglise Catholique en Charente\",\"potentialAction\":[{\"@type\":\"SearchAction\",\"target\":{\"@type\":\"EntryPoint\",\"urlTemplate\":\"https:\/\/charente.catholique.fr\/maison-diocesaine\/?s={search_term_string}\"},\"query-input\":{\"@type\":\"PropertyValueSpecification\",\"valueRequired\":true,\"valueName\":\"search_term_string\"}}],\"inLanguage\":\"fr-FR\"}]}<\/script>\n<!-- \/ Yoast SEO plugin. -->","yoast_head_json":{"title":"Accueil - Maison Dioc\u00e9saine","robots":{"index":"index","follow":"follow","max-snippet":"max-snippet:-1","max-image-preview":"max-image-preview:large","max-video-preview":"max-video-preview:-1"},"canonical":"https:\/\/charente.catholique.fr\/maison-diocesaine\/","og_locale":"fr_FR","og_type":"article","og_title":"Accueil - Maison Dioc\u00e9saine","og_description":"Bienvenue sur le site de la Maison Dioc\u00e9saine. Au pied du promontoire qui porte le Vieil Angoul\u00eame, domin\u00e9e par le clocher de l\u2019\u00e9glise Saint-Ausone,&nbsp;la Maison dioc\u00e9saine est un lieu au service de l\u2019Eglise catholique de Charente un lieu de r\u00e9sidence&nbsp;pour l\u2019\u00e9v\u00eaque d\u2019Angoul\u00eame, le P\u00e8re Herv\u00e9 Gosselin, et une dizaine de pr\u00eatres a\u00een\u00e9s.un lieu de responsabilit\u00e9 [&hellip;]","og_url":"https:\/\/charente.catholique.fr\/maison-diocesaine\/","og_site_name":"Maison Dioc\u00e9saine","article_modified_time":"2024-11-26T10:00:09+00:00","og_image":[{"width":2560,"height":1707,"url":"https:\/\/charente.catholique.fr\/maison-diocesaine\/wp-content\/uploads\/sites\/8\/2020\/09\/accueilmaisondio-scaled.jpg","type":"image\/jpeg"}],"twitter_card":"summary_large_image","twitter_misc":{"Dur\u00e9e de lecture estim\u00e9e":"2 minutes"},"schema":{"@context":"https:\/\/schema.org","@graph":[{"@type":"WebPage","@id":"https:\/\/charente.catholique.fr\/maison-diocesaine\/","url":"https:\/\/charente.catholique.fr\/maison-diocesaine\/","name":"Accueil - Maison Dioc\u00e9saine","isPartOf":{"@id":"https:\/\/charente.catholique.fr\/maison-diocesaine\/#website"},"primaryImageOfPage":{"@id":"https:\/\/charente.catholique.fr\/maison-diocesaine\/#primaryimage"},"image":{"@id":"https:\/\/charente.catholique.fr\/maison-diocesaine\/#primaryimage"},"thumbnailUrl":"https:\/\/charente.catholique.fr\/maison-diocesaine\/wp-content\/uploads\/sites\/8\/2020\/09\/accueilmaisondio-scaled.jpg","datePublished":"2020-09-14T20:56:36+00:00","dateModified":"2024-11-26T10:00:09+00:00","breadcrumb":{"@id":"https:\/\/charente.catholique.fr\/maison-diocesaine\/#breadcrumb"},"inLanguage":"fr-FR","potentialAction":[{"@type":"ReadAction","target":["https:\/\/charente.catholique.fr\/maison-diocesaine\/"]}]},{"@type":"ImageObject","inLanguage":"fr-FR","@id":"https:\/\/charente.catholique.fr\/maison-diocesaine\/#primaryimage","url":"https:\/\/charente.catholique.fr\/maison-diocesaine\/wp-content\/uploads\/sites\/8\/2020\/09\/accueilmaisondio-scaled.jpg","contentUrl":"https:\/\/charente.catholique.fr\/maison-diocesaine\/wp-content\/uploads\/sites\/8\/2020\/09\/accueilmaisondio-scaled.jpg","width":2560,"height":1707},{"@type":"BreadcrumbList","@id":"https:\/\/charente.catholique.fr\/maison-diocesaine\/#breadcrumb","itemListElement":[{"@type":"ListItem","position":1,"name":"Accueil","item":"https:\/\/charente.catholique.fr\/maison-diocesaine\/"},{"@type":"ListItem","position":2,"name":"Accueil"}]},{"@type":"WebSite","@id":"https:\/\/charente.catholique.fr\/maison-diocesaine\/#website","url":"https:\/\/charente.catholique.fr\/maison-diocesaine\/","name":"Maison Dioc\u00e9saine","description":"Dioc\u00e8se d&#039;Angoul\u00eame - Eglise Catholique en Charente","potentialAction":[{"@type":"SearchAction","target":{"@type":"EntryPoint","urlTemplate":"https:\/\/charente.catholique.fr\/maison-diocesaine\/?s={search_term_string}"},"query-input":{"@type":"PropertyValueSpecification","valueRequired":true,"valueName":"search_term_string"}}],"inLanguage":"fr-FR"}]}},"_links":{"self":[{"href":"https:\/\/charente.catholique.fr\/maison-diocesaine\/wp-json\/wp\/v2\/pages\/2","targetHints":{"allow":["GET"]}}],"collection":[{"href":"https:\/\/charente.catholique.fr\/maison-diocesaine\/wp-json\/wp\/v2\/pages"}],"about":[{"href":"https:\/\/charente.catholique.fr\/maison-diocesaine\/wp-json\/wp\/v2\/types\/page"}],"author":[{"embeddable":true,"href":"https:\/\/charente.catholique.fr\/maison-diocesaine\/wp-json\/wp\/v2\/users\/1"}],"replies":[{"embeddable":true,"href":"https:\/\/charente.catholique.fr\/maison-diocesaine\/wp-json\/wp\/v2\/comments?post=2"}],"version-history":[{"count":9,"href":"https:\/\/charente.catholique.fr\/maison-diocesaine\/wp-json\/wp\/v2\/pages\/2\/revisions"}],"predecessor-version":[{"id":1159,"href":"https:\/\/charente.catholique.fr\/maison-diocesaine\/wp-json\/wp\/v2\/pages\/2\/revisions\/1159"}],"wp:featuredmedia":[{"embeddable":true,"href":"https:\/\/charente.catholique.fr\/maison-diocesaine\/wp-json\/wp\/v2\/media\/178"}],"wp:attachment":[{"href":"https:\/\/charente.catholique.fr\/maison-diocesaine\/wp-json\/wp\/v2\/media?parent=2"}],"curies":[{"name":"wp","href":"https:\/\/api.w.org\/{rel}","templated":true}]}}