{"id":805,"date":"2023-08-29T12:23:53","date_gmt":"2023-08-29T10:23:53","guid":{"rendered":"https:\/\/charente.catholique.fr\/maison-diocesaine\/?post_type=evenement&#038;p=805"},"modified":"2023-10-06T08:38:57","modified_gmt":"2023-10-06T06:38:57","slug":"eposition-sculptures-et-photos","status":"publish","type":"evenement","link":"https:\/\/charente.catholique.fr\/maison-diocesaine\/agenda\/eposition-sculptures-et-photos\/","title":{"rendered":"Exposition &#8211; Sculptures et photos"},"content":{"rendered":"\n<h2 class=\"wp-block-heading\">Vernissage de l&#8217;exposition en pr\u00e9sence des artistes vendredi 8 septembre 2023 de 17h30 \u00e0 18h45<\/h2>\n\n\n\n<h3 class=\"wp-block-heading\">\u00ab&nbsp;Sur cette pierre, je \u2026 \u00bb<\/h3>\n\n\n\n<div class=\"wp-block-media-text alignwide is-stacked-on-mobile\"><figure class=\"wp-block-media-text__media\"><img loading=\"lazy\" decoding=\"async\" width=\"1080\" height=\"1080\" src=\"https:\/\/charente.catholique.fr\/maison-diocesaine\/wp-content\/uploads\/sites\/8\/2023\/08\/exposition-sculpture-photo-1080x1080.jpg\" alt=\"\" class=\"wp-image-809 size-full\" srcset=\"https:\/\/charente.catholique.fr\/maison-diocesaine\/wp-content\/uploads\/sites\/8\/2023\/08\/exposition-sculpture-photo-1080x1080.jpg 1080w, https:\/\/charente.catholique.fr\/maison-diocesaine\/wp-content\/uploads\/sites\/8\/2023\/08\/exposition-sculpture-photo-300x300.jpg 300w, https:\/\/charente.catholique.fr\/maison-diocesaine\/wp-content\/uploads\/sites\/8\/2023\/08\/exposition-sculpture-photo-150x150.jpg 150w, https:\/\/charente.catholique.fr\/maison-diocesaine\/wp-content\/uploads\/sites\/8\/2023\/08\/exposition-sculpture-photo-768x768.jpg 768w, https:\/\/charente.catholique.fr\/maison-diocesaine\/wp-content\/uploads\/sites\/8\/2023\/08\/exposition-sculpture-photo-1536x1536.jpg 1536w, https:\/\/charente.catholique.fr\/maison-diocesaine\/wp-content\/uploads\/sites\/8\/2023\/08\/exposition-sculpture-photo.jpg 2048w\" sizes=\"auto, (max-width: 1080px) 100vw, 1080px\" \/><\/figure><div class=\"wp-block-media-text__content\">\n<p class=\"has-text-align-center has-medium-font-size\">Au sein du cloitre de la Maison Dioc\u00e9saine, exposition onirique, sculptures et photos. Autour de la pierre et de l\u2019architecture, le sculpteur intuitif Jean-Claude FERNANDES et l\u2019artiste tatoueur prot\u00e9iforme Val\u00e8re PROSPERI pr\u00e9sentent leurs cr\u00e9ations. Les deux artistes charentais, aux univers qui semblent s\u2019opposer, parviennent \u00e0 dialoguer en cassant les codes, dans un cadre spirituel charg\u00e9 d\u2019histoire.<\/p>\n<\/div><\/div>\n\n\n\n<p class=\"has-medium-font-size\">Vous \u00eates chaleureusement invit\u00e9 au vernissage\/cocktail en pr\u00e9sence des artistes.<\/p>\n\n\n\n<p><strong>R\u00e9servation (conseill\u00e9e) : <\/strong>06 21 64 22 90 \u2013 <a href=\"mailto:contact@forum-magdalena.fr\">contact@forum-magdalena.fr<\/a><\/p>\n\n\n\n<p><strong>Dur\u00e9e de l\u2019exposition<\/strong> : du 8 septembre au 8 octobre&nbsp;2023<\/p>\n\n\n\n<p><\/p>\n","protected":false},"author":5,"featured_media":745,"template":"","meta":{"_acf_changed":false,"paroisse":[],"service":["0"],"footnotes":""},"categories":[],"tags":[],"class_list":["post-805","evenement","type-evenement","status-publish","has-post-thumbnail","hentry","validated"],"acf":{"start_date":"2023-09-08 17:30:00","end_date":"2023-10-08 18:45:00","location":"Maison Dioc\u00e9saine","address":{"address":"Angoul\u00eame, France","lat":45.648377,"lng":0.1562369,"zoom":14,"place_id":"ChIJmcQrA4Ut_kcR8MDuYJLTBQQ","name":"Angoul\u00eame","city":"Angoul\u00eame","state":"Nouvelle-Aquitaine","country":"France","country_short":"FR"}},"yoast_head":"<!-- This site is optimized with the Yoast SEO plugin v27.1.1 - https:\/\/yoast.com\/product\/yoast-seo-wordpress\/ -->\n<title>Exposition - Sculptures et photos - Maison Dioc\u00e9saine<\/title>\n<meta name=\"robots\" content=\"index, follow, max-snippet:-1, max-image-preview:large, max-video-preview:-1\" \/>\n<link rel=\"canonical\" href=\"https:\/\/charente.catholique.fr\/maison-diocesaine\/agenda\/eposition-sculptures-et-photos\/\" \/>\n<meta property=\"og:locale\" content=\"fr_FR\" \/>\n<meta property=\"og:type\" content=\"article\" \/>\n<meta property=\"og:title\" content=\"Exposition - Sculptures et photos - Maison Dioc\u00e9saine\" \/>\n<meta property=\"og:description\" content=\"Vernissage de l&#8217;exposition en pr\u00e9sence des artistes vendredi 8 septembre 2023 de 17h30 \u00e0 18h45 \u00ab&nbsp;Sur cette pierre, je \u2026 \u00bb Au sein du cloitre de la Maison Dioc\u00e9saine, exposition onirique, sculptures et photos. Autour de la pierre et de l\u2019architecture, le sculpteur intuitif Jean-Claude FERNANDES et l\u2019artiste tatoueur prot\u00e9iforme Val\u00e8re PROSPERI pr\u00e9sentent leurs cr\u00e9ations. [&hellip;]\" \/>\n<meta property=\"og:url\" content=\"https:\/\/charente.catholique.fr\/maison-diocesaine\/agenda\/eposition-sculptures-et-photos\/\" \/>\n<meta property=\"og:site_name\" content=\"Maison Dioc\u00e9saine\" \/>\n<meta property=\"article:modified_time\" content=\"2023-10-06T06:38:57+00:00\" \/>\n<meta property=\"og:image\" content=\"https:\/\/charente.catholique.fr\/maison-diocesaine\/wp-content\/uploads\/sites\/8\/2023\/06\/cloitremai2023.jpg\" \/>\n\t<meta property=\"og:image:width\" content=\"1920\" \/>\n\t<meta property=\"og:image:height\" content=\"1440\" \/>\n\t<meta property=\"og:image:type\" content=\"image\/jpeg\" \/>\n<meta name=\"twitter:card\" content=\"summary_large_image\" \/>\n<meta name=\"twitter:label1\" content=\"Dur\u00e9e de lecture estim\u00e9e\" \/>\n\t<meta name=\"twitter:data1\" content=\"1 minute\" \/>\n<script type=\"application\/ld+json\" class=\"yoast-schema-graph\">{\"@context\":\"https:\/\/schema.org\",\"@graph\":[{\"@type\":\"WebPage\",\"@id\":\"https:\/\/charente.catholique.fr\/maison-diocesaine\/agenda\/eposition-sculptures-et-photos\/\",\"url\":\"https:\/\/charente.catholique.fr\/maison-diocesaine\/agenda\/eposition-sculptures-et-photos\/\",\"name\":\"Exposition - Sculptures et photos - Maison Dioc\u00e9saine\",\"isPartOf\":{\"@id\":\"https:\/\/charente.catholique.fr\/maison-diocesaine\/#website\"},\"primaryImageOfPage\":{\"@id\":\"https:\/\/charente.catholique.fr\/maison-diocesaine\/agenda\/eposition-sculptures-et-photos\/#primaryimage\"},\"image\":{\"@id\":\"https:\/\/charente.catholique.fr\/maison-diocesaine\/agenda\/eposition-sculptures-et-photos\/#primaryimage\"},\"thumbnailUrl\":\"https:\/\/charente.catholique.fr\/maison-diocesaine\/wp-content\/uploads\/sites\/8\/2023\/06\/cloitremai2023.jpg\",\"datePublished\":\"2023-08-29T10:23:53+00:00\",\"dateModified\":\"2023-10-06T06:38:57+00:00\",\"breadcrumb\":{\"@id\":\"https:\/\/charente.catholique.fr\/maison-diocesaine\/agenda\/eposition-sculptures-et-photos\/#breadcrumb\"},\"inLanguage\":\"fr-FR\",\"potentialAction\":[{\"@type\":\"ReadAction\",\"target\":[\"https:\/\/charente.catholique.fr\/maison-diocesaine\/agenda\/eposition-sculptures-et-photos\/\"]}]},{\"@type\":\"ImageObject\",\"inLanguage\":\"fr-FR\",\"@id\":\"https:\/\/charente.catholique.fr\/maison-diocesaine\/agenda\/eposition-sculptures-et-photos\/#primaryimage\",\"url\":\"https:\/\/charente.catholique.fr\/maison-diocesaine\/wp-content\/uploads\/sites\/8\/2023\/06\/cloitremai2023.jpg\",\"contentUrl\":\"https:\/\/charente.catholique.fr\/maison-diocesaine\/wp-content\/uploads\/sites\/8\/2023\/06\/cloitremai2023.jpg\",\"width\":1920,\"height\":1440},{\"@type\":\"BreadcrumbList\",\"@id\":\"https:\/\/charente.catholique.fr\/maison-diocesaine\/agenda\/eposition-sculptures-et-photos\/#breadcrumb\",\"itemListElement\":[{\"@type\":\"ListItem\",\"position\":1,\"name\":\"Accueil\",\"item\":\"https:\/\/charente.catholique.fr\/maison-diocesaine\/\"},{\"@type\":\"ListItem\",\"position\":2,\"name\":\"Exposition &#8211; Sculptures et photos\"}]},{\"@type\":\"WebSite\",\"@id\":\"https:\/\/charente.catholique.fr\/maison-diocesaine\/#website\",\"url\":\"https:\/\/charente.catholique.fr\/maison-diocesaine\/\",\"name\":\"Maison Dioc\u00e9saine\",\"description\":\"Dioc\u00e8se d&#039;Angoul\u00eame - Eglise Catholique en Charente\",\"potentialAction\":[{\"@type\":\"SearchAction\",\"target\":{\"@type\":\"EntryPoint\",\"urlTemplate\":\"https:\/\/charente.catholique.fr\/maison-diocesaine\/?s={search_term_string}\"},\"query-input\":{\"@type\":\"PropertyValueSpecification\",\"valueRequired\":true,\"valueName\":\"search_term_string\"}}],\"inLanguage\":\"fr-FR\"}]}<\/script>\n<!-- \/ Yoast SEO plugin. -->","yoast_head_json":{"title":"Exposition - Sculptures et photos - Maison Dioc\u00e9saine","robots":{"index":"index","follow":"follow","max-snippet":"max-snippet:-1","max-image-preview":"max-image-preview:large","max-video-preview":"max-video-preview:-1"},"canonical":"https:\/\/charente.catholique.fr\/maison-diocesaine\/agenda\/eposition-sculptures-et-photos\/","og_locale":"fr_FR","og_type":"article","og_title":"Exposition - Sculptures et photos - Maison Dioc\u00e9saine","og_description":"Vernissage de l&#8217;exposition en pr\u00e9sence des artistes vendredi 8 septembre 2023 de 17h30 \u00e0 18h45 \u00ab&nbsp;Sur cette pierre, je \u2026 \u00bb Au sein du cloitre de la Maison Dioc\u00e9saine, exposition onirique, sculptures et photos. Autour de la pierre et de l\u2019architecture, le sculpteur intuitif Jean-Claude FERNANDES et l\u2019artiste tatoueur prot\u00e9iforme Val\u00e8re PROSPERI pr\u00e9sentent leurs cr\u00e9ations. [&hellip;]","og_url":"https:\/\/charente.catholique.fr\/maison-diocesaine\/agenda\/eposition-sculptures-et-photos\/","og_site_name":"Maison Dioc\u00e9saine","article_modified_time":"2023-10-06T06:38:57+00:00","og_image":[{"width":1920,"height":1440,"url":"https:\/\/charente.catholique.fr\/maison-diocesaine\/wp-content\/uploads\/sites\/8\/2023\/06\/cloitremai2023.jpg","type":"image\/jpeg"}],"twitter_card":"summary_large_image","twitter_misc":{"Dur\u00e9e de lecture estim\u00e9e":"1 minute"},"schema":{"@context":"https:\/\/schema.org","@graph":[{"@type":"WebPage","@id":"https:\/\/charente.catholique.fr\/maison-diocesaine\/agenda\/eposition-sculptures-et-photos\/","url":"https:\/\/charente.catholique.fr\/maison-diocesaine\/agenda\/eposition-sculptures-et-photos\/","name":"Exposition - Sculptures et photos - Maison Dioc\u00e9saine","isPartOf":{"@id":"https:\/\/charente.catholique.fr\/maison-diocesaine\/#website"},"primaryImageOfPage":{"@id":"https:\/\/charente.catholique.fr\/maison-diocesaine\/agenda\/eposition-sculptures-et-photos\/#primaryimage"},"image":{"@id":"https:\/\/charente.catholique.fr\/maison-diocesaine\/agenda\/eposition-sculptures-et-photos\/#primaryimage"},"thumbnailUrl":"https:\/\/charente.catholique.fr\/maison-diocesaine\/wp-content\/uploads\/sites\/8\/2023\/06\/cloitremai2023.jpg","datePublished":"2023-08-29T10:23:53+00:00","dateModified":"2023-10-06T06:38:57+00:00","breadcrumb":{"@id":"https:\/\/charente.catholique.fr\/maison-diocesaine\/agenda\/eposition-sculptures-et-photos\/#breadcrumb"},"inLanguage":"fr-FR","potentialAction":[{"@type":"ReadAction","target":["https:\/\/charente.catholique.fr\/maison-diocesaine\/agenda\/eposition-sculptures-et-photos\/"]}]},{"@type":"ImageObject","inLanguage":"fr-FR","@id":"https:\/\/charente.catholique.fr\/maison-diocesaine\/agenda\/eposition-sculptures-et-photos\/#primaryimage","url":"https:\/\/charente.catholique.fr\/maison-diocesaine\/wp-content\/uploads\/sites\/8\/2023\/06\/cloitremai2023.jpg","contentUrl":"https:\/\/charente.catholique.fr\/maison-diocesaine\/wp-content\/uploads\/sites\/8\/2023\/06\/cloitremai2023.jpg","width":1920,"height":1440},{"@type":"BreadcrumbList","@id":"https:\/\/charente.catholique.fr\/maison-diocesaine\/agenda\/eposition-sculptures-et-photos\/#breadcrumb","itemListElement":[{"@type":"ListItem","position":1,"name":"Accueil","item":"https:\/\/charente.catholique.fr\/maison-diocesaine\/"},{"@type":"ListItem","position":2,"name":"Exposition &#8211; Sculptures et photos"}]},{"@type":"WebSite","@id":"https:\/\/charente.catholique.fr\/maison-diocesaine\/#website","url":"https:\/\/charente.catholique.fr\/maison-diocesaine\/","name":"Maison Dioc\u00e9saine","description":"Dioc\u00e8se d&#039;Angoul\u00eame - Eglise Catholique en Charente","potentialAction":[{"@type":"SearchAction","target":{"@type":"EntryPoint","urlTemplate":"https:\/\/charente.catholique.fr\/maison-diocesaine\/?s={search_term_string}"},"query-input":{"@type":"PropertyValueSpecification","valueRequired":true,"valueName":"search_term_string"}}],"inLanguage":"fr-FR"}]}},"_links":{"self":[{"href":"https:\/\/charente.catholique.fr\/maison-diocesaine\/wp-json\/wp\/v2\/evenement\/805","targetHints":{"allow":["GET"]}}],"collection":[{"href":"https:\/\/charente.catholique.fr\/maison-diocesaine\/wp-json\/wp\/v2\/evenement"}],"about":[{"href":"https:\/\/charente.catholique.fr\/maison-diocesaine\/wp-json\/wp\/v2\/types\/evenement"}],"author":[{"embeddable":true,"href":"https:\/\/charente.catholique.fr\/maison-diocesaine\/wp-json\/wp\/v2\/users\/5"}],"version-history":[{"count":10,"href":"https:\/\/charente.catholique.fr\/maison-diocesaine\/wp-json\/wp\/v2\/evenement\/805\/revisions"}],"predecessor-version":[{"id":901,"href":"https:\/\/charente.catholique.fr\/maison-diocesaine\/wp-json\/wp\/v2\/evenement\/805\/revisions\/901"}],"wp:featuredmedia":[{"embeddable":true,"href":"https:\/\/charente.catholique.fr\/maison-diocesaine\/wp-json\/wp\/v2\/media\/745"}],"wp:attachment":[{"href":"https:\/\/charente.catholique.fr\/maison-diocesaine\/wp-json\/wp\/v2\/media?parent=805"}],"wp:term":[{"taxonomy":"category","embeddable":true,"href":"https:\/\/charente.catholique.fr\/maison-diocesaine\/wp-json\/wp\/v2\/categories?post=805"},{"taxonomy":"post_tag","embeddable":true,"href":"https:\/\/charente.catholique.fr\/maison-diocesaine\/wp-json\/wp\/v2\/tags?post=805"}],"curies":[{"name":"wp","href":"https:\/\/api.w.org\/{rel}","templated":true}]}}

<h2 class="wp-block-heading">Vernissage de l&#8217;exposition en présence des artistes vendredi 8 septembre 2023 de 17h30 à 18h45</h2>



<h3 class="wp-block-heading">«&nbsp;Sur cette pierre, je … »</h3>



<div class="wp-block-media-text alignwide is-stacked-on-mobile"><figure class="wp-block-media-text__media"><img loading="lazy" decoding="async" width="1080" height="1080" src="https://charente.catholique.fr/maison-diocesaine/wp-content/uploads/sites/8/2023/08/exposition-sculpture-photo-1080x1080.jpg" alt="" class="wp-image-809 size-full" srcset="https://charente.catholique.fr/maison-diocesaine/wp-content/uploads/sites/8/2023/08/exposition-sculpture-photo-1080x1080.jpg 1080w, https://charente.catholique.fr/maison-diocesaine/wp-content/uploads/sites/8/2023/08/exposition-sculpture-photo-300x300.jpg 300w, https://charente.catholique.fr/maison-diocesaine/wp-content/uploads/sites/8/2023/08/exposition-sculpture-photo-150x150.jpg 150w, https://charente.catholique.fr/maison-diocesaine/wp-content/uploads/sites/8/2023/08/exposition-sculpture-photo-768x768.jpg 768w, https://charente.catholique.fr/maison-diocesaine/wp-content/uploads/sites/8/2023/08/exposition-sculpture-photo-1536x1536.jpg 1536w, https://charente.catholique.fr/maison-diocesaine/wp-content/uploads/sites/8/2023/08/exposition-sculpture-photo.jpg 2048w" sizes="auto, (max-width: 1080px) 100vw, 1080px" /></figure><div class="wp-block-media-text__content">
<p class="has-text-align-center has-medium-font-size">Au sein du cloitre de la Maison Diocésaine, exposition onirique, sculptures et photos. Autour de la pierre et de l’architecture, le sculpteur intuitif Jean-Claude FERNANDES et l’artiste tatoueur protéiforme Valère PROSPERI présentent leurs créations. Les deux artistes charentais, aux univers qui semblent s’opposer, parviennent à dialoguer en cassant les codes, dans un cadre spirituel chargé d’histoire.</p>
</div></div>



<p class="has-medium-font-size">Vous êtes chaleureusement invité au vernissage/cocktail en présence des artistes.</p>



<p><strong>Réservation (conseillée) : </strong>06 21 64 22 90 – <a href="mailto:contact@forum-magdalena.fr">contact@forum-magdalena.fr</a></p>



<p><strong>Durée de l’exposition</strong> : du 8 septembre au 8 octobre&nbsp;2023</p>



<p></p>

Maison Diocésaine

Angoulême, France

Angoulême

<!-- This site is optimized with the Yoast SEO plugin v27.1.1 - https://yoast.com/product/yoast-seo-wordpress/ -->
<title>Exposition - Sculptures et photos - Maison Diocésaine</title>
<meta name="robots" content="index, follow, max-snippet:-1, max-image-preview:large, max-video-preview:-1" />
<link rel="canonical" href="https://charente.catholique.fr/maison-diocesaine/agenda/eposition-sculptures-et-photos/" />
<meta property="og:locale" content="fr_FR" />
<meta property="og:type" content="article" />
<meta property="og:title" content="Exposition - Sculptures et photos - Maison Diocésaine" />
<meta property="og:description" content="Vernissage de l&#8217;exposition en présence des artistes vendredi 8 septembre 2023 de 17h30 à 18h45 «&nbsp;Sur cette pierre, je … » Au sein du cloitre de la Maison Diocésaine, exposition onirique, sculptures et photos. Autour de la pierre et de l’architecture, le sculpteur intuitif Jean-Claude FERNANDES et l’artiste tatoueur protéiforme Valère PROSPERI présentent leurs créations. [&hellip;]" />
<meta property="og:url" content="https://charente.catholique.fr/maison-diocesaine/agenda/eposition-sculptures-et-photos/" />
<meta property="og:site_name" content="Maison Diocésaine" />
<meta property="article:modified_time" content="2023-10-06T06:38:57+00:00" />
<meta property="og:image" content="https://charente.catholique.fr/maison-diocesaine/wp-content/uploads/sites/8/2023/06/cloitremai2023.jpg" />
	<meta property="og:image:width" content="1920" />
	<meta property="og:image:height" content="1440" />
	<meta property="og:image:type" content="image/jpeg" />
<meta name="twitter:card" content="summary_large_image" />
<meta name="twitter:label1" content="Durée de lecture estimée" />
	<meta name="twitter:data1" content="1 minute" />
<script type="application/ld+json" class="yoast-schema-graph">{"@context":"https://schema.org","@graph":[{"@type":"WebPage","@id":"https://charente.catholique.fr/maison-diocesaine/agenda/eposition-sculptures-et-photos/","url":"https://charente.catholique.fr/maison-diocesaine/agenda/eposition-sculptures-et-photos/","name":"Exposition - Sculptures et photos - Maison Diocésaine","isPartOf":{"@id":"https://charente.catholique.fr/maison-diocesaine/#website"},"primaryImageOfPage":{"@id":"https://charente.catholique.fr/maison-diocesaine/agenda/eposition-sculptures-et-photos/#primaryimage"},"image":{"@id":"https://charente.catholique.fr/maison-diocesaine/agenda/eposition-sculptures-et-photos/#primaryimage"},"thumbnailUrl":"https://charente.catholique.fr/maison-diocesaine/wp-content/uploads/sites/8/2023/06/cloitremai2023.jpg","datePublished":"2023-08-29T10:23:53+00:00","dateModified":"2023-10-06T06:38:57+00:00","breadcrumb":{"@id":"https://charente.catholique.fr/maison-diocesaine/agenda/eposition-sculptures-et-photos/#breadcrumb"},"inLanguage":"fr-FR","potentialAction":[{"@type":"ReadAction","target":["https://charente.catholique.fr/maison-diocesaine/agenda/eposition-sculptures-et-photos/"]}]},{"@type":"ImageObject","inLanguage":"fr-FR","@id":"https://charente.catholique.fr/maison-diocesaine/agenda/eposition-sculptures-et-photos/#primaryimage","url":"https://charente.catholique.fr/maison-diocesaine/wp-content/uploads/sites/8/2023/06/cloitremai2023.jpg","contentUrl":"https://charente.catholique.fr/maison-diocesaine/wp-content/uploads/sites/8/2023/06/cloitremai2023.jpg","width":1920,"height":1440},{"@type":"BreadcrumbList","@id":"https://charente.catholique.fr/maison-diocesaine/agenda/eposition-sculptures-et-photos/#breadcrumb","itemListElement":[{"@type":"ListItem","position":1,"name":"Accueil","item":"https://charente.catholique.fr/maison-diocesaine/"},{"@type":"ListItem","position":2,"name":"Exposition &#8211; Sculptures et photos"}]},{"@type":"WebSite","@id":"https://charente.catholique.fr/maison-diocesaine/#website","url":"https://charente.catholique.fr/maison-diocesaine/","name":"Maison Diocésaine","description":"Diocèse d&#039;Angoulême - Eglise Catholique en Charente","potentialAction":[{"@type":"SearchAction","target":{"@type":"EntryPoint","urlTemplate":"https://charente.catholique.fr/maison-diocesaine/?s={search_term_string}"},"query-input":{"@type":"PropertyValueSpecification","valueRequired":true,"valueName":"search_term_string"}}],"inLanguage":"fr-FR"}]}</script>
<!-- / Yoast SEO plugin. -->

Exposition - Sculptures et photos - Maison Diocésaine

Vernissage de l&#8217;exposition en présence des artistes vendredi 8 septembre 2023 de 17h30 à 18h45 «&nbsp;Sur cette pierre, je … » Au sein du cloitre de la Maison Diocésaine, exposition onirique, sculptures et photos. Autour de la pierre et de l’architecture, le sculpteur intuitif Jean-Claude FERNANDES et l’artiste tatoueur protéiforme Valère PROSPERI présentent leurs créations. [&hellip;]

Diocèse d&#039;Angoulême - Eglise Catholique en Charente
