{"id":799,"date":"2023-07-13T12:21:42","date_gmt":"2023-07-13T10:21:42","guid":{"rendered":"https:\/\/charente.catholique.fr\/maison-diocesaine\/?post_type=evenement&#038;p=799"},"modified":"2023-07-13T12:21:43","modified_gmt":"2023-07-13T10:21:43","slug":"concert-par-le-choeur-vivavoce-des-pays-bas","status":"publish","type":"evenement","link":"https:\/\/charente.catholique.fr\/maison-diocesaine\/agenda\/concert-par-le-choeur-vivavoce-des-pays-bas\/","title":{"rendered":"Concert par le choeur Vivavoce des Pays-Bas"},"content":{"rendered":"<div class=\"wp-block-image\">\n<figure class=\"aligncenter size-large\"><img loading=\"lazy\" decoding=\"async\" width=\"775\" height=\"1080\" src=\"https:\/\/charente.catholique.fr\/maison-diocesaine\/wp-content\/uploads\/sites\/8\/2023\/07\/poster-23-juli-2023-A-775x1080.jpg\" alt=\"\" class=\"wp-image-800\" srcset=\"https:\/\/charente.catholique.fr\/maison-diocesaine\/wp-content\/uploads\/sites\/8\/2023\/07\/poster-23-juli-2023-A-775x1080.jpg 775w, https:\/\/charente.catholique.fr\/maison-diocesaine\/wp-content\/uploads\/sites\/8\/2023\/07\/poster-23-juli-2023-A-215x300.jpg 215w, https:\/\/charente.catholique.fr\/maison-diocesaine\/wp-content\/uploads\/sites\/8\/2023\/07\/poster-23-juli-2023-A-768x1071.jpg 768w, https:\/\/charente.catholique.fr\/maison-diocesaine\/wp-content\/uploads\/sites\/8\/2023\/07\/poster-23-juli-2023-A-1102x1536.jpg 1102w, https:\/\/charente.catholique.fr\/maison-diocesaine\/wp-content\/uploads\/sites\/8\/2023\/07\/poster-23-juli-2023-A-1469x2048.jpg 1469w, https:\/\/charente.catholique.fr\/maison-diocesaine\/wp-content\/uploads\/sites\/8\/2023\/07\/poster-23-juli-2023-A-scaled.jpg 1836w\" sizes=\"auto, (max-width: 775px) 100vw, 775px\" \/><\/figure>\n<\/div>","protected":false},"author":3,"featured_media":800,"template":"","meta":{"_acf_changed":false,"paroisse":[],"service":["0"],"footnotes":""},"categories":[1],"tags":[],"class_list":["post-799","evenement","type-evenement","status-publish","has-post-thumbnail","hentry","category-actualites","validated"],"acf":{"start_date":"2023-07-13 20:30:00","end_date":"","location":"Maison Dioc\u00e9saine","address":null},"yoast_head":"<!-- This site is optimized with the Yoast SEO plugin v27.1.1 - https:\/\/yoast.com\/product\/yoast-seo-wordpress\/ -->\n<title>Concert par le choeur Vivavoce des Pays-Bas - Maison Dioc\u00e9saine<\/title>\n<meta name=\"robots\" content=\"index, follow, max-snippet:-1, max-image-preview:large, max-video-preview:-1\" \/>\n<link rel=\"canonical\" href=\"https:\/\/charente.catholique.fr\/maison-diocesaine\/agenda\/concert-par-le-choeur-vivavoce-des-pays-bas\/\" \/>\n<meta property=\"og:locale\" content=\"fr_FR\" \/>\n<meta property=\"og:type\" content=\"article\" \/>\n<meta property=\"og:title\" content=\"Concert par le choeur Vivavoce des Pays-Bas - Maison Dioc\u00e9saine\" \/>\n<meta property=\"og:url\" content=\"https:\/\/charente.catholique.fr\/maison-diocesaine\/agenda\/concert-par-le-choeur-vivavoce-des-pays-bas\/\" \/>\n<meta property=\"og:site_name\" content=\"Maison Dioc\u00e9saine\" \/>\n<meta property=\"article:modified_time\" content=\"2023-07-13T10:21:43+00:00\" \/>\n<meta property=\"og:image\" content=\"https:\/\/charente.catholique.fr\/maison-diocesaine\/wp-content\/uploads\/sites\/8\/2023\/07\/poster-23-juli-2023-A-scaled.jpg\" \/>\n\t<meta property=\"og:image:width\" content=\"1836\" \/>\n\t<meta property=\"og:image:height\" content=\"2560\" \/>\n\t<meta property=\"og:image:type\" content=\"image\/jpeg\" \/>\n<meta name=\"twitter:card\" content=\"summary_large_image\" \/>\n<meta name=\"twitter:label1\" content=\"Dur\u00e9e de lecture estim\u00e9e\" \/>\n\t<meta name=\"twitter:data1\" content=\"1 minute\" \/>\n<script type=\"application\/ld+json\" class=\"yoast-schema-graph\">{\"@context\":\"https:\/\/schema.org\",\"@graph\":[{\"@type\":\"WebPage\",\"@id\":\"https:\/\/charente.catholique.fr\/maison-diocesaine\/agenda\/concert-par-le-choeur-vivavoce-des-pays-bas\/\",\"url\":\"https:\/\/charente.catholique.fr\/maison-diocesaine\/agenda\/concert-par-le-choeur-vivavoce-des-pays-bas\/\",\"name\":\"Concert par le choeur Vivavoce des Pays-Bas - Maison Dioc\u00e9saine\",\"isPartOf\":{\"@id\":\"https:\/\/charente.catholique.fr\/maison-diocesaine\/#website\"},\"primaryImageOfPage\":{\"@id\":\"https:\/\/charente.catholique.fr\/maison-diocesaine\/agenda\/concert-par-le-choeur-vivavoce-des-pays-bas\/#primaryimage\"},\"image\":{\"@id\":\"https:\/\/charente.catholique.fr\/maison-diocesaine\/agenda\/concert-par-le-choeur-vivavoce-des-pays-bas\/#primaryimage\"},\"thumbnailUrl\":\"https:\/\/charente.catholique.fr\/maison-diocesaine\/wp-content\/uploads\/sites\/8\/2023\/07\/poster-23-juli-2023-A-scaled.jpg\",\"datePublished\":\"2023-07-13T10:21:42+00:00\",\"dateModified\":\"2023-07-13T10:21:43+00:00\",\"breadcrumb\":{\"@id\":\"https:\/\/charente.catholique.fr\/maison-diocesaine\/agenda\/concert-par-le-choeur-vivavoce-des-pays-bas\/#breadcrumb\"},\"inLanguage\":\"fr-FR\",\"potentialAction\":[{\"@type\":\"ReadAction\",\"target\":[\"https:\/\/charente.catholique.fr\/maison-diocesaine\/agenda\/concert-par-le-choeur-vivavoce-des-pays-bas\/\"]}]},{\"@type\":\"ImageObject\",\"inLanguage\":\"fr-FR\",\"@id\":\"https:\/\/charente.catholique.fr\/maison-diocesaine\/agenda\/concert-par-le-choeur-vivavoce-des-pays-bas\/#primaryimage\",\"url\":\"https:\/\/charente.catholique.fr\/maison-diocesaine\/wp-content\/uploads\/sites\/8\/2023\/07\/poster-23-juli-2023-A-scaled.jpg\",\"contentUrl\":\"https:\/\/charente.catholique.fr\/maison-diocesaine\/wp-content\/uploads\/sites\/8\/2023\/07\/poster-23-juli-2023-A-scaled.jpg\",\"width\":1836,\"height\":2560},{\"@type\":\"BreadcrumbList\",\"@id\":\"https:\/\/charente.catholique.fr\/maison-diocesaine\/agenda\/concert-par-le-choeur-vivavoce-des-pays-bas\/#breadcrumb\",\"itemListElement\":[{\"@type\":\"ListItem\",\"position\":1,\"name\":\"Accueil\",\"item\":\"https:\/\/charente.catholique.fr\/maison-diocesaine\/\"},{\"@type\":\"ListItem\",\"position\":2,\"name\":\"Concert par le choeur Vivavoce des Pays-Bas\"}]},{\"@type\":\"WebSite\",\"@id\":\"https:\/\/charente.catholique.fr\/maison-diocesaine\/#website\",\"url\":\"https:\/\/charente.catholique.fr\/maison-diocesaine\/\",\"name\":\"Maison Dioc\u00e9saine\",\"description\":\"Dioc\u00e8se d&#039;Angoul\u00eame - Eglise Catholique en Charente\",\"potentialAction\":[{\"@type\":\"SearchAction\",\"target\":{\"@type\":\"EntryPoint\",\"urlTemplate\":\"https:\/\/charente.catholique.fr\/maison-diocesaine\/?s={search_term_string}\"},\"query-input\":{\"@type\":\"PropertyValueSpecification\",\"valueRequired\":true,\"valueName\":\"search_term_string\"}}],\"inLanguage\":\"fr-FR\"}]}<\/script>\n<!-- \/ Yoast SEO plugin. -->","yoast_head_json":{"title":"Concert par le choeur Vivavoce des Pays-Bas - Maison Dioc\u00e9saine","robots":{"index":"index","follow":"follow","max-snippet":"max-snippet:-1","max-image-preview":"max-image-preview:large","max-video-preview":"max-video-preview:-1"},"canonical":"https:\/\/charente.catholique.fr\/maison-diocesaine\/agenda\/concert-par-le-choeur-vivavoce-des-pays-bas\/","og_locale":"fr_FR","og_type":"article","og_title":"Concert par le choeur Vivavoce des Pays-Bas - Maison Dioc\u00e9saine","og_url":"https:\/\/charente.catholique.fr\/maison-diocesaine\/agenda\/concert-par-le-choeur-vivavoce-des-pays-bas\/","og_site_name":"Maison Dioc\u00e9saine","article_modified_time":"2023-07-13T10:21:43+00:00","og_image":[{"width":1836,"height":2560,"url":"https:\/\/charente.catholique.fr\/maison-diocesaine\/wp-content\/uploads\/sites\/8\/2023\/07\/poster-23-juli-2023-A-scaled.jpg","type":"image\/jpeg"}],"twitter_card":"summary_large_image","twitter_misc":{"Dur\u00e9e de lecture estim\u00e9e":"1 minute"},"schema":{"@context":"https:\/\/schema.org","@graph":[{"@type":"WebPage","@id":"https:\/\/charente.catholique.fr\/maison-diocesaine\/agenda\/concert-par-le-choeur-vivavoce-des-pays-bas\/","url":"https:\/\/charente.catholique.fr\/maison-diocesaine\/agenda\/concert-par-le-choeur-vivavoce-des-pays-bas\/","name":"Concert par le choeur Vivavoce des Pays-Bas - Maison Dioc\u00e9saine","isPartOf":{"@id":"https:\/\/charente.catholique.fr\/maison-diocesaine\/#website"},"primaryImageOfPage":{"@id":"https:\/\/charente.catholique.fr\/maison-diocesaine\/agenda\/concert-par-le-choeur-vivavoce-des-pays-bas\/#primaryimage"},"image":{"@id":"https:\/\/charente.catholique.fr\/maison-diocesaine\/agenda\/concert-par-le-choeur-vivavoce-des-pays-bas\/#primaryimage"},"thumbnailUrl":"https:\/\/charente.catholique.fr\/maison-diocesaine\/wp-content\/uploads\/sites\/8\/2023\/07\/poster-23-juli-2023-A-scaled.jpg","datePublished":"2023-07-13T10:21:42+00:00","dateModified":"2023-07-13T10:21:43+00:00","breadcrumb":{"@id":"https:\/\/charente.catholique.fr\/maison-diocesaine\/agenda\/concert-par-le-choeur-vivavoce-des-pays-bas\/#breadcrumb"},"inLanguage":"fr-FR","potentialAction":[{"@type":"ReadAction","target":["https:\/\/charente.catholique.fr\/maison-diocesaine\/agenda\/concert-par-le-choeur-vivavoce-des-pays-bas\/"]}]},{"@type":"ImageObject","inLanguage":"fr-FR","@id":"https:\/\/charente.catholique.fr\/maison-diocesaine\/agenda\/concert-par-le-choeur-vivavoce-des-pays-bas\/#primaryimage","url":"https:\/\/charente.catholique.fr\/maison-diocesaine\/wp-content\/uploads\/sites\/8\/2023\/07\/poster-23-juli-2023-A-scaled.jpg","contentUrl":"https:\/\/charente.catholique.fr\/maison-diocesaine\/wp-content\/uploads\/sites\/8\/2023\/07\/poster-23-juli-2023-A-scaled.jpg","width":1836,"height":2560},{"@type":"BreadcrumbList","@id":"https:\/\/charente.catholique.fr\/maison-diocesaine\/agenda\/concert-par-le-choeur-vivavoce-des-pays-bas\/#breadcrumb","itemListElement":[{"@type":"ListItem","position":1,"name":"Accueil","item":"https:\/\/charente.catholique.fr\/maison-diocesaine\/"},{"@type":"ListItem","position":2,"name":"Concert par le choeur Vivavoce des Pays-Bas"}]},{"@type":"WebSite","@id":"https:\/\/charente.catholique.fr\/maison-diocesaine\/#website","url":"https:\/\/charente.catholique.fr\/maison-diocesaine\/","name":"Maison Dioc\u00e9saine","description":"Dioc\u00e8se d&#039;Angoul\u00eame - Eglise Catholique en Charente","potentialAction":[{"@type":"SearchAction","target":{"@type":"EntryPoint","urlTemplate":"https:\/\/charente.catholique.fr\/maison-diocesaine\/?s={search_term_string}"},"query-input":{"@type":"PropertyValueSpecification","valueRequired":true,"valueName":"search_term_string"}}],"inLanguage":"fr-FR"}]}},"_links":{"self":[{"href":"https:\/\/charente.catholique.fr\/maison-diocesaine\/wp-json\/wp\/v2\/evenement\/799","targetHints":{"allow":["GET"]}}],"collection":[{"href":"https:\/\/charente.catholique.fr\/maison-diocesaine\/wp-json\/wp\/v2\/evenement"}],"about":[{"href":"https:\/\/charente.catholique.fr\/maison-diocesaine\/wp-json\/wp\/v2\/types\/evenement"}],"author":[{"embeddable":true,"href":"https:\/\/charente.catholique.fr\/maison-diocesaine\/wp-json\/wp\/v2\/users\/3"}],"version-history":[{"count":2,"href":"https:\/\/charente.catholique.fr\/maison-diocesaine\/wp-json\/wp\/v2\/evenement\/799\/revisions"}],"predecessor-version":[{"id":802,"href":"https:\/\/charente.catholique.fr\/maison-diocesaine\/wp-json\/wp\/v2\/evenement\/799\/revisions\/802"}],"wp:featuredmedia":[{"embeddable":true,"href":"https:\/\/charente.catholique.fr\/maison-diocesaine\/wp-json\/wp\/v2\/media\/800"}],"wp:attachment":[{"href":"https:\/\/charente.catholique.fr\/maison-diocesaine\/wp-json\/wp\/v2\/media?parent=799"}],"wp:term":[{"taxonomy":"category","embeddable":true,"href":"https:\/\/charente.catholique.fr\/maison-diocesaine\/wp-json\/wp\/v2\/categories?post=799"},{"taxonomy":"post_tag","embeddable":true,"href":"https:\/\/charente.catholique.fr\/maison-diocesaine\/wp-json\/wp\/v2\/tags?post=799"}],"curies":[{"name":"wp","href":"https:\/\/api.w.org\/{rel}","templated":true}]}}

Maison Diocésaine

<!-- This site is optimized with the Yoast SEO plugin v27.1.1 - https://yoast.com/product/yoast-seo-wordpress/ -->
<title>Concert par le choeur Vivavoce des Pays-Bas - Maison Diocésaine</title>
<meta name="robots" content="index, follow, max-snippet:-1, max-image-preview:large, max-video-preview:-1" />
<link rel="canonical" href="https://charente.catholique.fr/maison-diocesaine/agenda/concert-par-le-choeur-vivavoce-des-pays-bas/" />
<meta property="og:locale" content="fr_FR" />
<meta property="og:type" content="article" />
<meta property="og:title" content="Concert par le choeur Vivavoce des Pays-Bas - Maison Diocésaine" />
<meta property="og:url" content="https://charente.catholique.fr/maison-diocesaine/agenda/concert-par-le-choeur-vivavoce-des-pays-bas/" />
<meta property="og:site_name" content="Maison Diocésaine" />
<meta property="article:modified_time" content="2023-07-13T10:21:43+00:00" />
<meta property="og:image" content="https://charente.catholique.fr/maison-diocesaine/wp-content/uploads/sites/8/2023/07/poster-23-juli-2023-A-scaled.jpg" />
	<meta property="og:image:width" content="1836" />
	<meta property="og:image:height" content="2560" />
	<meta property="og:image:type" content="image/jpeg" />
<meta name="twitter:card" content="summary_large_image" />
<meta name="twitter:label1" content="Durée de lecture estimée" />
	<meta name="twitter:data1" content="1 minute" />
<script type="application/ld+json" class="yoast-schema-graph">{"@context":"https://schema.org","@graph":[{"@type":"WebPage","@id":"https://charente.catholique.fr/maison-diocesaine/agenda/concert-par-le-choeur-vivavoce-des-pays-bas/","url":"https://charente.catholique.fr/maison-diocesaine/agenda/concert-par-le-choeur-vivavoce-des-pays-bas/","name":"Concert par le choeur Vivavoce des Pays-Bas - Maison Diocésaine","isPartOf":{"@id":"https://charente.catholique.fr/maison-diocesaine/#website"},"primaryImageOfPage":{"@id":"https://charente.catholique.fr/maison-diocesaine/agenda/concert-par-le-choeur-vivavoce-des-pays-bas/#primaryimage"},"image":{"@id":"https://charente.catholique.fr/maison-diocesaine/agenda/concert-par-le-choeur-vivavoce-des-pays-bas/#primaryimage"},"thumbnailUrl":"https://charente.catholique.fr/maison-diocesaine/wp-content/uploads/sites/8/2023/07/poster-23-juli-2023-A-scaled.jpg","datePublished":"2023-07-13T10:21:42+00:00","dateModified":"2023-07-13T10:21:43+00:00","breadcrumb":{"@id":"https://charente.catholique.fr/maison-diocesaine/agenda/concert-par-le-choeur-vivavoce-des-pays-bas/#breadcrumb"},"inLanguage":"fr-FR","potentialAction":[{"@type":"ReadAction","target":["https://charente.catholique.fr/maison-diocesaine/agenda/concert-par-le-choeur-vivavoce-des-pays-bas/"]}]},{"@type":"ImageObject","inLanguage":"fr-FR","@id":"https://charente.catholique.fr/maison-diocesaine/agenda/concert-par-le-choeur-vivavoce-des-pays-bas/#primaryimage","url":"https://charente.catholique.fr/maison-diocesaine/wp-content/uploads/sites/8/2023/07/poster-23-juli-2023-A-scaled.jpg","contentUrl":"https://charente.catholique.fr/maison-diocesaine/wp-content/uploads/sites/8/2023/07/poster-23-juli-2023-A-scaled.jpg","width":1836,"height":2560},{"@type":"BreadcrumbList","@id":"https://charente.catholique.fr/maison-diocesaine/agenda/concert-par-le-choeur-vivavoce-des-pays-bas/#breadcrumb","itemListElement":[{"@type":"ListItem","position":1,"name":"Accueil","item":"https://charente.catholique.fr/maison-diocesaine/"},{"@type":"ListItem","position":2,"name":"Concert par le choeur Vivavoce des Pays-Bas"}]},{"@type":"WebSite","@id":"https://charente.catholique.fr/maison-diocesaine/#website","url":"https://charente.catholique.fr/maison-diocesaine/","name":"Maison Diocésaine","description":"Diocèse d&#039;Angoulême - Eglise Catholique en Charente","potentialAction":[{"@type":"SearchAction","target":{"@type":"EntryPoint","urlTemplate":"https://charente.catholique.fr/maison-diocesaine/?s={search_term_string}"},"query-input":{"@type":"PropertyValueSpecification","valueRequired":true,"valueName":"search_term_string"}}],"inLanguage":"fr-FR"}]}</script>
<!-- / Yoast SEO plugin. -->

Concert par le choeur Vivavoce des Pays-Bas - Maison Diocésaine

Diocèse d&#039;Angoulême - Eglise Catholique en Charente
