{"id":347,"date":"2021-02-05T18:44:23","date_gmt":"2021-02-05T17:44:23","guid":{"rendered":"https:\/\/charente.catholique.fr\/maison-diocesaine\/?post_type=evenement&#038;p=347"},"modified":"2021-02-17T17:20:45","modified_gmt":"2021-02-17T16:20:45","slug":"jardin-participatif-reunion-dinformation","status":"publish","type":"evenement","link":"https:\/\/charente.catholique.fr\/maison-diocesaine\/agenda\/jardin-participatif-reunion-dinformation\/","title":{"rendered":"Jardin participatif : Rendez-vous du 27 f\u00e9vrier au 6 mars 2021"},"content":{"rendered":"\n<p>Depuis plusieurs mois, la Maison dioc\u00e9saine d\u2019Angoul\u00eame qui dispose de plus de 2000 m2 de terrain, s\u2019est lanc\u00e9e dans la cr\u00e9ation d\u2019un jardin participatif.<br>Et celui-ci est sur le point de prendre son envol&nbsp;!<br>Dans un cadre unique et au c\u0153ur de la ville, cet espace se veut convivial, solidaire et respectueux de la terre.<br>Des carr\u00e9s potagers \u00e0 cultiver, un fonctionnement collaboratif, de la transmission de savoirs\u2026<br>Ce jardin sera ce que vous en ferez&nbsp;!<\/p>\n\n\n\n<p>Pour d\u00e9couvrir le projet et le jardin, nous vous invitons \u00e0 prendre rdv : <a href=\"https:\/\/urlz.fr\/eVsH\">Inscrivez-vous ici !&nbsp;<\/a><\/p>\n","protected":false},"author":3,"featured_media":326,"template":"","meta":{"_acf_changed":false,"paroisse":[""],"service":["0"],"footnotes":""},"categories":[],"tags":[],"class_list":["post-347","evenement","type-evenement","status-publish","has-post-thumbnail","hentry","validated"],"acf":{"start_date":"2021-02-27 10:00:00","end_date":"2021-03-06 00:00:00","location":"Maison dioc\u00e9saine d'Angoul\u00eame","address":null},"yoast_head":"<!-- This site is optimized with the Yoast SEO plugin v27.1.1 - https:\/\/yoast.com\/product\/yoast-seo-wordpress\/ -->\n<title>Jardin participatif : Rendez-vous du 27 f\u00e9vrier au 6 mars 2021 - Maison Dioc\u00e9saine<\/title>\n<meta name=\"robots\" content=\"index, follow, max-snippet:-1, max-image-preview:large, max-video-preview:-1\" \/>\n<link rel=\"canonical\" href=\"https:\/\/charente.catholique.fr\/maison-diocesaine\/agenda\/jardin-participatif-reunion-dinformation\/\" \/>\n<meta property=\"og:locale\" content=\"fr_FR\" \/>\n<meta property=\"og:type\" content=\"article\" \/>\n<meta property=\"og:title\" content=\"Jardin participatif : Rendez-vous du 27 f\u00e9vrier au 6 mars 2021 - Maison Dioc\u00e9saine\" \/>\n<meta property=\"og:description\" content=\"Depuis plusieurs mois, la Maison dioc\u00e9saine d\u2019Angoul\u00eame qui dispose de plus de 2000 m2 de terrain, s\u2019est lanc\u00e9e dans la cr\u00e9ation d\u2019un jardin participatif.Et celui-ci est sur le point de prendre son envol&nbsp;!Dans un cadre unique et au c\u0153ur de la ville, cet espace se veut convivial, solidaire et respectueux de la terre.Des carr\u00e9s potagers [&hellip;]\" \/>\n<meta property=\"og:url\" content=\"https:\/\/charente.catholique.fr\/maison-diocesaine\/agenda\/jardin-participatif-reunion-dinformation\/\" \/>\n<meta property=\"og:site_name\" content=\"Maison Dioc\u00e9saine\" \/>\n<meta property=\"article:modified_time\" content=\"2021-02-17T16:20:45+00:00\" \/>\n<meta property=\"og:image\" content=\"https:\/\/charente.catholique.fr\/maison-diocesaine\/wp-content\/uploads\/sites\/8\/2021\/02\/garden-5315602_1920.jpg\" \/>\n\t<meta property=\"og:image:width\" content=\"1920\" \/>\n\t<meta property=\"og:image:height\" content=\"1280\" \/>\n\t<meta property=\"og:image:type\" content=\"image\/jpeg\" \/>\n<meta name=\"twitter:card\" content=\"summary_large_image\" \/>\n<meta name=\"twitter:label1\" content=\"Dur\u00e9e de lecture estim\u00e9e\" \/>\n\t<meta name=\"twitter:data1\" content=\"1 minute\" \/>\n<script type=\"application\/ld+json\" class=\"yoast-schema-graph\">{\"@context\":\"https:\/\/schema.org\",\"@graph\":[{\"@type\":\"WebPage\",\"@id\":\"https:\/\/charente.catholique.fr\/maison-diocesaine\/agenda\/jardin-participatif-reunion-dinformation\/\",\"url\":\"https:\/\/charente.catholique.fr\/maison-diocesaine\/agenda\/jardin-participatif-reunion-dinformation\/\",\"name\":\"Jardin participatif : Rendez-vous du 27 f\u00e9vrier au 6 mars 2021 - Maison Dioc\u00e9saine\",\"isPartOf\":{\"@id\":\"https:\/\/charente.catholique.fr\/maison-diocesaine\/#website\"},\"primaryImageOfPage\":{\"@id\":\"https:\/\/charente.catholique.fr\/maison-diocesaine\/agenda\/jardin-participatif-reunion-dinformation\/#primaryimage\"},\"image\":{\"@id\":\"https:\/\/charente.catholique.fr\/maison-diocesaine\/agenda\/jardin-participatif-reunion-dinformation\/#primaryimage\"},\"thumbnailUrl\":\"https:\/\/charente.catholique.fr\/maison-diocesaine\/wp-content\/uploads\/sites\/8\/2021\/02\/garden-5315602_1920.jpg\",\"datePublished\":\"2021-02-05T17:44:23+00:00\",\"dateModified\":\"2021-02-17T16:20:45+00:00\",\"breadcrumb\":{\"@id\":\"https:\/\/charente.catholique.fr\/maison-diocesaine\/agenda\/jardin-participatif-reunion-dinformation\/#breadcrumb\"},\"inLanguage\":\"fr-FR\",\"potentialAction\":[{\"@type\":\"ReadAction\",\"target\":[\"https:\/\/charente.catholique.fr\/maison-diocesaine\/agenda\/jardin-participatif-reunion-dinformation\/\"]}]},{\"@type\":\"ImageObject\",\"inLanguage\":\"fr-FR\",\"@id\":\"https:\/\/charente.catholique.fr\/maison-diocesaine\/agenda\/jardin-participatif-reunion-dinformation\/#primaryimage\",\"url\":\"https:\/\/charente.catholique.fr\/maison-diocesaine\/wp-content\/uploads\/sites\/8\/2021\/02\/garden-5315602_1920.jpg\",\"contentUrl\":\"https:\/\/charente.catholique.fr\/maison-diocesaine\/wp-content\/uploads\/sites\/8\/2021\/02\/garden-5315602_1920.jpg\",\"width\":1920,\"height\":1280},{\"@type\":\"BreadcrumbList\",\"@id\":\"https:\/\/charente.catholique.fr\/maison-diocesaine\/agenda\/jardin-participatif-reunion-dinformation\/#breadcrumb\",\"itemListElement\":[{\"@type\":\"ListItem\",\"position\":1,\"name\":\"Accueil\",\"item\":\"https:\/\/charente.catholique.fr\/maison-diocesaine\/\"},{\"@type\":\"ListItem\",\"position\":2,\"name\":\"Jardin participatif : Rendez-vous du 27 f\u00e9vrier au 6 mars 2021\"}]},{\"@type\":\"WebSite\",\"@id\":\"https:\/\/charente.catholique.fr\/maison-diocesaine\/#website\",\"url\":\"https:\/\/charente.catholique.fr\/maison-diocesaine\/\",\"name\":\"Maison Dioc\u00e9saine\",\"description\":\"Dioc\u00e8se d&#039;Angoul\u00eame - Eglise Catholique en Charente\",\"potentialAction\":[{\"@type\":\"SearchAction\",\"target\":{\"@type\":\"EntryPoint\",\"urlTemplate\":\"https:\/\/charente.catholique.fr\/maison-diocesaine\/?s={search_term_string}\"},\"query-input\":{\"@type\":\"PropertyValueSpecification\",\"valueRequired\":true,\"valueName\":\"search_term_string\"}}],\"inLanguage\":\"fr-FR\"}]}<\/script>\n<!-- \/ Yoast SEO plugin. -->","yoast_head_json":{"title":"Jardin participatif : Rendez-vous du 27 f\u00e9vrier au 6 mars 2021 - Maison Dioc\u00e9saine","robots":{"index":"index","follow":"follow","max-snippet":"max-snippet:-1","max-image-preview":"max-image-preview:large","max-video-preview":"max-video-preview:-1"},"canonical":"https:\/\/charente.catholique.fr\/maison-diocesaine\/agenda\/jardin-participatif-reunion-dinformation\/","og_locale":"fr_FR","og_type":"article","og_title":"Jardin participatif : Rendez-vous du 27 f\u00e9vrier au 6 mars 2021 - Maison Dioc\u00e9saine","og_description":"Depuis plusieurs mois, la Maison dioc\u00e9saine d\u2019Angoul\u00eame qui dispose de plus de 2000 m2 de terrain, s\u2019est lanc\u00e9e dans la cr\u00e9ation d\u2019un jardin participatif.Et celui-ci est sur le point de prendre son envol&nbsp;!Dans un cadre unique et au c\u0153ur de la ville, cet espace se veut convivial, solidaire et respectueux de la terre.Des carr\u00e9s potagers [&hellip;]","og_url":"https:\/\/charente.catholique.fr\/maison-diocesaine\/agenda\/jardin-participatif-reunion-dinformation\/","og_site_name":"Maison Dioc\u00e9saine","article_modified_time":"2021-02-17T16:20:45+00:00","og_image":[{"width":1920,"height":1280,"url":"https:\/\/charente.catholique.fr\/maison-diocesaine\/wp-content\/uploads\/sites\/8\/2021\/02\/garden-5315602_1920.jpg","type":"image\/jpeg"}],"twitter_card":"summary_large_image","twitter_misc":{"Dur\u00e9e de lecture estim\u00e9e":"1 minute"},"schema":{"@context":"https:\/\/schema.org","@graph":[{"@type":"WebPage","@id":"https:\/\/charente.catholique.fr\/maison-diocesaine\/agenda\/jardin-participatif-reunion-dinformation\/","url":"https:\/\/charente.catholique.fr\/maison-diocesaine\/agenda\/jardin-participatif-reunion-dinformation\/","name":"Jardin participatif : Rendez-vous du 27 f\u00e9vrier au 6 mars 2021 - Maison Dioc\u00e9saine","isPartOf":{"@id":"https:\/\/charente.catholique.fr\/maison-diocesaine\/#website"},"primaryImageOfPage":{"@id":"https:\/\/charente.catholique.fr\/maison-diocesaine\/agenda\/jardin-participatif-reunion-dinformation\/#primaryimage"},"image":{"@id":"https:\/\/charente.catholique.fr\/maison-diocesaine\/agenda\/jardin-participatif-reunion-dinformation\/#primaryimage"},"thumbnailUrl":"https:\/\/charente.catholique.fr\/maison-diocesaine\/wp-content\/uploads\/sites\/8\/2021\/02\/garden-5315602_1920.jpg","datePublished":"2021-02-05T17:44:23+00:00","dateModified":"2021-02-17T16:20:45+00:00","breadcrumb":{"@id":"https:\/\/charente.catholique.fr\/maison-diocesaine\/agenda\/jardin-participatif-reunion-dinformation\/#breadcrumb"},"inLanguage":"fr-FR","potentialAction":[{"@type":"ReadAction","target":["https:\/\/charente.catholique.fr\/maison-diocesaine\/agenda\/jardin-participatif-reunion-dinformation\/"]}]},{"@type":"ImageObject","inLanguage":"fr-FR","@id":"https:\/\/charente.catholique.fr\/maison-diocesaine\/agenda\/jardin-participatif-reunion-dinformation\/#primaryimage","url":"https:\/\/charente.catholique.fr\/maison-diocesaine\/wp-content\/uploads\/sites\/8\/2021\/02\/garden-5315602_1920.jpg","contentUrl":"https:\/\/charente.catholique.fr\/maison-diocesaine\/wp-content\/uploads\/sites\/8\/2021\/02\/garden-5315602_1920.jpg","width":1920,"height":1280},{"@type":"BreadcrumbList","@id":"https:\/\/charente.catholique.fr\/maison-diocesaine\/agenda\/jardin-participatif-reunion-dinformation\/#breadcrumb","itemListElement":[{"@type":"ListItem","position":1,"name":"Accueil","item":"https:\/\/charente.catholique.fr\/maison-diocesaine\/"},{"@type":"ListItem","position":2,"name":"Jardin participatif : Rendez-vous du 27 f\u00e9vrier au 6 mars 2021"}]},{"@type":"WebSite","@id":"https:\/\/charente.catholique.fr\/maison-diocesaine\/#website","url":"https:\/\/charente.catholique.fr\/maison-diocesaine\/","name":"Maison Dioc\u00e9saine","description":"Dioc\u00e8se d&#039;Angoul\u00eame - Eglise Catholique en Charente","potentialAction":[{"@type":"SearchAction","target":{"@type":"EntryPoint","urlTemplate":"https:\/\/charente.catholique.fr\/maison-diocesaine\/?s={search_term_string}"},"query-input":{"@type":"PropertyValueSpecification","valueRequired":true,"valueName":"search_term_string"}}],"inLanguage":"fr-FR"}]}},"_links":{"self":[{"href":"https:\/\/charente.catholique.fr\/maison-diocesaine\/wp-json\/wp\/v2\/evenement\/347","targetHints":{"allow":["GET"]}}],"collection":[{"href":"https:\/\/charente.catholique.fr\/maison-diocesaine\/wp-json\/wp\/v2\/evenement"}],"about":[{"href":"https:\/\/charente.catholique.fr\/maison-diocesaine\/wp-json\/wp\/v2\/types\/evenement"}],"author":[{"embeddable":true,"href":"https:\/\/charente.catholique.fr\/maison-diocesaine\/wp-json\/wp\/v2\/users\/3"}],"version-history":[{"count":0,"href":"https:\/\/charente.catholique.fr\/maison-diocesaine\/wp-json\/wp\/v2\/evenement\/347\/revisions"}],"wp:featuredmedia":[{"embeddable":true,"href":"https:\/\/charente.catholique.fr\/maison-diocesaine\/wp-json\/wp\/v2\/media\/326"}],"wp:attachment":[{"href":"https:\/\/charente.catholique.fr\/maison-diocesaine\/wp-json\/wp\/v2\/media?parent=347"}],"wp:term":[{"taxonomy":"category","embeddable":true,"href":"https:\/\/charente.catholique.fr\/maison-diocesaine\/wp-json\/wp\/v2\/categories?post=347"},{"taxonomy":"post_tag","embeddable":true,"href":"https:\/\/charente.catholique.fr\/maison-diocesaine\/wp-json\/wp\/v2\/tags?post=347"}],"curies":[{"name":"wp","href":"https:\/\/api.w.org\/{rel}","templated":true}]}}

Jardin participatif : Rendez-vous du 27 février au 6 mars 2021

<p>Depuis plusieurs mois, la Maison diocésaine d’Angoulême qui dispose de plus de 2000 m2 de terrain, s’est lancée dans la création d’un jardin participatif.<br>Et celui-ci est sur le point de prendre son envol&nbsp;!<br>Dans un cadre unique et au cœur de la ville, cet espace se veut convivial, solidaire et respectueux de la terre.<br>Des carrés potagers à cultiver, un fonctionnement collaboratif, de la transmission de savoirs…<br>Ce jardin sera ce que vous en ferez&nbsp;!</p>



<p>Pour découvrir le projet et le jardin, nous vous invitons à prendre rdv : <a href="https://urlz.fr/eVsH">Inscrivez-vous ici !&nbsp;</a></p>

Maison diocésaine d'Angoulême

<!-- This site is optimized with the Yoast SEO plugin v27.1.1 - https://yoast.com/product/yoast-seo-wordpress/ -->
<title>Jardin participatif : Rendez-vous du 27 février au 6 mars 2021 - Maison Diocésaine</title>
<meta name="robots" content="index, follow, max-snippet:-1, max-image-preview:large, max-video-preview:-1" />
<link rel="canonical" href="https://charente.catholique.fr/maison-diocesaine/agenda/jardin-participatif-reunion-dinformation/" />
<meta property="og:locale" content="fr_FR" />
<meta property="og:type" content="article" />
<meta property="og:title" content="Jardin participatif : Rendez-vous du 27 février au 6 mars 2021 - Maison Diocésaine" />
<meta property="og:description" content="Depuis plusieurs mois, la Maison diocésaine d’Angoulême qui dispose de plus de 2000 m2 de terrain, s’est lancée dans la création d’un jardin participatif.Et celui-ci est sur le point de prendre son envol&nbsp;!Dans un cadre unique et au cœur de la ville, cet espace se veut convivial, solidaire et respectueux de la terre.Des carrés potagers [&hellip;]" />
<meta property="og:url" content="https://charente.catholique.fr/maison-diocesaine/agenda/jardin-participatif-reunion-dinformation/" />
<meta property="og:site_name" content="Maison Diocésaine" />
<meta property="article:modified_time" content="2021-02-17T16:20:45+00:00" />
<meta property="og:image" content="https://charente.catholique.fr/maison-diocesaine/wp-content/uploads/sites/8/2021/02/garden-5315602_1920.jpg" />
	<meta property="og:image:width" content="1920" />
	<meta property="og:image:height" content="1280" />
	<meta property="og:image:type" content="image/jpeg" />
<meta name="twitter:card" content="summary_large_image" />
<meta name="twitter:label1" content="Durée de lecture estimée" />
	<meta name="twitter:data1" content="1 minute" />
<script type="application/ld+json" class="yoast-schema-graph">{"@context":"https://schema.org","@graph":[{"@type":"WebPage","@id":"https://charente.catholique.fr/maison-diocesaine/agenda/jardin-participatif-reunion-dinformation/","url":"https://charente.catholique.fr/maison-diocesaine/agenda/jardin-participatif-reunion-dinformation/","name":"Jardin participatif : Rendez-vous du 27 février au 6 mars 2021 - Maison Diocésaine","isPartOf":{"@id":"https://charente.catholique.fr/maison-diocesaine/#website"},"primaryImageOfPage":{"@id":"https://charente.catholique.fr/maison-diocesaine/agenda/jardin-participatif-reunion-dinformation/#primaryimage"},"image":{"@id":"https://charente.catholique.fr/maison-diocesaine/agenda/jardin-participatif-reunion-dinformation/#primaryimage"},"thumbnailUrl":"https://charente.catholique.fr/maison-diocesaine/wp-content/uploads/sites/8/2021/02/garden-5315602_1920.jpg","datePublished":"2021-02-05T17:44:23+00:00","dateModified":"2021-02-17T16:20:45+00:00","breadcrumb":{"@id":"https://charente.catholique.fr/maison-diocesaine/agenda/jardin-participatif-reunion-dinformation/#breadcrumb"},"inLanguage":"fr-FR","potentialAction":[{"@type":"ReadAction","target":["https://charente.catholique.fr/maison-diocesaine/agenda/jardin-participatif-reunion-dinformation/"]}]},{"@type":"ImageObject","inLanguage":"fr-FR","@id":"https://charente.catholique.fr/maison-diocesaine/agenda/jardin-participatif-reunion-dinformation/#primaryimage","url":"https://charente.catholique.fr/maison-diocesaine/wp-content/uploads/sites/8/2021/02/garden-5315602_1920.jpg","contentUrl":"https://charente.catholique.fr/maison-diocesaine/wp-content/uploads/sites/8/2021/02/garden-5315602_1920.jpg","width":1920,"height":1280},{"@type":"BreadcrumbList","@id":"https://charente.catholique.fr/maison-diocesaine/agenda/jardin-participatif-reunion-dinformation/#breadcrumb","itemListElement":[{"@type":"ListItem","position":1,"name":"Accueil","item":"https://charente.catholique.fr/maison-diocesaine/"},{"@type":"ListItem","position":2,"name":"Jardin participatif : Rendez-vous du 27 février au 6 mars 2021"}]},{"@type":"WebSite","@id":"https://charente.catholique.fr/maison-diocesaine/#website","url":"https://charente.catholique.fr/maison-diocesaine/","name":"Maison Diocésaine","description":"Diocèse d&#039;Angoulême - Eglise Catholique en Charente","potentialAction":[{"@type":"SearchAction","target":{"@type":"EntryPoint","urlTemplate":"https://charente.catholique.fr/maison-diocesaine/?s={search_term_string}"},"query-input":{"@type":"PropertyValueSpecification","valueRequired":true,"valueName":"search_term_string"}}],"inLanguage":"fr-FR"}]}</script>
<!-- / Yoast SEO plugin. -->

Jardin participatif : Rendez-vous du 27 février au 6 mars 2021 - Maison Diocésaine

Depuis plusieurs mois, la Maison diocésaine d’Angoulême qui dispose de plus de 2000 m2 de terrain, s’est lancée dans la création d’un jardin participatif.Et celui-ci est sur le point de prendre son envol&nbsp;!Dans un cadre unique et au cœur de la ville, cet espace se veut convivial, solidaire et respectueux de la terre.Des carrés potagers [&hellip;]

Maison Diocésaine

Diocèse d&#039;Angoulême - Eglise Catholique en Charente
