{"id":26979,"date":"2025-03-06T12:18:13","date_gmt":"2025-03-06T11:18:13","guid":{"rendered":"https:\/\/charente.catholique.fr\/grand-angouleme\/?post_type=evenement&#038;p=26979"},"modified":"2025-03-06T12:18:14","modified_gmt":"2025-03-06T11:18:14","slug":"soirees-de-careme-2025-2","status":"publish","type":"evenement","link":"https:\/\/charente.catholique.fr\/grand-angouleme\/agenda\/soirees-de-careme-2025-2\/","title":{"rendered":"Soir\u00e9es de Car\u00eame 2025"},"content":{"rendered":"\n<p class=\"has-medium-font-size\">V\u00eapres et adoration du Saint Sacrement, jeudi 20 mars 18h30 \u00e0 l&#8217;\u00e9glise de Roullet<\/p>\n\n\n\n<figure class=\"wp-block-image size-large is-resized\"><img loading=\"lazy\" decoding=\"async\" width=\"723\" height=\"1080\" src=\"https:\/\/charente.catholique.fr\/grand-angouleme\/wp-content\/uploads\/sites\/2\/2025\/03\/eucharist-2435932_1280-723x1080.jpg\" alt=\"\" class=\"wp-image-26970\" style=\"width:118px;height:auto\" srcset=\"https:\/\/charente.catholique.fr\/grand-angouleme\/wp-content\/uploads\/sites\/2\/2025\/03\/eucharist-2435932_1280-723x1080.jpg 723w, https:\/\/charente.catholique.fr\/grand-angouleme\/wp-content\/uploads\/sites\/2\/2025\/03\/eucharist-2435932_1280-201x300.jpg 201w, https:\/\/charente.catholique.fr\/grand-angouleme\/wp-content\/uploads\/sites\/2\/2025\/03\/eucharist-2435932_1280-768x1147.jpg 768w, https:\/\/charente.catholique.fr\/grand-angouleme\/wp-content\/uploads\/sites\/2\/2025\/03\/eucharist-2435932_1280.jpg 857w\" sizes=\"auto, (max-width: 723px) 100vw, 723px\" \/><\/figure>\n\n\n\n<p><\/p>\n","protected":false},"author":103,"featured_media":26658,"template":"","meta":{"_acf_changed":false,"paroisse":["4","4"],"service":["0"],"footnotes":""},"categories":[8],"tags":[],"class_list":["post-26979","evenement","type-evenement","status-publish","has-post-thumbnail","hentry","category-visitation-sur-boeme"],"acf":{"start_date":"2025-03-20 18:30:00","end_date":"","location":"Eglise de Roullet","address":null},"yoast_head":"<!-- This site is optimized with the Yoast SEO plugin v27.1.1 - https:\/\/yoast.com\/product\/yoast-seo-wordpress\/ -->\n<title>Soir\u00e9es de Car\u00eame 2025 - Doyenn\u00e9 Grand Angoul\u00eame<\/title>\n<meta name=\"robots\" content=\"index, follow, max-snippet:-1, max-image-preview:large, max-video-preview:-1\" \/>\n<link rel=\"canonical\" href=\"https:\/\/charente.catholique.fr\/grand-angouleme\/agenda\/soirees-de-careme-2025-2\/\" \/>\n<meta property=\"og:locale\" content=\"fr_FR\" \/>\n<meta property=\"og:type\" content=\"article\" \/>\n<meta property=\"og:title\" content=\"Soir\u00e9es de Car\u00eame 2025 - Doyenn\u00e9 Grand Angoul\u00eame\" \/>\n<meta property=\"og:description\" content=\"V\u00eapres et adoration du Saint Sacrement, jeudi 20 mars 18h30 \u00e0 l&#8217;\u00e9glise de Roullet\" \/>\n<meta property=\"og:url\" content=\"https:\/\/charente.catholique.fr\/grand-angouleme\/agenda\/soirees-de-careme-2025-2\/\" \/>\n<meta property=\"og:site_name\" content=\"Doyenn\u00e9 Grand Angoul\u00eame\" \/>\n<meta property=\"article:publisher\" content=\"https:\/\/www.facebook.com\/EgliseCatholiqueCharente\" \/>\n<meta property=\"article:modified_time\" content=\"2025-03-06T11:18:14+00:00\" \/>\n<meta property=\"og:image\" content=\"https:\/\/charente.catholique.fr\/grand-angouleme\/wp-content\/uploads\/sites\/2\/2025\/02\/desert-790640_1280.jpg\" \/>\n\t<meta property=\"og:image:width\" content=\"1280\" \/>\n\t<meta property=\"og:image:height\" content=\"960\" \/>\n\t<meta property=\"og:image:type\" content=\"image\/jpeg\" \/>\n<meta name=\"twitter:card\" content=\"summary_large_image\" \/>\n<meta name=\"twitter:site\" content=\"@diocesecharente\" \/>\n<meta name=\"twitter:label1\" content=\"Dur\u00e9e de lecture estim\u00e9e\" \/>\n\t<meta name=\"twitter:data1\" content=\"1 minute\" \/>\n<script type=\"application\/ld+json\" class=\"yoast-schema-graph\">{\"@context\":\"https:\/\/schema.org\",\"@graph\":[{\"@type\":\"WebPage\",\"@id\":\"https:\/\/charente.catholique.fr\/grand-angouleme\/agenda\/soirees-de-careme-2025-2\/\",\"url\":\"https:\/\/charente.catholique.fr\/grand-angouleme\/agenda\/soirees-de-careme-2025-2\/\",\"name\":\"Soir\u00e9es de Car\u00eame 2025 - Doyenn\u00e9 Grand Angoul\u00eame\",\"isPartOf\":{\"@id\":\"https:\/\/charente.catholique.fr\/grand-angouleme\/#website\"},\"primaryImageOfPage\":{\"@id\":\"https:\/\/charente.catholique.fr\/grand-angouleme\/agenda\/soirees-de-careme-2025-2\/#primaryimage\"},\"image\":{\"@id\":\"https:\/\/charente.catholique.fr\/grand-angouleme\/agenda\/soirees-de-careme-2025-2\/#primaryimage\"},\"thumbnailUrl\":\"https:\/\/charente.catholique.fr\/grand-angouleme\/wp-content\/uploads\/sites\/2\/2025\/02\/desert-790640_1280.jpg\",\"datePublished\":\"2025-03-06T11:18:13+00:00\",\"dateModified\":\"2025-03-06T11:18:14+00:00\",\"breadcrumb\":{\"@id\":\"https:\/\/charente.catholique.fr\/grand-angouleme\/agenda\/soirees-de-careme-2025-2\/#breadcrumb\"},\"inLanguage\":\"fr-FR\",\"potentialAction\":[{\"@type\":\"ReadAction\",\"target\":[\"https:\/\/charente.catholique.fr\/grand-angouleme\/agenda\/soirees-de-careme-2025-2\/\"]}]},{\"@type\":\"ImageObject\",\"inLanguage\":\"fr-FR\",\"@id\":\"https:\/\/charente.catholique.fr\/grand-angouleme\/agenda\/soirees-de-careme-2025-2\/#primaryimage\",\"url\":\"https:\/\/charente.catholique.fr\/grand-angouleme\/wp-content\/uploads\/sites\/2\/2025\/02\/desert-790640_1280.jpg\",\"contentUrl\":\"https:\/\/charente.catholique.fr\/grand-angouleme\/wp-content\/uploads\/sites\/2\/2025\/02\/desert-790640_1280.jpg\",\"width\":1280,\"height\":960},{\"@type\":\"BreadcrumbList\",\"@id\":\"https:\/\/charente.catholique.fr\/grand-angouleme\/agenda\/soirees-de-careme-2025-2\/#breadcrumb\",\"itemListElement\":[{\"@type\":\"ListItem\",\"position\":1,\"name\":\"Accueil\",\"item\":\"https:\/\/charente.catholique.fr\/grand-angouleme\/\"},{\"@type\":\"ListItem\",\"position\":2,\"name\":\"Soir\u00e9es de Car\u00eame 2025\"}]},{\"@type\":\"WebSite\",\"@id\":\"https:\/\/charente.catholique.fr\/grand-angouleme\/#website\",\"url\":\"https:\/\/charente.catholique.fr\/grand-angouleme\/\",\"name\":\"Doyenn\u00e9 Grand Angoul\u00eame - Dioc\u00e8se d'Angoul\u00eame\",\"description\":\"Dioc\u00e8se d&#039;Angoul\u00eame\",\"publisher\":{\"@id\":\"https:\/\/charente.catholique.fr\/grand-angouleme\/#organization\"},\"potentialAction\":[{\"@type\":\"SearchAction\",\"target\":{\"@type\":\"EntryPoint\",\"urlTemplate\":\"https:\/\/charente.catholique.fr\/grand-angouleme\/?s={search_term_string}\"},\"query-input\":{\"@type\":\"PropertyValueSpecification\",\"valueRequired\":true,\"valueName\":\"search_term_string\"}}],\"inLanguage\":\"fr-FR\"},{\"@type\":\"Organization\",\"@id\":\"https:\/\/charente.catholique.fr\/grand-angouleme\/#organization\",\"name\":\"Association Dioc\u00e9saine d'Angoul\u00eame\",\"url\":\"https:\/\/charente.catholique.fr\/grand-angouleme\/\",\"logo\":{\"@type\":\"ImageObject\",\"inLanguage\":\"fr-FR\",\"@id\":\"https:\/\/charente.catholique.fr\/grand-angouleme\/#\/schema\/logo\/image\/\",\"url\":\"https:\/\/charente.catholique.fr\/grand-angouleme\/wp-content\/uploads\/sites\/2\/2020\/10\/logos.png\",\"contentUrl\":\"https:\/\/charente.catholique.fr\/grand-angouleme\/wp-content\/uploads\/sites\/2\/2020\/10\/logos.png\",\"width\":600,\"height\":257,\"caption\":\"Association Dioc\u00e9saine d'Angoul\u00eame\"},\"image\":{\"@id\":\"https:\/\/charente.catholique.fr\/grand-angouleme\/#\/schema\/logo\/image\/\"},\"sameAs\":[\"https:\/\/www.facebook.com\/EgliseCatholiqueCharente\",\"https:\/\/x.com\/diocesecharente\",\"https:\/\/www.instagram.com\/eglisecharente\",\"https:\/\/www.youtube.com\/channel\/UCByyFWApZbw3gDTiADoiAaQ\"]}]}<\/script>\n<!-- \/ Yoast SEO plugin. -->","yoast_head_json":{"title":"Soir\u00e9es de Car\u00eame 2025 - Doyenn\u00e9 Grand Angoul\u00eame","robots":{"index":"index","follow":"follow","max-snippet":"max-snippet:-1","max-image-preview":"max-image-preview:large","max-video-preview":"max-video-preview:-1"},"canonical":"https:\/\/charente.catholique.fr\/grand-angouleme\/agenda\/soirees-de-careme-2025-2\/","og_locale":"fr_FR","og_type":"article","og_title":"Soir\u00e9es de Car\u00eame 2025 - Doyenn\u00e9 Grand Angoul\u00eame","og_description":"V\u00eapres et adoration du Saint Sacrement, jeudi 20 mars 18h30 \u00e0 l&#8217;\u00e9glise de Roullet","og_url":"https:\/\/charente.catholique.fr\/grand-angouleme\/agenda\/soirees-de-careme-2025-2\/","og_site_name":"Doyenn\u00e9 Grand Angoul\u00eame","article_publisher":"https:\/\/www.facebook.com\/EgliseCatholiqueCharente","article_modified_time":"2025-03-06T11:18:14+00:00","og_image":[{"width":1280,"height":960,"url":"https:\/\/charente.catholique.fr\/grand-angouleme\/wp-content\/uploads\/sites\/2\/2025\/02\/desert-790640_1280.jpg","type":"image\/jpeg"}],"twitter_card":"summary_large_image","twitter_site":"@diocesecharente","twitter_misc":{"Dur\u00e9e de lecture estim\u00e9e":"1 minute"},"schema":{"@context":"https:\/\/schema.org","@graph":[{"@type":"WebPage","@id":"https:\/\/charente.catholique.fr\/grand-angouleme\/agenda\/soirees-de-careme-2025-2\/","url":"https:\/\/charente.catholique.fr\/grand-angouleme\/agenda\/soirees-de-careme-2025-2\/","name":"Soir\u00e9es de Car\u00eame 2025 - Doyenn\u00e9 Grand Angoul\u00eame","isPartOf":{"@id":"https:\/\/charente.catholique.fr\/grand-angouleme\/#website"},"primaryImageOfPage":{"@id":"https:\/\/charente.catholique.fr\/grand-angouleme\/agenda\/soirees-de-careme-2025-2\/#primaryimage"},"image":{"@id":"https:\/\/charente.catholique.fr\/grand-angouleme\/agenda\/soirees-de-careme-2025-2\/#primaryimage"},"thumbnailUrl":"https:\/\/charente.catholique.fr\/grand-angouleme\/wp-content\/uploads\/sites\/2\/2025\/02\/desert-790640_1280.jpg","datePublished":"2025-03-06T11:18:13+00:00","dateModified":"2025-03-06T11:18:14+00:00","breadcrumb":{"@id":"https:\/\/charente.catholique.fr\/grand-angouleme\/agenda\/soirees-de-careme-2025-2\/#breadcrumb"},"inLanguage":"fr-FR","potentialAction":[{"@type":"ReadAction","target":["https:\/\/charente.catholique.fr\/grand-angouleme\/agenda\/soirees-de-careme-2025-2\/"]}]},{"@type":"ImageObject","inLanguage":"fr-FR","@id":"https:\/\/charente.catholique.fr\/grand-angouleme\/agenda\/soirees-de-careme-2025-2\/#primaryimage","url":"https:\/\/charente.catholique.fr\/grand-angouleme\/wp-content\/uploads\/sites\/2\/2025\/02\/desert-790640_1280.jpg","contentUrl":"https:\/\/charente.catholique.fr\/grand-angouleme\/wp-content\/uploads\/sites\/2\/2025\/02\/desert-790640_1280.jpg","width":1280,"height":960},{"@type":"BreadcrumbList","@id":"https:\/\/charente.catholique.fr\/grand-angouleme\/agenda\/soirees-de-careme-2025-2\/#breadcrumb","itemListElement":[{"@type":"ListItem","position":1,"name":"Accueil","item":"https:\/\/charente.catholique.fr\/grand-angouleme\/"},{"@type":"ListItem","position":2,"name":"Soir\u00e9es de Car\u00eame 2025"}]},{"@type":"WebSite","@id":"https:\/\/charente.catholique.fr\/grand-angouleme\/#website","url":"https:\/\/charente.catholique.fr\/grand-angouleme\/","name":"Doyenn\u00e9 Grand Angoul\u00eame - Dioc\u00e8se d'Angoul\u00eame","description":"Dioc\u00e8se d&#039;Angoul\u00eame","publisher":{"@id":"https:\/\/charente.catholique.fr\/grand-angouleme\/#organization"},"potentialAction":[{"@type":"SearchAction","target":{"@type":"EntryPoint","urlTemplate":"https:\/\/charente.catholique.fr\/grand-angouleme\/?s={search_term_string}"},"query-input":{"@type":"PropertyValueSpecification","valueRequired":true,"valueName":"search_term_string"}}],"inLanguage":"fr-FR"},{"@type":"Organization","@id":"https:\/\/charente.catholique.fr\/grand-angouleme\/#organization","name":"Association Dioc\u00e9saine d'Angoul\u00eame","url":"https:\/\/charente.catholique.fr\/grand-angouleme\/","logo":{"@type":"ImageObject","inLanguage":"fr-FR","@id":"https:\/\/charente.catholique.fr\/grand-angouleme\/#\/schema\/logo\/image\/","url":"https:\/\/charente.catholique.fr\/grand-angouleme\/wp-content\/uploads\/sites\/2\/2020\/10\/logos.png","contentUrl":"https:\/\/charente.catholique.fr\/grand-angouleme\/wp-content\/uploads\/sites\/2\/2020\/10\/logos.png","width":600,"height":257,"caption":"Association Dioc\u00e9saine d'Angoul\u00eame"},"image":{"@id":"https:\/\/charente.catholique.fr\/grand-angouleme\/#\/schema\/logo\/image\/"},"sameAs":["https:\/\/www.facebook.com\/EgliseCatholiqueCharente","https:\/\/x.com\/diocesecharente","https:\/\/www.instagram.com\/eglisecharente","https:\/\/www.youtube.com\/channel\/UCByyFWApZbw3gDTiADoiAaQ"]}]}},"_links":{"self":[{"href":"https:\/\/charente.catholique.fr\/grand-angouleme\/wp-json\/wp\/v2\/evenement\/26979","targetHints":{"allow":["GET"]}}],"collection":[{"href":"https:\/\/charente.catholique.fr\/grand-angouleme\/wp-json\/wp\/v2\/evenement"}],"about":[{"href":"https:\/\/charente.catholique.fr\/grand-angouleme\/wp-json\/wp\/v2\/types\/evenement"}],"author":[{"embeddable":true,"href":"https:\/\/charente.catholique.fr\/grand-angouleme\/wp-json\/wp\/v2\/users\/103"}],"version-history":[{"count":2,"href":"https:\/\/charente.catholique.fr\/grand-angouleme\/wp-json\/wp\/v2\/evenement\/26979\/revisions"}],"predecessor-version":[{"id":26981,"href":"https:\/\/charente.catholique.fr\/grand-angouleme\/wp-json\/wp\/v2\/evenement\/26979\/revisions\/26981"}],"wp:featuredmedia":[{"embeddable":true,"href":"https:\/\/charente.catholique.fr\/grand-angouleme\/wp-json\/wp\/v2\/media\/26658"}],"wp:attachment":[{"href":"https:\/\/charente.catholique.fr\/grand-angouleme\/wp-json\/wp\/v2\/media?parent=26979"}],"wp:term":[{"taxonomy":"category","embeddable":true,"href":"https:\/\/charente.catholique.fr\/grand-angouleme\/wp-json\/wp\/v2\/categories?post=26979"},{"taxonomy":"post_tag","embeddable":true,"href":"https:\/\/charente.catholique.fr\/grand-angouleme\/wp-json\/wp\/v2\/tags?post=26979"}],"curies":[{"name":"wp","href":"https:\/\/api.w.org\/{rel}","templated":true}]}}

Soirées de Carême 2025

<p class="has-medium-font-size">Vêpres et adoration du Saint Sacrement, jeudi 20 mars 18h30 à l&#8217;église de Roullet</p>



<figure class="wp-block-image size-large is-resized"><img loading="lazy" decoding="async" width="723" height="1080" src="https://charente.catholique.fr/grand-angouleme/wp-content/uploads/sites/2/2025/03/eucharist-2435932_1280-723x1080.jpg" alt="" class="wp-image-26970" style="width:118px;height:auto" srcset="https://charente.catholique.fr/grand-angouleme/wp-content/uploads/sites/2/2025/03/eucharist-2435932_1280-723x1080.jpg 723w, https://charente.catholique.fr/grand-angouleme/wp-content/uploads/sites/2/2025/03/eucharist-2435932_1280-201x300.jpg 201w, https://charente.catholique.fr/grand-angouleme/wp-content/uploads/sites/2/2025/03/eucharist-2435932_1280-768x1147.jpg 768w, https://charente.catholique.fr/grand-angouleme/wp-content/uploads/sites/2/2025/03/eucharist-2435932_1280.jpg 857w" sizes="auto, (max-width: 723px) 100vw, 723px" /></figure>



<p></p>

<!-- This site is optimized with the Yoast SEO plugin v27.1.1 - https://yoast.com/product/yoast-seo-wordpress/ -->
<title>Soirées de Carême 2025 - Doyenné Grand Angoulême</title>
<meta name="robots" content="index, follow, max-snippet:-1, max-image-preview:large, max-video-preview:-1" />
<link rel="canonical" href="https://charente.catholique.fr/grand-angouleme/agenda/soirees-de-careme-2025-2/" />
<meta property="og:locale" content="fr_FR" />
<meta property="og:type" content="article" />
<meta property="og:title" content="Soirées de Carême 2025 - Doyenné Grand Angoulême" />
<meta property="og:description" content="Vêpres et adoration du Saint Sacrement, jeudi 20 mars 18h30 à l&#8217;église de Roullet" />
<meta property="og:url" content="https://charente.catholique.fr/grand-angouleme/agenda/soirees-de-careme-2025-2/" />
<meta property="og:site_name" content="Doyenné Grand Angoulême" />
<meta property="article:publisher" content="https://www.facebook.com/EgliseCatholiqueCharente" />
<meta property="article:modified_time" content="2025-03-06T11:18:14+00:00" />
<meta property="og:image" content="https://charente.catholique.fr/grand-angouleme/wp-content/uploads/sites/2/2025/02/desert-790640_1280.jpg" />
	<meta property="og:image:width" content="1280" />
	<meta property="og:image:height" content="960" />
	<meta property="og:image:type" content="image/jpeg" />
<meta name="twitter:card" content="summary_large_image" />
<meta name="twitter:site" content="@diocesecharente" />
<meta name="twitter:label1" content="Durée de lecture estimée" />
	<meta name="twitter:data1" content="1 minute" />
<script type="application/ld+json" class="yoast-schema-graph">{"@context":"https://schema.org","@graph":[{"@type":"WebPage","@id":"https://charente.catholique.fr/grand-angouleme/agenda/soirees-de-careme-2025-2/","url":"https://charente.catholique.fr/grand-angouleme/agenda/soirees-de-careme-2025-2/","name":"Soirées de Carême 2025 - Doyenné Grand Angoulême","isPartOf":{"@id":"https://charente.catholique.fr/grand-angouleme/#website"},"primaryImageOfPage":{"@id":"https://charente.catholique.fr/grand-angouleme/agenda/soirees-de-careme-2025-2/#primaryimage"},"image":{"@id":"https://charente.catholique.fr/grand-angouleme/agenda/soirees-de-careme-2025-2/#primaryimage"},"thumbnailUrl":"https://charente.catholique.fr/grand-angouleme/wp-content/uploads/sites/2/2025/02/desert-790640_1280.jpg","datePublished":"2025-03-06T11:18:13+00:00","dateModified":"2025-03-06T11:18:14+00:00","breadcrumb":{"@id":"https://charente.catholique.fr/grand-angouleme/agenda/soirees-de-careme-2025-2/#breadcrumb"},"inLanguage":"fr-FR","potentialAction":[{"@type":"ReadAction","target":["https://charente.catholique.fr/grand-angouleme/agenda/soirees-de-careme-2025-2/"]}]},{"@type":"ImageObject","inLanguage":"fr-FR","@id":"https://charente.catholique.fr/grand-angouleme/agenda/soirees-de-careme-2025-2/#primaryimage","url":"https://charente.catholique.fr/grand-angouleme/wp-content/uploads/sites/2/2025/02/desert-790640_1280.jpg","contentUrl":"https://charente.catholique.fr/grand-angouleme/wp-content/uploads/sites/2/2025/02/desert-790640_1280.jpg","width":1280,"height":960},{"@type":"BreadcrumbList","@id":"https://charente.catholique.fr/grand-angouleme/agenda/soirees-de-careme-2025-2/#breadcrumb","itemListElement":[{"@type":"ListItem","position":1,"name":"Accueil","item":"https://charente.catholique.fr/grand-angouleme/"},{"@type":"ListItem","position":2,"name":"Soirées de Carême 2025"}]},{"@type":"WebSite","@id":"https://charente.catholique.fr/grand-angouleme/#website","url":"https://charente.catholique.fr/grand-angouleme/","name":"Doyenné Grand Angoulême - Diocèse d'Angoulême","description":"Diocèse d&#039;Angoulême","publisher":{"@id":"https://charente.catholique.fr/grand-angouleme/#organization"},"potentialAction":[{"@type":"SearchAction","target":{"@type":"EntryPoint","urlTemplate":"https://charente.catholique.fr/grand-angouleme/?s={search_term_string}"},"query-input":{"@type":"PropertyValueSpecification","valueRequired":true,"valueName":"search_term_string"}}],"inLanguage":"fr-FR"},{"@type":"Organization","@id":"https://charente.catholique.fr/grand-angouleme/#organization","name":"Association Diocésaine d'Angoulême","url":"https://charente.catholique.fr/grand-angouleme/","logo":{"@type":"ImageObject","inLanguage":"fr-FR","@id":"https://charente.catholique.fr/grand-angouleme/#/schema/logo/image/","url":"https://charente.catholique.fr/grand-angouleme/wp-content/uploads/sites/2/2020/10/logos.png","contentUrl":"https://charente.catholique.fr/grand-angouleme/wp-content/uploads/sites/2/2020/10/logos.png","width":600,"height":257,"caption":"Association Diocésaine d'Angoulême"},"image":{"@id":"https://charente.catholique.fr/grand-angouleme/#/schema/logo/image/"},"sameAs":["https://www.facebook.com/EgliseCatholiqueCharente","https://x.com/diocesecharente","https://www.instagram.com/eglisecharente","https://www.youtube.com/channel/UCByyFWApZbw3gDTiADoiAaQ"]}]}</script>
<!-- / Yoast SEO plugin. -->

Soirées de Carême 2025 - Doyenné Grand Angoulême

Vêpres et adoration du Saint Sacrement, jeudi 20 mars 18h30 à l&#8217;église de Roullet

Doyenné Grand Angoulême

Doyenné Grand Angoulême - Diocèse d'Angoulême

Diocèse d&#039;Angoulême

Association Diocésaine d'Angoulême
