{"id":19848,"date":"2023-02-07T15:22:31","date_gmt":"2023-02-07T14:22:31","guid":{"rendered":"https:\/\/charente.catholique.fr\/grand-angouleme\/?post_type=evenement&#038;p=19848"},"modified":"2023-02-07T15:22:32","modified_gmt":"2023-02-07T14:22:32","slug":"sacrement-des-malades-3","status":"publish","type":"evenement","link":"https:\/\/charente.catholique.fr\/grand-angouleme\/agenda\/sacrement-des-malades-3\/","title":{"rendered":"Sacrement des malades"},"content":{"rendered":"\n<h4 class=\"wp-block-heading\">Vous pourrez recevoir le sacrement des malades au cours des c\u00e9l\u00e9brations du 11 et 12 f\u00e9vrier \u00e0 Saint Pierre Auma\u00eetre et Ma Campagne\/Puymoyen.  N&#8217;h\u00e9sitez pas \u00e0 contacter Denis Trinez ou les paroisses pour en faire la demande.<\/h4>\n\n\n\n<div style=\"height:40px\" aria-hidden=\"true\" class=\"wp-block-spacer\"><\/div>\n\n\n<a href=\"https:\/\/charente.catholique.fr\/grand-angouleme\/wp-content\/uploads\/sites\/2\/2023\/02\/2023-02-sacrement-des-malades.pdf\" class=\"pdfemb-viewer\" style=\"\" data-width=\"max\" data-height=\"max\" data-toolbar=\"bottom\" data-toolbar-fixed=\"off\">2023-02-sacrement-des-malades<\/a>\n<p class=\"wp-block-pdfemb-pdf-embedder-viewer\"><\/p>\n","protected":false},"author":5,"featured_media":17057,"template":"","meta":{"_acf_changed":false,"paroisse":["0"],"service":["0"],"footnotes":""},"categories":[],"tags":[],"class_list":["post-19848","evenement","type-evenement","status-publish","has-post-thumbnail","hentry"],"acf":{"start_date":"2023-02-12 10:30:00","end_date":"","location":"Ma Campagne","address":null},"yoast_head":"<!-- This site is optimized with the Yoast SEO plugin v27.1.1 - https:\/\/yoast.com\/product\/yoast-seo-wordpress\/ -->\n<title>Sacrement des malades - Doyenn\u00e9 Grand Angoul\u00eame<\/title>\n<meta name=\"robots\" content=\"index, follow, max-snippet:-1, max-image-preview:large, max-video-preview:-1\" \/>\n<link rel=\"canonical\" href=\"https:\/\/charente.catholique.fr\/grand-angouleme\/agenda\/sacrement-des-malades-3\/\" \/>\n<meta property=\"og:locale\" content=\"fr_FR\" \/>\n<meta property=\"og:type\" content=\"article\" \/>\n<meta property=\"og:title\" content=\"Sacrement des malades - Doyenn\u00e9 Grand Angoul\u00eame\" \/>\n<meta property=\"og:description\" content=\"Vous pourrez recevoir le sacrement des malades au cours des c\u00e9l\u00e9brations du 11 et 12 f\u00e9vrier \u00e0 Saint Pierre Auma\u00eetre et Ma Campagne\/Puymoyen. N&#8217;h\u00e9sitez pas \u00e0 contacter Denis Trinez ou les paroisses pour en faire la demande.\" \/>\n<meta property=\"og:url\" content=\"https:\/\/charente.catholique.fr\/grand-angouleme\/agenda\/sacrement-des-malades-3\/\" \/>\n<meta property=\"og:site_name\" content=\"Doyenn\u00e9 Grand Angoul\u00eame\" \/>\n<meta property=\"article:publisher\" content=\"https:\/\/www.facebook.com\/EgliseCatholiqueCharente\" \/>\n<meta property=\"article:modified_time\" content=\"2023-02-07T14:22:32+00:00\" \/>\n<meta property=\"og:image\" content=\"https:\/\/charente.catholique.fr\/grand-angouleme\/wp-content\/uploads\/sites\/2\/2022\/05\/sacrement-des-malades-scaled.jpg\" \/>\n\t<meta property=\"og:image:width\" content=\"2560\" \/>\n\t<meta property=\"og:image:height\" content=\"686\" \/>\n\t<meta property=\"og:image:type\" content=\"image\/jpeg\" \/>\n<meta name=\"twitter:card\" content=\"summary_large_image\" \/>\n<meta name=\"twitter:site\" content=\"@diocesecharente\" \/>\n<meta name=\"twitter:label1\" content=\"Dur\u00e9e de lecture estim\u00e9e\" \/>\n\t<meta name=\"twitter:data1\" content=\"1 minute\" \/>\n<script type=\"application\/ld+json\" class=\"yoast-schema-graph\">{\"@context\":\"https:\/\/schema.org\",\"@graph\":[{\"@type\":\"WebPage\",\"@id\":\"https:\/\/charente.catholique.fr\/grand-angouleme\/agenda\/sacrement-des-malades-3\/\",\"url\":\"https:\/\/charente.catholique.fr\/grand-angouleme\/agenda\/sacrement-des-malades-3\/\",\"name\":\"Sacrement des malades - Doyenn\u00e9 Grand Angoul\u00eame\",\"isPartOf\":{\"@id\":\"https:\/\/charente.catholique.fr\/grand-angouleme\/#website\"},\"primaryImageOfPage\":{\"@id\":\"https:\/\/charente.catholique.fr\/grand-angouleme\/agenda\/sacrement-des-malades-3\/#primaryimage\"},\"image\":{\"@id\":\"https:\/\/charente.catholique.fr\/grand-angouleme\/agenda\/sacrement-des-malades-3\/#primaryimage\"},\"thumbnailUrl\":\"https:\/\/charente.catholique.fr\/grand-angouleme\/wp-content\/uploads\/sites\/2\/2022\/05\/sacrement-des-malades-scaled.jpg\",\"datePublished\":\"2023-02-07T14:22:31+00:00\",\"dateModified\":\"2023-02-07T14:22:32+00:00\",\"breadcrumb\":{\"@id\":\"https:\/\/charente.catholique.fr\/grand-angouleme\/agenda\/sacrement-des-malades-3\/#breadcrumb\"},\"inLanguage\":\"fr-FR\",\"potentialAction\":[{\"@type\":\"ReadAction\",\"target\":[\"https:\/\/charente.catholique.fr\/grand-angouleme\/agenda\/sacrement-des-malades-3\/\"]}]},{\"@type\":\"ImageObject\",\"inLanguage\":\"fr-FR\",\"@id\":\"https:\/\/charente.catholique.fr\/grand-angouleme\/agenda\/sacrement-des-malades-3\/#primaryimage\",\"url\":\"https:\/\/charente.catholique.fr\/grand-angouleme\/wp-content\/uploads\/sites\/2\/2022\/05\/sacrement-des-malades-scaled.jpg\",\"contentUrl\":\"https:\/\/charente.catholique.fr\/grand-angouleme\/wp-content\/uploads\/sites\/2\/2022\/05\/sacrement-des-malades-scaled.jpg\",\"width\":2560,\"height\":686},{\"@type\":\"BreadcrumbList\",\"@id\":\"https:\/\/charente.catholique.fr\/grand-angouleme\/agenda\/sacrement-des-malades-3\/#breadcrumb\",\"itemListElement\":[{\"@type\":\"ListItem\",\"position\":1,\"name\":\"Accueil\",\"item\":\"https:\/\/charente.catholique.fr\/grand-angouleme\/\"},{\"@type\":\"ListItem\",\"position\":2,\"name\":\"Sacrement des malades\"}]},{\"@type\":\"WebSite\",\"@id\":\"https:\/\/charente.catholique.fr\/grand-angouleme\/#website\",\"url\":\"https:\/\/charente.catholique.fr\/grand-angouleme\/\",\"name\":\"Doyenn\u00e9 Grand Angoul\u00eame - Dioc\u00e8se d'Angoul\u00eame\",\"description\":\"Dioc\u00e8se d&#039;Angoul\u00eame\",\"publisher\":{\"@id\":\"https:\/\/charente.catholique.fr\/grand-angouleme\/#organization\"},\"potentialAction\":[{\"@type\":\"SearchAction\",\"target\":{\"@type\":\"EntryPoint\",\"urlTemplate\":\"https:\/\/charente.catholique.fr\/grand-angouleme\/?s={search_term_string}\"},\"query-input\":{\"@type\":\"PropertyValueSpecification\",\"valueRequired\":true,\"valueName\":\"search_term_string\"}}],\"inLanguage\":\"fr-FR\"},{\"@type\":\"Organization\",\"@id\":\"https:\/\/charente.catholique.fr\/grand-angouleme\/#organization\",\"name\":\"Association Dioc\u00e9saine d'Angoul\u00eame\",\"url\":\"https:\/\/charente.catholique.fr\/grand-angouleme\/\",\"logo\":{\"@type\":\"ImageObject\",\"inLanguage\":\"fr-FR\",\"@id\":\"https:\/\/charente.catholique.fr\/grand-angouleme\/#\/schema\/logo\/image\/\",\"url\":\"https:\/\/charente.catholique.fr\/grand-angouleme\/wp-content\/uploads\/sites\/2\/2020\/10\/logos.png\",\"contentUrl\":\"https:\/\/charente.catholique.fr\/grand-angouleme\/wp-content\/uploads\/sites\/2\/2020\/10\/logos.png\",\"width\":600,\"height\":257,\"caption\":\"Association Dioc\u00e9saine d'Angoul\u00eame\"},\"image\":{\"@id\":\"https:\/\/charente.catholique.fr\/grand-angouleme\/#\/schema\/logo\/image\/\"},\"sameAs\":[\"https:\/\/www.facebook.com\/EgliseCatholiqueCharente\",\"https:\/\/x.com\/diocesecharente\",\"https:\/\/www.instagram.com\/eglisecharente\",\"https:\/\/www.youtube.com\/channel\/UCByyFWApZbw3gDTiADoiAaQ\"]}]}<\/script>\n<!-- \/ Yoast SEO plugin. -->","yoast_head_json":{"title":"Sacrement des malades - Doyenn\u00e9 Grand Angoul\u00eame","robots":{"index":"index","follow":"follow","max-snippet":"max-snippet:-1","max-image-preview":"max-image-preview:large","max-video-preview":"max-video-preview:-1"},"canonical":"https:\/\/charente.catholique.fr\/grand-angouleme\/agenda\/sacrement-des-malades-3\/","og_locale":"fr_FR","og_type":"article","og_title":"Sacrement des malades - Doyenn\u00e9 Grand Angoul\u00eame","og_description":"Vous pourrez recevoir le sacrement des malades au cours des c\u00e9l\u00e9brations du 11 et 12 f\u00e9vrier \u00e0 Saint Pierre Auma\u00eetre et Ma Campagne\/Puymoyen. N&#8217;h\u00e9sitez pas \u00e0 contacter Denis Trinez ou les paroisses pour en faire la demande.","og_url":"https:\/\/charente.catholique.fr\/grand-angouleme\/agenda\/sacrement-des-malades-3\/","og_site_name":"Doyenn\u00e9 Grand Angoul\u00eame","article_publisher":"https:\/\/www.facebook.com\/EgliseCatholiqueCharente","article_modified_time":"2023-02-07T14:22:32+00:00","og_image":[{"width":2560,"height":686,"url":"https:\/\/charente.catholique.fr\/grand-angouleme\/wp-content\/uploads\/sites\/2\/2022\/05\/sacrement-des-malades-scaled.jpg","type":"image\/jpeg"}],"twitter_card":"summary_large_image","twitter_site":"@diocesecharente","twitter_misc":{"Dur\u00e9e de lecture estim\u00e9e":"1 minute"},"schema":{"@context":"https:\/\/schema.org","@graph":[{"@type":"WebPage","@id":"https:\/\/charente.catholique.fr\/grand-angouleme\/agenda\/sacrement-des-malades-3\/","url":"https:\/\/charente.catholique.fr\/grand-angouleme\/agenda\/sacrement-des-malades-3\/","name":"Sacrement des malades - Doyenn\u00e9 Grand Angoul\u00eame","isPartOf":{"@id":"https:\/\/charente.catholique.fr\/grand-angouleme\/#website"},"primaryImageOfPage":{"@id":"https:\/\/charente.catholique.fr\/grand-angouleme\/agenda\/sacrement-des-malades-3\/#primaryimage"},"image":{"@id":"https:\/\/charente.catholique.fr\/grand-angouleme\/agenda\/sacrement-des-malades-3\/#primaryimage"},"thumbnailUrl":"https:\/\/charente.catholique.fr\/grand-angouleme\/wp-content\/uploads\/sites\/2\/2022\/05\/sacrement-des-malades-scaled.jpg","datePublished":"2023-02-07T14:22:31+00:00","dateModified":"2023-02-07T14:22:32+00:00","breadcrumb":{"@id":"https:\/\/charente.catholique.fr\/grand-angouleme\/agenda\/sacrement-des-malades-3\/#breadcrumb"},"inLanguage":"fr-FR","potentialAction":[{"@type":"ReadAction","target":["https:\/\/charente.catholique.fr\/grand-angouleme\/agenda\/sacrement-des-malades-3\/"]}]},{"@type":"ImageObject","inLanguage":"fr-FR","@id":"https:\/\/charente.catholique.fr\/grand-angouleme\/agenda\/sacrement-des-malades-3\/#primaryimage","url":"https:\/\/charente.catholique.fr\/grand-angouleme\/wp-content\/uploads\/sites\/2\/2022\/05\/sacrement-des-malades-scaled.jpg","contentUrl":"https:\/\/charente.catholique.fr\/grand-angouleme\/wp-content\/uploads\/sites\/2\/2022\/05\/sacrement-des-malades-scaled.jpg","width":2560,"height":686},{"@type":"BreadcrumbList","@id":"https:\/\/charente.catholique.fr\/grand-angouleme\/agenda\/sacrement-des-malades-3\/#breadcrumb","itemListElement":[{"@type":"ListItem","position":1,"name":"Accueil","item":"https:\/\/charente.catholique.fr\/grand-angouleme\/"},{"@type":"ListItem","position":2,"name":"Sacrement des malades"}]},{"@type":"WebSite","@id":"https:\/\/charente.catholique.fr\/grand-angouleme\/#website","url":"https:\/\/charente.catholique.fr\/grand-angouleme\/","name":"Doyenn\u00e9 Grand Angoul\u00eame - Dioc\u00e8se d'Angoul\u00eame","description":"Dioc\u00e8se d&#039;Angoul\u00eame","publisher":{"@id":"https:\/\/charente.catholique.fr\/grand-angouleme\/#organization"},"potentialAction":[{"@type":"SearchAction","target":{"@type":"EntryPoint","urlTemplate":"https:\/\/charente.catholique.fr\/grand-angouleme\/?s={search_term_string}"},"query-input":{"@type":"PropertyValueSpecification","valueRequired":true,"valueName":"search_term_string"}}],"inLanguage":"fr-FR"},{"@type":"Organization","@id":"https:\/\/charente.catholique.fr\/grand-angouleme\/#organization","name":"Association Dioc\u00e9saine d'Angoul\u00eame","url":"https:\/\/charente.catholique.fr\/grand-angouleme\/","logo":{"@type":"ImageObject","inLanguage":"fr-FR","@id":"https:\/\/charente.catholique.fr\/grand-angouleme\/#\/schema\/logo\/image\/","url":"https:\/\/charente.catholique.fr\/grand-angouleme\/wp-content\/uploads\/sites\/2\/2020\/10\/logos.png","contentUrl":"https:\/\/charente.catholique.fr\/grand-angouleme\/wp-content\/uploads\/sites\/2\/2020\/10\/logos.png","width":600,"height":257,"caption":"Association Dioc\u00e9saine d'Angoul\u00eame"},"image":{"@id":"https:\/\/charente.catholique.fr\/grand-angouleme\/#\/schema\/logo\/image\/"},"sameAs":["https:\/\/www.facebook.com\/EgliseCatholiqueCharente","https:\/\/x.com\/diocesecharente","https:\/\/www.instagram.com\/eglisecharente","https:\/\/www.youtube.com\/channel\/UCByyFWApZbw3gDTiADoiAaQ"]}]}},"_links":{"self":[{"href":"https:\/\/charente.catholique.fr\/grand-angouleme\/wp-json\/wp\/v2\/evenement\/19848","targetHints":{"allow":["GET"]}}],"collection":[{"href":"https:\/\/charente.catholique.fr\/grand-angouleme\/wp-json\/wp\/v2\/evenement"}],"about":[{"href":"https:\/\/charente.catholique.fr\/grand-angouleme\/wp-json\/wp\/v2\/types\/evenement"}],"author":[{"embeddable":true,"href":"https:\/\/charente.catholique.fr\/grand-angouleme\/wp-json\/wp\/v2\/users\/5"}],"version-history":[{"count":2,"href":"https:\/\/charente.catholique.fr\/grand-angouleme\/wp-json\/wp\/v2\/evenement\/19848\/revisions"}],"predecessor-version":[{"id":19853,"href":"https:\/\/charente.catholique.fr\/grand-angouleme\/wp-json\/wp\/v2\/evenement\/19848\/revisions\/19853"}],"wp:featuredmedia":[{"embeddable":true,"href":"https:\/\/charente.catholique.fr\/grand-angouleme\/wp-json\/wp\/v2\/media\/17057"}],"wp:attachment":[{"href":"https:\/\/charente.catholique.fr\/grand-angouleme\/wp-json\/wp\/v2\/media?parent=19848"}],"wp:term":[{"taxonomy":"category","embeddable":true,"href":"https:\/\/charente.catholique.fr\/grand-angouleme\/wp-json\/wp\/v2\/categories?post=19848"},{"taxonomy":"post_tag","embeddable":true,"href":"https:\/\/charente.catholique.fr\/grand-angouleme\/wp-json\/wp\/v2\/tags?post=19848"}],"curies":[{"name":"wp","href":"https:\/\/api.w.org\/{rel}","templated":true}]}}

<h4 class="wp-block-heading">Vous pourrez recevoir le sacrement des malades au cours des célébrations du 11 et 12 février à Saint Pierre Aumaître et Ma Campagne/Puymoyen.  N&#8217;hésitez pas à contacter Denis Trinez ou les paroisses pour en faire la demande.</h4>



<div style="height:40px" aria-hidden="true" class="wp-block-spacer"></div>


<a href="https://charente.catholique.fr/grand-angouleme/wp-content/uploads/sites/2/2023/02/2023-02-sacrement-des-malades.pdf" class="pdfemb-viewer" style="" data-width="max" data-height="max" data-toolbar="bottom" data-toolbar-fixed="off">2023-02-sacrement-des-malades</a>
<p class="wp-block-pdfemb-pdf-embedder-viewer"></p>

<!-- This site is optimized with the Yoast SEO plugin v27.1.1 - https://yoast.com/product/yoast-seo-wordpress/ -->
<title>Sacrement des malades - Doyenné Grand Angoulême</title>
<meta name="robots" content="index, follow, max-snippet:-1, max-image-preview:large, max-video-preview:-1" />
<link rel="canonical" href="https://charente.catholique.fr/grand-angouleme/agenda/sacrement-des-malades-3/" />
<meta property="og:locale" content="fr_FR" />
<meta property="og:type" content="article" />
<meta property="og:title" content="Sacrement des malades - Doyenné Grand Angoulême" />
<meta property="og:description" content="Vous pourrez recevoir le sacrement des malades au cours des célébrations du 11 et 12 février à Saint Pierre Aumaître et Ma Campagne/Puymoyen. N&#8217;hésitez pas à contacter Denis Trinez ou les paroisses pour en faire la demande." />
<meta property="og:url" content="https://charente.catholique.fr/grand-angouleme/agenda/sacrement-des-malades-3/" />
<meta property="og:site_name" content="Doyenné Grand Angoulême" />
<meta property="article:publisher" content="https://www.facebook.com/EgliseCatholiqueCharente" />
<meta property="article:modified_time" content="2023-02-07T14:22:32+00:00" />
<meta property="og:image" content="https://charente.catholique.fr/grand-angouleme/wp-content/uploads/sites/2/2022/05/sacrement-des-malades-scaled.jpg" />
	<meta property="og:image:width" content="2560" />
	<meta property="og:image:height" content="686" />
	<meta property="og:image:type" content="image/jpeg" />
<meta name="twitter:card" content="summary_large_image" />
<meta name="twitter:site" content="@diocesecharente" />
<meta name="twitter:label1" content="Durée de lecture estimée" />
	<meta name="twitter:data1" content="1 minute" />
<script type="application/ld+json" class="yoast-schema-graph">{"@context":"https://schema.org","@graph":[{"@type":"WebPage","@id":"https://charente.catholique.fr/grand-angouleme/agenda/sacrement-des-malades-3/","url":"https://charente.catholique.fr/grand-angouleme/agenda/sacrement-des-malades-3/","name":"Sacrement des malades - Doyenné Grand Angoulême","isPartOf":{"@id":"https://charente.catholique.fr/grand-angouleme/#website"},"primaryImageOfPage":{"@id":"https://charente.catholique.fr/grand-angouleme/agenda/sacrement-des-malades-3/#primaryimage"},"image":{"@id":"https://charente.catholique.fr/grand-angouleme/agenda/sacrement-des-malades-3/#primaryimage"},"thumbnailUrl":"https://charente.catholique.fr/grand-angouleme/wp-content/uploads/sites/2/2022/05/sacrement-des-malades-scaled.jpg","datePublished":"2023-02-07T14:22:31+00:00","dateModified":"2023-02-07T14:22:32+00:00","breadcrumb":{"@id":"https://charente.catholique.fr/grand-angouleme/agenda/sacrement-des-malades-3/#breadcrumb"},"inLanguage":"fr-FR","potentialAction":[{"@type":"ReadAction","target":["https://charente.catholique.fr/grand-angouleme/agenda/sacrement-des-malades-3/"]}]},{"@type":"ImageObject","inLanguage":"fr-FR","@id":"https://charente.catholique.fr/grand-angouleme/agenda/sacrement-des-malades-3/#primaryimage","url":"https://charente.catholique.fr/grand-angouleme/wp-content/uploads/sites/2/2022/05/sacrement-des-malades-scaled.jpg","contentUrl":"https://charente.catholique.fr/grand-angouleme/wp-content/uploads/sites/2/2022/05/sacrement-des-malades-scaled.jpg","width":2560,"height":686},{"@type":"BreadcrumbList","@id":"https://charente.catholique.fr/grand-angouleme/agenda/sacrement-des-malades-3/#breadcrumb","itemListElement":[{"@type":"ListItem","position":1,"name":"Accueil","item":"https://charente.catholique.fr/grand-angouleme/"},{"@type":"ListItem","position":2,"name":"Sacrement des malades"}]},{"@type":"WebSite","@id":"https://charente.catholique.fr/grand-angouleme/#website","url":"https://charente.catholique.fr/grand-angouleme/","name":"Doyenné Grand Angoulême - Diocèse d'Angoulême","description":"Diocèse d&#039;Angoulême","publisher":{"@id":"https://charente.catholique.fr/grand-angouleme/#organization"},"potentialAction":[{"@type":"SearchAction","target":{"@type":"EntryPoint","urlTemplate":"https://charente.catholique.fr/grand-angouleme/?s={search_term_string}"},"query-input":{"@type":"PropertyValueSpecification","valueRequired":true,"valueName":"search_term_string"}}],"inLanguage":"fr-FR"},{"@type":"Organization","@id":"https://charente.catholique.fr/grand-angouleme/#organization","name":"Association Diocésaine d'Angoulême","url":"https://charente.catholique.fr/grand-angouleme/","logo":{"@type":"ImageObject","inLanguage":"fr-FR","@id":"https://charente.catholique.fr/grand-angouleme/#/schema/logo/image/","url":"https://charente.catholique.fr/grand-angouleme/wp-content/uploads/sites/2/2020/10/logos.png","contentUrl":"https://charente.catholique.fr/grand-angouleme/wp-content/uploads/sites/2/2020/10/logos.png","width":600,"height":257,"caption":"Association Diocésaine d'Angoulême"},"image":{"@id":"https://charente.catholique.fr/grand-angouleme/#/schema/logo/image/"},"sameAs":["https://www.facebook.com/EgliseCatholiqueCharente","https://x.com/diocesecharente","https://www.instagram.com/eglisecharente","https://www.youtube.com/channel/UCByyFWApZbw3gDTiADoiAaQ"]}]}</script>
<!-- / Yoast SEO plugin. -->

Sacrement des malades - Doyenné Grand Angoulême

Vous pourrez recevoir le sacrement des malades au cours des célébrations du 11 et 12 février à Saint Pierre Aumaître et Ma Campagne/Puymoyen. N&#8217;hésitez pas à contacter Denis Trinez ou les paroisses pour en faire la demande.

Doyenné Grand Angoulême

Doyenné Grand Angoulême - Diocèse d'Angoulême

Diocèse d&#039;Angoulême

Association Diocésaine d'Angoulême
