{"version":"1.0","provider_name":"Doyenn\u00e9 Grand Angoul\u00eame","provider_url":"https:\/\/charente.catholique.fr\/grand-angouleme","author_name":"Yolande Lallemand","author_url":"https:\/\/charente.catholique.fr\/grand-angouleme\/author\/yolandelallemand\/","title":"Confirmations et envois en mission - Doyenn\u00e9 Grand Angoul\u00eame","type":"rich","width":600,"height":338,"html":"<blockquote class=\"wp-embedded-content\" data-secret=\"H9Hn1Z0Gsa\"><a href=\"https:\/\/charente.catholique.fr\/grand-angouleme\/agenda\/confirmations-et-envois-en-mission\/\">Confirmations et envois en mission<\/a><\/blockquote><iframe sandbox=\"allow-scripts\" security=\"restricted\" src=\"https:\/\/charente.catholique.fr\/grand-angouleme\/agenda\/confirmations-et-envois-en-mission\/embed\/#?secret=H9Hn1Z0Gsa\" width=\"600\" height=\"338\" title=\"\u00ab\u00a0Confirmations et envois en mission\u00a0\u00bb &#8212; Doyenn\u00e9 Grand Angoul\u00eame\" data-secret=\"H9Hn1Z0Gsa\" frameborder=\"0\" marginwidth=\"0\" marginheight=\"0\" scrolling=\"no\" class=\"wp-embedded-content\"><\/iframe><script type=\"text\/javascript\">\n\/* <![CDATA[ *\/\n\/*! This file is auto-generated *\/\n!function(d,l){\"use strict\";l.querySelector&&d.addEventListener&&\"undefined\"!=typeof URL&&(d.wp=d.wp||{},d.wp.receiveEmbedMessage||(d.wp.receiveEmbedMessage=function(e){var t=e.data;if((t||t.secret||t.message||t.value)&&!\/[^a-zA-Z0-9]\/.test(t.secret)){for(var s,r,n,a=l.querySelectorAll('iframe[data-secret=\"'+t.secret+'\"]'),o=l.querySelectorAll('blockquote[data-secret=\"'+t.secret+'\"]'),c=new RegExp(\"^https?:$\",\"i\"),i=0;i<o.length;i++)o[i].style.display=\"none\";for(i=0;i<a.length;i++)s=a[i],e.source===s.contentWindow&&(s.removeAttribute(\"style\"),\"height\"===t.message?(1e3<(r=parseInt(t.value,10))?r=1e3:~~r<200&&(r=200),s.height=r):\"link\"===t.message&&(r=new URL(s.getAttribute(\"src\")),n=new URL(t.value),c.test(n.protocol))&&n.host===r.host&&l.activeElement===s&&(d.top.location.href=t.value))}},d.addEventListener(\"message\",d.wp.receiveEmbedMessage,!1),l.addEventListener(\"DOMContentLoaded\",function(){for(var e,t,s=l.querySelectorAll(\"iframe.wp-embedded-content\"),r=0;r<s.length;r++)(t=(e=s[r]).getAttribute(\"data-secret\"))||(t=Math.random().toString(36).substring(2,12),e.src+=\"#?secret=\"+t,e.setAttribute(\"data-secret\",t)),e.contentWindow.postMessage({message:\"ready\",secret:t},\"*\")},!1)))}(window,document);\n\/\/# sourceURL=https:\/\/charente.catholique.fr\/grand-angouleme\/wp-includes\/js\/wp-embed.min.js\n\/* ]]> *\/\n<\/script>\n","thumbnail_url":"https:\/\/charente.catholique.fr\/grand-angouleme\/wp-content\/uploads\/sites\/2\/2022\/11\/confirmation.png","thumbnail_width":296,"thumbnail_height":300,"description":"Nous aurons la joie d\u2019accueillir Monseigneur Gosselin et d\u2019assister au sacrement de confirmation c\u00e9l\u00e9br\u00e9 pour deux jeunes femmes de notre communaut\u00e9. De plus, en fin de messe, notre \u00c9v\u00eaque prononcera l\u2019envoi en mission de deux membres de l\u2019EAP.A l\u2019issue de la c\u00e9l\u00e9bration, toutes les personnes qui le souhaitent sont invit\u00e9es \u00e0 partager le verre de [&hellip;]"}

Doyenné Grand Angoulême

Confirmations et envois en mission - Doyenné Grand Angoulême

<blockquote class="wp-embedded-content" data-secret="H9Hn1Z0Gsa"><a href="https://charente.catholique.fr/grand-angouleme/agenda/confirmations-et-envois-en-mission/">Confirmations et envois en mission</a></blockquote><iframe sandbox="allow-scripts" security="restricted" src="https://charente.catholique.fr/grand-angouleme/agenda/confirmations-et-envois-en-mission/embed/#?secret=H9Hn1Z0Gsa" width="600" height="338" title="« Confirmations et envois en mission » &#8212; Doyenné Grand Angoulême" data-secret="H9Hn1Z0Gsa" frameborder="0" marginwidth="0" marginheight="0" scrolling="no" class="wp-embedded-content"></iframe><script type="text/javascript">
/* <![CDATA[ */
/*! This file is auto-generated */
!function(d,l){"use strict";l.querySelector&&d.addEventListener&&"undefined"!=typeof URL&&(d.wp=d.wp||{},d.wp.receiveEmbedMessage||(d.wp.receiveEmbedMessage=function(e){var t=e.data;if((t||t.secret||t.message||t.value)&&!/[^a-zA-Z0-9]/.test(t.secret)){for(var s,r,n,a=l.querySelectorAll('iframe[data-secret="'+t.secret+'"]'),o=l.querySelectorAll('blockquote[data-secret="'+t.secret+'"]'),c=new RegExp("^https?:$","i"),i=0;i<o.length;i++)o[i].style.display="none";for(i=0;i<a.length;i++)s=a[i],e.source===s.contentWindow&&(s.removeAttribute("style"),"height"===t.message?(1e3<(r=parseInt(t.value,10))?r=1e3:~~r<200&&(r=200),s.height=r):"link"===t.message&&(r=new URL(s.getAttribute("src")),n=new URL(t.value),c.test(n.protocol))&&n.host===r.host&&l.activeElement===s&&(d.top.location.href=t.value))}},d.addEventListener("message",d.wp.receiveEmbedMessage,!1),l.addEventListener("DOMContentLoaded",function(){for(var e,t,s=l.querySelectorAll("iframe.wp-embedded-content"),r=0;r<s.length;r++)(t=(e=s[r]).getAttribute("data-secret"))||(t=Math.random().toString(36).substring(2,12),e.src+="#?secret="+t,e.setAttribute("data-secret",t)),e.contentWindow.postMessage({message:"ready",secret:t},"*")},!1)))}(window,document);
//# sourceURL=https://charente.catholique.fr/grand-angouleme/wp-includes/js/wp-embed.min.js
/* ]]> */
</script>

Nous aurons la joie d’accueillir Monseigneur Gosselin et d’assister au sacrement de confirmation célébré pour deux jeunes femmes de notre communauté. De plus, en fin de messe, notre Évêque prononcera l’envoi en mission de deux membres de l’EAP.A l’issue de la célébration, toutes les personnes qui le souhaitent sont invitées à partager le verre de [&hellip;]
