{"version":"1.0","provider_name":"Doyenn\u00e9 Grand Angoul\u00eame","provider_url":"https:\/\/charente.catholique.fr\/grand-angouleme","author_name":"Yolande Lallemand","author_url":"https:\/\/charente.catholique.fr\/grand-angouleme\/author\/yolandelallemand\/","title":"Assembl\u00e9e Paroissiale et repas convivial - Doyenn\u00e9 Grand Angoul\u00eame","type":"rich","width":600,"height":338,"html":"<blockquote class=\"wp-embedded-content\" data-secret=\"tUTA7g3ZPu\"><a href=\"https:\/\/charente.catholique.fr\/grand-angouleme\/agenda\/assemblee-paroissiale-et-repas\/\">Assembl\u00e9e Paroissiale et repas convivial<\/a><\/blockquote><iframe sandbox=\"allow-scripts\" security=\"restricted\" src=\"https:\/\/charente.catholique.fr\/grand-angouleme\/agenda\/assemblee-paroissiale-et-repas\/embed\/#?secret=tUTA7g3ZPu\" width=\"600\" height=\"338\" title=\"\u00ab\u00a0Assembl\u00e9e Paroissiale et repas convivial\u00a0\u00bb &#8212; Doyenn\u00e9 Grand Angoul\u00eame\" data-secret=\"tUTA7g3ZPu\" frameborder=\"0\" marginwidth=\"0\" marginheight=\"0\" scrolling=\"no\" class=\"wp-embedded-content\"><\/iframe><script type=\"text\/javascript\">\n\/* <![CDATA[ *\/\n\/*! This file is auto-generated *\/\n!function(d,l){\"use strict\";l.querySelector&&d.addEventListener&&\"undefined\"!=typeof URL&&(d.wp=d.wp||{},d.wp.receiveEmbedMessage||(d.wp.receiveEmbedMessage=function(e){var t=e.data;if((t||t.secret||t.message||t.value)&&!\/[^a-zA-Z0-9]\/.test(t.secret)){for(var s,r,n,a=l.querySelectorAll('iframe[data-secret=\"'+t.secret+'\"]'),o=l.querySelectorAll('blockquote[data-secret=\"'+t.secret+'\"]'),c=new RegExp(\"^https?:$\",\"i\"),i=0;i<o.length;i++)o[i].style.display=\"none\";for(i=0;i<a.length;i++)s=a[i],e.source===s.contentWindow&&(s.removeAttribute(\"style\"),\"height\"===t.message?(1e3<(r=parseInt(t.value,10))?r=1e3:~~r<200&&(r=200),s.height=r):\"link\"===t.message&&(r=new URL(s.getAttribute(\"src\")),n=new URL(t.value),c.test(n.protocol))&&n.host===r.host&&l.activeElement===s&&(d.top.location.href=t.value))}},d.addEventListener(\"message\",d.wp.receiveEmbedMessage,!1),l.addEventListener(\"DOMContentLoaded\",function(){for(var e,t,s=l.querySelectorAll(\"iframe.wp-embedded-content\"),r=0;r<s.length;r++)(t=(e=s[r]).getAttribute(\"data-secret\"))||(t=Math.random().toString(36).substring(2,12),e.src+=\"#?secret=\"+t,e.setAttribute(\"data-secret\",t)),e.contentWindow.postMessage({message:\"ready\",secret:t},\"*\")},!1)))}(window,document);\n\/\/# sourceURL=https:\/\/charente.catholique.fr\/grand-angouleme\/wp-includes\/js\/wp-embed.min.js\n\/* ]]> *\/\n<\/script>\n","thumbnail_url":"https:\/\/charente.catholique.fr\/grand-angouleme\/wp-content\/uploads\/sites\/2\/2025\/02\/2025-02-22-ndds-assemblee-paroissiale.jpg","thumbnail_width":1414,"thumbnail_height":2000,"description":"Le projet paroissial de Notre-Dame des Sources a \u00e9t\u00e9 \u00e9crit d\u00e9but 2019. L\u2019\u00c9quipe d&#8217;Animation Pastorale depuis quelques mois l&#8217;a repr\u00e9cis\u00e9, compl\u00e9t\u00e9, en fonction de l&#8217;\u00e9volution de notre vie paroissiale. L&#8217;Assembl\u00e9e paroissiale est sollicit\u00e9e pour r\u00e9agir sur ce projet renouvel\u00e9. Prenez en connaissance pour r\u00e9agir lors de notre rencontre, et dire les points qui n&#8217;y figurent [&hellip;]"}

Doyenné Grand Angoulême

Assemblée Paroissiale et repas convivial - Doyenné Grand Angoulême

<blockquote class="wp-embedded-content" data-secret="tUTA7g3ZPu"><a href="https://charente.catholique.fr/grand-angouleme/agenda/assemblee-paroissiale-et-repas/">Assemblée Paroissiale et repas convivial</a></blockquote><iframe sandbox="allow-scripts" security="restricted" src="https://charente.catholique.fr/grand-angouleme/agenda/assemblee-paroissiale-et-repas/embed/#?secret=tUTA7g3ZPu" width="600" height="338" title="« Assemblée Paroissiale et repas convivial » &#8212; Doyenné Grand Angoulême" data-secret="tUTA7g3ZPu" frameborder="0" marginwidth="0" marginheight="0" scrolling="no" class="wp-embedded-content"></iframe><script type="text/javascript">
/* <![CDATA[ */
/*! This file is auto-generated */
!function(d,l){"use strict";l.querySelector&&d.addEventListener&&"undefined"!=typeof URL&&(d.wp=d.wp||{},d.wp.receiveEmbedMessage||(d.wp.receiveEmbedMessage=function(e){var t=e.data;if((t||t.secret||t.message||t.value)&&!/[^a-zA-Z0-9]/.test(t.secret)){for(var s,r,n,a=l.querySelectorAll('iframe[data-secret="'+t.secret+'"]'),o=l.querySelectorAll('blockquote[data-secret="'+t.secret+'"]'),c=new RegExp("^https?:$","i"),i=0;i<o.length;i++)o[i].style.display="none";for(i=0;i<a.length;i++)s=a[i],e.source===s.contentWindow&&(s.removeAttribute("style"),"height"===t.message?(1e3<(r=parseInt(t.value,10))?r=1e3:~~r<200&&(r=200),s.height=r):"link"===t.message&&(r=new URL(s.getAttribute("src")),n=new URL(t.value),c.test(n.protocol))&&n.host===r.host&&l.activeElement===s&&(d.top.location.href=t.value))}},d.addEventListener("message",d.wp.receiveEmbedMessage,!1),l.addEventListener("DOMContentLoaded",function(){for(var e,t,s=l.querySelectorAll("iframe.wp-embedded-content"),r=0;r<s.length;r++)(t=(e=s[r]).getAttribute("data-secret"))||(t=Math.random().toString(36).substring(2,12),e.src+="#?secret="+t,e.setAttribute("data-secret",t)),e.contentWindow.postMessage({message:"ready",secret:t},"*")},!1)))}(window,document);
//# sourceURL=https://charente.catholique.fr/grand-angouleme/wp-includes/js/wp-embed.min.js
/* ]]> */
</script>

Le projet paroissial de Notre-Dame des Sources a été écrit début 2019. L’Équipe d&#8217;Animation Pastorale depuis quelques mois l&#8217;a reprécisé, complété, en fonction de l&#8217;évolution de notre vie paroissiale. L&#8217;Assemblée paroissiale est sollicitée pour réagir sur ce projet renouvelé. Prenez en connaissance pour réagir lors de notre rencontre, et dire les points qui n&#8217;y figurent [&hellip;]
