{"version":"1.0","provider_name":"Doyenn\u00e9 Grand Angoul\u00eame","provider_url":"https:\/\/charente.catholique.fr\/grand-angouleme","author_name":"Yolande Lallemand","author_url":"https:\/\/charente.catholique.fr\/grand-angouleme\/author\/yolandelallemand\/","title":"Echo de l\u2019EAP du 28 janvier - Doyenn\u00e9 Grand Angoul\u00eame","type":"rich","width":600,"height":338,"html":"<blockquote class=\"wp-embedded-content\" data-secret=\"2CiG8bfUma\"><a href=\"https:\/\/charente.catholique.fr\/grand-angouleme\/actualites\/echo-de-leap-du-28-janvier\/\">Echo de l\u2019EAP du 28 janvier<\/a><\/blockquote><iframe sandbox=\"allow-scripts\" security=\"restricted\" src=\"https:\/\/charente.catholique.fr\/grand-angouleme\/actualites\/echo-de-leap-du-28-janvier\/embed\/#?secret=2CiG8bfUma\" width=\"600\" height=\"338\" title=\"\u00ab\u00a0Echo de l\u2019EAP du 28 janvier\u00a0\u00bb &#8212; Doyenn\u00e9 Grand Angoul\u00eame\" data-secret=\"2CiG8bfUma\" frameborder=\"0\" marginwidth=\"0\" marginheight=\"0\" scrolling=\"no\" class=\"wp-embedded-content\"><\/iframe><script type=\"text\/javascript\">\n\/* <![CDATA[ *\/\n\/*! This file is auto-generated *\/\n!function(d,l){\"use strict\";l.querySelector&&d.addEventListener&&\"undefined\"!=typeof URL&&(d.wp=d.wp||{},d.wp.receiveEmbedMessage||(d.wp.receiveEmbedMessage=function(e){var t=e.data;if((t||t.secret||t.message||t.value)&&!\/[^a-zA-Z0-9]\/.test(t.secret)){for(var s,r,n,a=l.querySelectorAll('iframe[data-secret=\"'+t.secret+'\"]'),o=l.querySelectorAll('blockquote[data-secret=\"'+t.secret+'\"]'),c=new RegExp(\"^https?:$\",\"i\"),i=0;i<o.length;i++)o[i].style.display=\"none\";for(i=0;i<a.length;i++)s=a[i],e.source===s.contentWindow&&(s.removeAttribute(\"style\"),\"height\"===t.message?(1e3<(r=parseInt(t.value,10))?r=1e3:~~r<200&&(r=200),s.height=r):\"link\"===t.message&&(r=new URL(s.getAttribute(\"src\")),n=new URL(t.value),c.test(n.protocol))&&n.host===r.host&&l.activeElement===s&&(d.top.location.href=t.value))}},d.addEventListener(\"message\",d.wp.receiveEmbedMessage,!1),l.addEventListener(\"DOMContentLoaded\",function(){for(var e,t,s=l.querySelectorAll(\"iframe.wp-embedded-content\"),r=0;r<s.length;r++)(t=(e=s[r]).getAttribute(\"data-secret\"))||(t=Math.random().toString(36).substring(2,12),e.src+=\"#?secret=\"+t,e.setAttribute(\"data-secret\",t)),e.contentWindow.postMessage({message:\"ready\",secret:t},\"*\")},!1)))}(window,document);\n\/\/# sourceURL=https:\/\/charente.catholique.fr\/grand-angouleme\/wp-includes\/js\/wp-embed.min.js\n\/* ]]> *\/\n<\/script>\n","thumbnail_url":"https:\/\/charente.catholique.fr\/grand-angouleme\/wp-content\/uploads\/sites\/2\/2020\/10\/eap-reunion-color-bandeau.jpg","thumbnail_width":309,"thumbnail_height":134,"description":"Voici quelques \u00e9chos des points abord\u00e9s ce jeudi en \u00c9quipe d&#8217;Animation Paroissiale : \u2022 Calendrier&nbsp;: Avec le maintien du couvre-feu et du nombre de participants \u00e0 la messe limit\u00e9, le 1er et 2\u00e8me samedi du mois, la c\u00e9l\u00e9bration aura lieu \u00e0 la chapelle des Riffauds \u00e0 16h30. Voici quelques dates et lieux retenus pour certaines [&hellip;]"}

Doyenné Grand Angoulême

Echo de l’EAP du 28 janvier - Doyenné Grand Angoulême

<blockquote class="wp-embedded-content" data-secret="2CiG8bfUma"><a href="https://charente.catholique.fr/grand-angouleme/actualites/echo-de-leap-du-28-janvier/">Echo de l’EAP du 28 janvier</a></blockquote><iframe sandbox="allow-scripts" security="restricted" src="https://charente.catholique.fr/grand-angouleme/actualites/echo-de-leap-du-28-janvier/embed/#?secret=2CiG8bfUma" width="600" height="338" title="« Echo de l’EAP du 28 janvier » &#8212; Doyenné Grand Angoulême" data-secret="2CiG8bfUma" frameborder="0" marginwidth="0" marginheight="0" scrolling="no" class="wp-embedded-content"></iframe><script type="text/javascript">
/* <![CDATA[ */
/*! This file is auto-generated */
!function(d,l){"use strict";l.querySelector&&d.addEventListener&&"undefined"!=typeof URL&&(d.wp=d.wp||{},d.wp.receiveEmbedMessage||(d.wp.receiveEmbedMessage=function(e){var t=e.data;if((t||t.secret||t.message||t.value)&&!/[^a-zA-Z0-9]/.test(t.secret)){for(var s,r,n,a=l.querySelectorAll('iframe[data-secret="'+t.secret+'"]'),o=l.querySelectorAll('blockquote[data-secret="'+t.secret+'"]'),c=new RegExp("^https?:$","i"),i=0;i<o.length;i++)o[i].style.display="none";for(i=0;i<a.length;i++)s=a[i],e.source===s.contentWindow&&(s.removeAttribute("style"),"height"===t.message?(1e3<(r=parseInt(t.value,10))?r=1e3:~~r<200&&(r=200),s.height=r):"link"===t.message&&(r=new URL(s.getAttribute("src")),n=new URL(t.value),c.test(n.protocol))&&n.host===r.host&&l.activeElement===s&&(d.top.location.href=t.value))}},d.addEventListener("message",d.wp.receiveEmbedMessage,!1),l.addEventListener("DOMContentLoaded",function(){for(var e,t,s=l.querySelectorAll("iframe.wp-embedded-content"),r=0;r<s.length;r++)(t=(e=s[r]).getAttribute("data-secret"))||(t=Math.random().toString(36).substring(2,12),e.src+="#?secret="+t,e.setAttribute("data-secret",t)),e.contentWindow.postMessage({message:"ready",secret:t},"*")},!1)))}(window,document);
//# sourceURL=https://charente.catholique.fr/grand-angouleme/wp-includes/js/wp-embed.min.js
/* ]]> */
</script>

Voici quelques échos des points abordés ce jeudi en Équipe d&#8217;Animation Paroissiale : • Calendrier&nbsp;: Avec le maintien du couvre-feu et du nombre de participants à la messe limité, le 1er et 2ème samedi du mois, la célébration aura lieu à la chapelle des Riffauds à 16h30. Voici quelques dates et lieux retenus pour certaines [&hellip;]
