{"version":"1.0","provider_name":"Doyenn\u00e9 Grand Angoul\u00eame","provider_url":"https:\/\/charente.catholique.fr\/grand-angouleme","author_name":"Yolande Lallemand","author_url":"https:\/\/charente.catholique.fr\/grand-angouleme\/author\/yolandelallemand\/","title":"Echo de l\u2019EAP du 24 janvier - Doyenn\u00e9 Grand Angoul\u00eame","type":"rich","width":600,"height":338,"html":"<blockquote class=\"wp-embedded-content\" data-secret=\"fufDbeKT0I\"><a href=\"https:\/\/charente.catholique.fr\/grand-angouleme\/actualites\/echo-de-leap-du-24-janvier\/\">Echo de l\u2019EAP du 24 janvier<\/a><\/blockquote><iframe sandbox=\"allow-scripts\" security=\"restricted\" src=\"https:\/\/charente.catholique.fr\/grand-angouleme\/actualites\/echo-de-leap-du-24-janvier\/embed\/#?secret=fufDbeKT0I\" width=\"600\" height=\"338\" title=\"\u00ab\u00a0Echo de l\u2019EAP du 24 janvier\u00a0\u00bb &#8212; Doyenn\u00e9 Grand Angoul\u00eame\" data-secret=\"fufDbeKT0I\" frameborder=\"0\" marginwidth=\"0\" marginheight=\"0\" scrolling=\"no\" class=\"wp-embedded-content\"><\/iframe><script type=\"text\/javascript\">\n\/* <![CDATA[ *\/\n\/*! This file is auto-generated *\/\n!function(d,l){\"use strict\";l.querySelector&&d.addEventListener&&\"undefined\"!=typeof URL&&(d.wp=d.wp||{},d.wp.receiveEmbedMessage||(d.wp.receiveEmbedMessage=function(e){var t=e.data;if((t||t.secret||t.message||t.value)&&!\/[^a-zA-Z0-9]\/.test(t.secret)){for(var s,r,n,a=l.querySelectorAll('iframe[data-secret=\"'+t.secret+'\"]'),o=l.querySelectorAll('blockquote[data-secret=\"'+t.secret+'\"]'),c=new RegExp(\"^https?:$\",\"i\"),i=0;i<o.length;i++)o[i].style.display=\"none\";for(i=0;i<a.length;i++)s=a[i],e.source===s.contentWindow&&(s.removeAttribute(\"style\"),\"height\"===t.message?(1e3<(r=parseInt(t.value,10))?r=1e3:~~r<200&&(r=200),s.height=r):\"link\"===t.message&&(r=new URL(s.getAttribute(\"src\")),n=new URL(t.value),c.test(n.protocol))&&n.host===r.host&&l.activeElement===s&&(d.top.location.href=t.value))}},d.addEventListener(\"message\",d.wp.receiveEmbedMessage,!1),l.addEventListener(\"DOMContentLoaded\",function(){for(var e,t,s=l.querySelectorAll(\"iframe.wp-embedded-content\"),r=0;r<s.length;r++)(t=(e=s[r]).getAttribute(\"data-secret\"))||(t=Math.random().toString(36).substring(2,12),e.src+=\"#?secret=\"+t,e.setAttribute(\"data-secret\",t)),e.contentWindow.postMessage({message:\"ready\",secret:t},\"*\")},!1)))}(window,document);\n\/\/# sourceURL=https:\/\/charente.catholique.fr\/grand-angouleme\/wp-includes\/js\/wp-embed.min.js\n\/* ]]> *\/\n<\/script>\n","thumbnail_url":"https:\/\/charente.catholique.fr\/grand-angouleme\/wp-content\/uploads\/sites\/2\/2023\/02\/eap-figures-colorees.jpg","thumbnail_width":449,"thumbnail_height":254,"description":"Temps de formation par le P\u00e8re Laurent : Lors de l\u2019assembl\u00e9e paroissiale de septembre, l\u2019une des demandes \u00e9tait de se former \u00e0 une lecture approfondie d\u2019un passage de l\u2019Evangile, \u00ab mot \u00e0 mot \u00bb pour une plus grande fid\u00e9lit\u00e9 au sens biblique. Le premier temps aura lieu le jeudi 29 f\u00e9vrier de 18h30 \u00e0 19h30 [&hellip;]"}

Doyenné Grand Angoulême

Echo de l’EAP du 24 janvier - Doyenné Grand Angoulême

<blockquote class="wp-embedded-content" data-secret="fufDbeKT0I"><a href="https://charente.catholique.fr/grand-angouleme/actualites/echo-de-leap-du-24-janvier/">Echo de l’EAP du 24 janvier</a></blockquote><iframe sandbox="allow-scripts" security="restricted" src="https://charente.catholique.fr/grand-angouleme/actualites/echo-de-leap-du-24-janvier/embed/#?secret=fufDbeKT0I" width="600" height="338" title="« Echo de l’EAP du 24 janvier » &#8212; Doyenné Grand Angoulême" data-secret="fufDbeKT0I" frameborder="0" marginwidth="0" marginheight="0" scrolling="no" class="wp-embedded-content"></iframe><script type="text/javascript">
/* <![CDATA[ */
/*! This file is auto-generated */
!function(d,l){"use strict";l.querySelector&&d.addEventListener&&"undefined"!=typeof URL&&(d.wp=d.wp||{},d.wp.receiveEmbedMessage||(d.wp.receiveEmbedMessage=function(e){var t=e.data;if((t||t.secret||t.message||t.value)&&!/[^a-zA-Z0-9]/.test(t.secret)){for(var s,r,n,a=l.querySelectorAll('iframe[data-secret="'+t.secret+'"]'),o=l.querySelectorAll('blockquote[data-secret="'+t.secret+'"]'),c=new RegExp("^https?:$","i"),i=0;i<o.length;i++)o[i].style.display="none";for(i=0;i<a.length;i++)s=a[i],e.source===s.contentWindow&&(s.removeAttribute("style"),"height"===t.message?(1e3<(r=parseInt(t.value,10))?r=1e3:~~r<200&&(r=200),s.height=r):"link"===t.message&&(r=new URL(s.getAttribute("src")),n=new URL(t.value),c.test(n.protocol))&&n.host===r.host&&l.activeElement===s&&(d.top.location.href=t.value))}},d.addEventListener("message",d.wp.receiveEmbedMessage,!1),l.addEventListener("DOMContentLoaded",function(){for(var e,t,s=l.querySelectorAll("iframe.wp-embedded-content"),r=0;r<s.length;r++)(t=(e=s[r]).getAttribute("data-secret"))||(t=Math.random().toString(36).substring(2,12),e.src+="#?secret="+t,e.setAttribute("data-secret",t)),e.contentWindow.postMessage({message:"ready",secret:t},"*")},!1)))}(window,document);
//# sourceURL=https://charente.catholique.fr/grand-angouleme/wp-includes/js/wp-embed.min.js
/* ]]> */
</script>

Temps de formation par le Père Laurent : Lors de l’assemblée paroissiale de septembre, l’une des demandes était de se former à une lecture approfondie d’un passage de l’Evangile, « mot à mot » pour une plus grande fidélité au sens biblique. Le premier temps aura lieu le jeudi 29 février de 18h30 à 19h30 [&hellip;]
