{"version":"1.0","provider_name":"Doyenn\u00e9 Grand Angoul\u00eame","provider_url":"https:\/\/charente.catholique.fr\/grand-angouleme","author_name":"Janine Laborde","author_url":"https:\/\/charente.catholique.fr\/grand-angouleme\/author\/janinelaborde\/","title":"4\u00e8me dimanche de P\u00e2ques ann\u00e9e C - Doyenn\u00e9 Grand Angoul\u00eame","type":"rich","width":600,"height":338,"html":"<blockquote class=\"wp-embedded-content\" data-secret=\"iv48gdqNZN\"><a href=\"https:\/\/charente.catholique.fr\/grand-angouleme\/actualites\/4eme-dimanche-de-paques-annee-c\/\">4\u00e8me dimanche de P\u00e2ques ann\u00e9e C<\/a><\/blockquote><iframe sandbox=\"allow-scripts\" security=\"restricted\" src=\"https:\/\/charente.catholique.fr\/grand-angouleme\/actualites\/4eme-dimanche-de-paques-annee-c\/embed\/#?secret=iv48gdqNZN\" width=\"600\" height=\"338\" title=\"\u00ab\u00a04\u00e8me dimanche de P\u00e2ques ann\u00e9e C\u00a0\u00bb &#8212; Doyenn\u00e9 Grand Angoul\u00eame\" data-secret=\"iv48gdqNZN\" frameborder=\"0\" marginwidth=\"0\" marginheight=\"0\" scrolling=\"no\" class=\"wp-embedded-content\"><\/iframe><script type=\"text\/javascript\">\n\/* <![CDATA[ *\/\n\/*! This file is auto-generated *\/\n!function(d,l){\"use strict\";l.querySelector&&d.addEventListener&&\"undefined\"!=typeof URL&&(d.wp=d.wp||{},d.wp.receiveEmbedMessage||(d.wp.receiveEmbedMessage=function(e){var t=e.data;if((t||t.secret||t.message||t.value)&&!\/[^a-zA-Z0-9]\/.test(t.secret)){for(var s,r,n,a=l.querySelectorAll('iframe[data-secret=\"'+t.secret+'\"]'),o=l.querySelectorAll('blockquote[data-secret=\"'+t.secret+'\"]'),c=new RegExp(\"^https?:$\",\"i\"),i=0;i<o.length;i++)o[i].style.display=\"none\";for(i=0;i<a.length;i++)s=a[i],e.source===s.contentWindow&&(s.removeAttribute(\"style\"),\"height\"===t.message?(1e3<(r=parseInt(t.value,10))?r=1e3:~~r<200&&(r=200),s.height=r):\"link\"===t.message&&(r=new URL(s.getAttribute(\"src\")),n=new URL(t.value),c.test(n.protocol))&&n.host===r.host&&l.activeElement===s&&(d.top.location.href=t.value))}},d.addEventListener(\"message\",d.wp.receiveEmbedMessage,!1),l.addEventListener(\"DOMContentLoaded\",function(){for(var e,t,s=l.querySelectorAll(\"iframe.wp-embedded-content\"),r=0;r<s.length;r++)(t=(e=s[r]).getAttribute(\"data-secret\"))||(t=Math.random().toString(36).substring(2,12),e.src+=\"#?secret=\"+t,e.setAttribute(\"data-secret\",t)),e.contentWindow.postMessage({message:\"ready\",secret:t},\"*\")},!1)))}(window,document);\n\/\/# sourceURL=https:\/\/charente.catholique.fr\/grand-angouleme\/wp-includes\/js\/wp-embed.min.js\n\/* ]]> *\/\n<\/script>\n","thumbnail_url":"https:\/\/charente.catholique.fr\/grand-angouleme\/wp-content\/uploads\/sites\/2\/2025\/05\/jesus-le-bon-pasteur.jpeg","thumbnail_width":750,"thumbnail_height":298,"description":"Accueil En ce jour de pri\u00e8re pour les vocations, l&#8217;Evangile ravive notre esp\u00e9rance en ce bon Berger. Il est venu pour que ses brebis aient la vie en abondance. Sachons \u00e9couter attentivement cette voix qui nous appelle, nous esp\u00e8re, et nous rassemble dans l&#8217;unit\u00e9 et la Paix. Prenons aussi la main maternelle de la Sainte [&hellip;]"}

Doyenné Grand Angoulême

4ème dimanche de Pâques année C - Doyenné Grand Angoulême

<blockquote class="wp-embedded-content" data-secret="iv48gdqNZN"><a href="https://charente.catholique.fr/grand-angouleme/actualites/4eme-dimanche-de-paques-annee-c/">4ème dimanche de Pâques année C</a></blockquote><iframe sandbox="allow-scripts" security="restricted" src="https://charente.catholique.fr/grand-angouleme/actualites/4eme-dimanche-de-paques-annee-c/embed/#?secret=iv48gdqNZN" width="600" height="338" title="« 4ème dimanche de Pâques année C » &#8212; Doyenné Grand Angoulême" data-secret="iv48gdqNZN" frameborder="0" marginwidth="0" marginheight="0" scrolling="no" class="wp-embedded-content"></iframe><script type="text/javascript">
/* <![CDATA[ */
/*! This file is auto-generated */
!function(d,l){"use strict";l.querySelector&&d.addEventListener&&"undefined"!=typeof URL&&(d.wp=d.wp||{},d.wp.receiveEmbedMessage||(d.wp.receiveEmbedMessage=function(e){var t=e.data;if((t||t.secret||t.message||t.value)&&!/[^a-zA-Z0-9]/.test(t.secret)){for(var s,r,n,a=l.querySelectorAll('iframe[data-secret="'+t.secret+'"]'),o=l.querySelectorAll('blockquote[data-secret="'+t.secret+'"]'),c=new RegExp("^https?:$","i"),i=0;i<o.length;i++)o[i].style.display="none";for(i=0;i<a.length;i++)s=a[i],e.source===s.contentWindow&&(s.removeAttribute("style"),"height"===t.message?(1e3<(r=parseInt(t.value,10))?r=1e3:~~r<200&&(r=200),s.height=r):"link"===t.message&&(r=new URL(s.getAttribute("src")),n=new URL(t.value),c.test(n.protocol))&&n.host===r.host&&l.activeElement===s&&(d.top.location.href=t.value))}},d.addEventListener("message",d.wp.receiveEmbedMessage,!1),l.addEventListener("DOMContentLoaded",function(){for(var e,t,s=l.querySelectorAll("iframe.wp-embedded-content"),r=0;r<s.length;r++)(t=(e=s[r]).getAttribute("data-secret"))||(t=Math.random().toString(36).substring(2,12),e.src+="#?secret="+t,e.setAttribute("data-secret",t)),e.contentWindow.postMessage({message:"ready",secret:t},"*")},!1)))}(window,document);
//# sourceURL=https://charente.catholique.fr/grand-angouleme/wp-includes/js/wp-embed.min.js
/* ]]> */
</script>

Accueil En ce jour de prière pour les vocations, l&#8217;Evangile ravive notre espérance en ce bon Berger. Il est venu pour que ses brebis aient la vie en abondance. Sachons écouter attentivement cette voix qui nous appelle, nous espère, et nous rassemble dans l&#8217;unité et la Paix. Prenons aussi la main maternelle de la Sainte [&hellip;]
