{"id":6498,"date":"2024-10-04T08:23:50","date_gmt":"2024-10-04T06:23:50","guid":{"rendered":"https:\/\/charente.catholique.fr\/est-charente\/?post_type=evenement&#038;p=6498"},"modified":"2024-10-04T08:23:55","modified_gmt":"2024-10-04T06:23:55","slug":"concert-de-gospel-classique","status":"publish","type":"evenement","link":"https:\/\/charente.catholique.fr\/est-charente\/agenda\/concert-de-gospel-classique\/","title":{"rendered":"Concert de Gospel classique"},"content":{"rendered":"\n<p>19 octobre 2024<\/p>\n\n\n\n<p>Saint Maxime de Confolens<\/p>\n\n\n\n<p>Dimanche 20 octobre, animation de la messe \u00e0 10h30, Saint Maxime de Confolens<\/p>\n\n\n\n<div data-wp-interactive=\"core\/file\" class=\"wp-block-file\"><object data-wp-bind--hidden=\"!state.hasPdfPreview\" hidden class=\"wp-block-file__embed\" data=\"https:\/\/charente.catholique.fr\/est-charente\/wp-content\/uploads\/sites\/3\/2024\/10\/2024-10-19-Concert-Confolens.pdf\" type=\"application\/pdf\" style=\"width:100%;height:600px\" aria-label=\"Contenu embarqu\u00e9 2024-10-19 Concert Confolens.\"><\/object><a id=\"wp-block-file--media-63faa1f7-127e-4677-b6f7-48e42651cce1\" href=\"https:\/\/charente.catholique.fr\/est-charente\/wp-content\/uploads\/sites\/3\/2024\/10\/2024-10-19-Concert-Confolens.pdf\">2024-10-19 Concert Confolens<\/a><a href=\"https:\/\/charente.catholique.fr\/est-charente\/wp-content\/uploads\/sites\/3\/2024\/10\/2024-10-19-Concert-Confolens.pdf\" class=\"wp-block-file__button wp-element-button\" download aria-describedby=\"wp-block-file--media-63faa1f7-127e-4677-b6f7-48e42651cce1\">T\u00e9l\u00e9charger<\/a><\/div>\n","protected":false},"author":9,"featured_media":5683,"template":"","meta":{"_acf_changed":false,"paroisse":["10"],"service":["0"],"footnotes":""},"categories":[1,13,4],"tags":[],"class_list":["post-6498","evenement","type-evenement","status-publish","has-post-thumbnail","hentry","category-actualites","category-chabanais","category-confolens","validated"],"acf":{"start_date":"2024-10-19 19:00:00","end_date":"","location":"\u00e9glise Saint Maxime de Confolens","address":null},"yoast_head":"<!-- This site is optimized with the Yoast SEO plugin v27.1.1 - https:\/\/yoast.com\/product\/yoast-seo-wordpress\/ -->\n<title>Concert de Gospel classique - Doyenne Est Charente<\/title>\n<meta name=\"robots\" content=\"index, follow, max-snippet:-1, max-image-preview:large, max-video-preview:-1\" \/>\n<link rel=\"canonical\" href=\"https:\/\/charente.catholique.fr\/est-charente\/agenda\/concert-de-gospel-classique\/\" \/>\n<meta property=\"og:locale\" content=\"fr_FR\" \/>\n<meta property=\"og:type\" content=\"article\" \/>\n<meta property=\"og:title\" content=\"Concert de Gospel classique - Doyenne Est Charente\" \/>\n<meta property=\"og:description\" content=\"19 octobre 2024 Saint Maxime de Confolens Dimanche 20 octobre, animation de la messe \u00e0 10h30, Saint Maxime de Confolens\" \/>\n<meta property=\"og:url\" content=\"https:\/\/charente.catholique.fr\/est-charente\/agenda\/concert-de-gospel-classique\/\" \/>\n<meta property=\"og:site_name\" content=\"Doyenne Est Charente\" \/>\n<meta property=\"article:publisher\" content=\"https:\/\/www.facebook.com\/EgliseCatholiqueCharente\" \/>\n<meta property=\"article:modified_time\" content=\"2024-10-04T06:23:55+00:00\" \/>\n<meta property=\"og:image\" content=\"https:\/\/charente.catholique.fr\/est-charente\/wp-content\/uploads\/sites\/3\/2024\/03\/maison.jpg\" \/>\n\t<meta property=\"og:image:width\" content=\"612\" \/>\n\t<meta property=\"og:image:height\" content=\"436\" \/>\n\t<meta property=\"og:image:type\" content=\"image\/jpeg\" \/>\n<meta name=\"twitter:card\" content=\"summary_large_image\" \/>\n<meta name=\"twitter:site\" content=\"@diocesecharente\" \/>\n<meta name=\"twitter:label1\" content=\"Dur\u00e9e de lecture estim\u00e9e\" \/>\n\t<meta name=\"twitter:data1\" content=\"1 minute\" \/>\n<script type=\"application\/ld+json\" class=\"yoast-schema-graph\">{\"@context\":\"https:\/\/schema.org\",\"@graph\":[{\"@type\":\"WebPage\",\"@id\":\"https:\/\/charente.catholique.fr\/est-charente\/agenda\/concert-de-gospel-classique\/\",\"url\":\"https:\/\/charente.catholique.fr\/est-charente\/agenda\/concert-de-gospel-classique\/\",\"name\":\"Concert de Gospel classique - Doyenne Est Charente\",\"isPartOf\":{\"@id\":\"https:\/\/charente.catholique.fr\/est-charente\/#website\"},\"primaryImageOfPage\":{\"@id\":\"https:\/\/charente.catholique.fr\/est-charente\/agenda\/concert-de-gospel-classique\/#primaryimage\"},\"image\":{\"@id\":\"https:\/\/charente.catholique.fr\/est-charente\/agenda\/concert-de-gospel-classique\/#primaryimage\"},\"thumbnailUrl\":\"https:\/\/charente.catholique.fr\/est-charente\/wp-content\/uploads\/sites\/3\/2024\/03\/maison.jpg\",\"datePublished\":\"2024-10-04T06:23:50+00:00\",\"dateModified\":\"2024-10-04T06:23:55+00:00\",\"breadcrumb\":{\"@id\":\"https:\/\/charente.catholique.fr\/est-charente\/agenda\/concert-de-gospel-classique\/#breadcrumb\"},\"inLanguage\":\"fr-FR\",\"potentialAction\":[{\"@type\":\"ReadAction\",\"target\":[\"https:\/\/charente.catholique.fr\/est-charente\/agenda\/concert-de-gospel-classique\/\"]}]},{\"@type\":\"ImageObject\",\"inLanguage\":\"fr-FR\",\"@id\":\"https:\/\/charente.catholique.fr\/est-charente\/agenda\/concert-de-gospel-classique\/#primaryimage\",\"url\":\"https:\/\/charente.catholique.fr\/est-charente\/wp-content\/uploads\/sites\/3\/2024\/03\/maison.jpg\",\"contentUrl\":\"https:\/\/charente.catholique.fr\/est-charente\/wp-content\/uploads\/sites\/3\/2024\/03\/maison.jpg\",\"width\":612,\"height\":436,\"caption\":\"Sustainable living - 3d illustration with ecology icons on brown wooden background.\"},{\"@type\":\"BreadcrumbList\",\"@id\":\"https:\/\/charente.catholique.fr\/est-charente\/agenda\/concert-de-gospel-classique\/#breadcrumb\",\"itemListElement\":[{\"@type\":\"ListItem\",\"position\":1,\"name\":\"Accueil\",\"item\":\"https:\/\/charente.catholique.fr\/est-charente\/\"},{\"@type\":\"ListItem\",\"position\":2,\"name\":\"Concert de Gospel classique\"}]},{\"@type\":\"WebSite\",\"@id\":\"https:\/\/charente.catholique.fr\/est-charente\/#website\",\"url\":\"https:\/\/charente.catholique.fr\/est-charente\/\",\"name\":\"Doyenn\u00e9 Est Charente - Dioc\u00e8se d'Angoul\u00eame\",\"description\":\"Dioc\u00e8se d&#039;Angoul\u00eame\",\"publisher\":{\"@id\":\"https:\/\/charente.catholique.fr\/est-charente\/#organization\"},\"potentialAction\":[{\"@type\":\"SearchAction\",\"target\":{\"@type\":\"EntryPoint\",\"urlTemplate\":\"https:\/\/charente.catholique.fr\/est-charente\/?s={search_term_string}\"},\"query-input\":{\"@type\":\"PropertyValueSpecification\",\"valueRequired\":true,\"valueName\":\"search_term_string\"}}],\"inLanguage\":\"fr-FR\"},{\"@type\":\"Organization\",\"@id\":\"https:\/\/charente.catholique.fr\/est-charente\/#organization\",\"name\":\"Association dioc\u00e9saine d'Angoul\u00eame\",\"url\":\"https:\/\/charente.catholique.fr\/est-charente\/\",\"logo\":{\"@type\":\"ImageObject\",\"inLanguage\":\"fr-FR\",\"@id\":\"https:\/\/charente.catholique.fr\/est-charente\/#\/schema\/logo\/image\/\",\"url\":\"https:\/\/charente.catholique.fr\/est-charente\/wp-content\/uploads\/sites\/3\/2020\/10\/logos.png\",\"contentUrl\":\"https:\/\/charente.catholique.fr\/est-charente\/wp-content\/uploads\/sites\/3\/2020\/10\/logos.png\",\"width\":600,\"height\":257,\"caption\":\"Association dioc\u00e9saine d'Angoul\u00eame\"},\"image\":{\"@id\":\"https:\/\/charente.catholique.fr\/est-charente\/#\/schema\/logo\/image\/\"},\"sameAs\":[\"https:\/\/www.facebook.com\/EgliseCatholiqueCharente\",\"https:\/\/x.com\/diocesecharente\",\"https:\/\/www.instagram.com\/eglisecharente\",\"https:\/\/www.youtube.com\/channel\/UCByyFWApZbw3gDTiADoiAaQ\"]}]}<\/script>\n<!-- \/ Yoast SEO plugin. -->","yoast_head_json":{"title":"Concert de Gospel classique - Doyenne Est Charente","robots":{"index":"index","follow":"follow","max-snippet":"max-snippet:-1","max-image-preview":"max-image-preview:large","max-video-preview":"max-video-preview:-1"},"canonical":"https:\/\/charente.catholique.fr\/est-charente\/agenda\/concert-de-gospel-classique\/","og_locale":"fr_FR","og_type":"article","og_title":"Concert de Gospel classique - Doyenne Est Charente","og_description":"19 octobre 2024 Saint Maxime de Confolens Dimanche 20 octobre, animation de la messe \u00e0 10h30, Saint Maxime de Confolens","og_url":"https:\/\/charente.catholique.fr\/est-charente\/agenda\/concert-de-gospel-classique\/","og_site_name":"Doyenne Est Charente","article_publisher":"https:\/\/www.facebook.com\/EgliseCatholiqueCharente","article_modified_time":"2024-10-04T06:23:55+00:00","og_image":[{"width":612,"height":436,"url":"https:\/\/charente.catholique.fr\/est-charente\/wp-content\/uploads\/sites\/3\/2024\/03\/maison.jpg","type":"image\/jpeg"}],"twitter_card":"summary_large_image","twitter_site":"@diocesecharente","twitter_misc":{"Dur\u00e9e de lecture estim\u00e9e":"1 minute"},"schema":{"@context":"https:\/\/schema.org","@graph":[{"@type":"WebPage","@id":"https:\/\/charente.catholique.fr\/est-charente\/agenda\/concert-de-gospel-classique\/","url":"https:\/\/charente.catholique.fr\/est-charente\/agenda\/concert-de-gospel-classique\/","name":"Concert de Gospel classique - Doyenne Est Charente","isPartOf":{"@id":"https:\/\/charente.catholique.fr\/est-charente\/#website"},"primaryImageOfPage":{"@id":"https:\/\/charente.catholique.fr\/est-charente\/agenda\/concert-de-gospel-classique\/#primaryimage"},"image":{"@id":"https:\/\/charente.catholique.fr\/est-charente\/agenda\/concert-de-gospel-classique\/#primaryimage"},"thumbnailUrl":"https:\/\/charente.catholique.fr\/est-charente\/wp-content\/uploads\/sites\/3\/2024\/03\/maison.jpg","datePublished":"2024-10-04T06:23:50+00:00","dateModified":"2024-10-04T06:23:55+00:00","breadcrumb":{"@id":"https:\/\/charente.catholique.fr\/est-charente\/agenda\/concert-de-gospel-classique\/#breadcrumb"},"inLanguage":"fr-FR","potentialAction":[{"@type":"ReadAction","target":["https:\/\/charente.catholique.fr\/est-charente\/agenda\/concert-de-gospel-classique\/"]}]},{"@type":"ImageObject","inLanguage":"fr-FR","@id":"https:\/\/charente.catholique.fr\/est-charente\/agenda\/concert-de-gospel-classique\/#primaryimage","url":"https:\/\/charente.catholique.fr\/est-charente\/wp-content\/uploads\/sites\/3\/2024\/03\/maison.jpg","contentUrl":"https:\/\/charente.catholique.fr\/est-charente\/wp-content\/uploads\/sites\/3\/2024\/03\/maison.jpg","width":612,"height":436,"caption":"Sustainable living - 3d illustration with ecology icons on brown wooden background."},{"@type":"BreadcrumbList","@id":"https:\/\/charente.catholique.fr\/est-charente\/agenda\/concert-de-gospel-classique\/#breadcrumb","itemListElement":[{"@type":"ListItem","position":1,"name":"Accueil","item":"https:\/\/charente.catholique.fr\/est-charente\/"},{"@type":"ListItem","position":2,"name":"Concert de Gospel classique"}]},{"@type":"WebSite","@id":"https:\/\/charente.catholique.fr\/est-charente\/#website","url":"https:\/\/charente.catholique.fr\/est-charente\/","name":"Doyenn\u00e9 Est Charente - Dioc\u00e8se d'Angoul\u00eame","description":"Dioc\u00e8se d&#039;Angoul\u00eame","publisher":{"@id":"https:\/\/charente.catholique.fr\/est-charente\/#organization"},"potentialAction":[{"@type":"SearchAction","target":{"@type":"EntryPoint","urlTemplate":"https:\/\/charente.catholique.fr\/est-charente\/?s={search_term_string}"},"query-input":{"@type":"PropertyValueSpecification","valueRequired":true,"valueName":"search_term_string"}}],"inLanguage":"fr-FR"},{"@type":"Organization","@id":"https:\/\/charente.catholique.fr\/est-charente\/#organization","name":"Association dioc\u00e9saine d'Angoul\u00eame","url":"https:\/\/charente.catholique.fr\/est-charente\/","logo":{"@type":"ImageObject","inLanguage":"fr-FR","@id":"https:\/\/charente.catholique.fr\/est-charente\/#\/schema\/logo\/image\/","url":"https:\/\/charente.catholique.fr\/est-charente\/wp-content\/uploads\/sites\/3\/2020\/10\/logos.png","contentUrl":"https:\/\/charente.catholique.fr\/est-charente\/wp-content\/uploads\/sites\/3\/2020\/10\/logos.png","width":600,"height":257,"caption":"Association dioc\u00e9saine d'Angoul\u00eame"},"image":{"@id":"https:\/\/charente.catholique.fr\/est-charente\/#\/schema\/logo\/image\/"},"sameAs":["https:\/\/www.facebook.com\/EgliseCatholiqueCharente","https:\/\/x.com\/diocesecharente","https:\/\/www.instagram.com\/eglisecharente","https:\/\/www.youtube.com\/channel\/UCByyFWApZbw3gDTiADoiAaQ"]}]}},"_links":{"self":[{"href":"https:\/\/charente.catholique.fr\/est-charente\/wp-json\/wp\/v2\/evenement\/6498","targetHints":{"allow":["GET"]}}],"collection":[{"href":"https:\/\/charente.catholique.fr\/est-charente\/wp-json\/wp\/v2\/evenement"}],"about":[{"href":"https:\/\/charente.catholique.fr\/est-charente\/wp-json\/wp\/v2\/types\/evenement"}],"author":[{"embeddable":true,"href":"https:\/\/charente.catholique.fr\/est-charente\/wp-json\/wp\/v2\/users\/9"}],"version-history":[{"count":1,"href":"https:\/\/charente.catholique.fr\/est-charente\/wp-json\/wp\/v2\/evenement\/6498\/revisions"}],"predecessor-version":[{"id":6500,"href":"https:\/\/charente.catholique.fr\/est-charente\/wp-json\/wp\/v2\/evenement\/6498\/revisions\/6500"}],"wp:featuredmedia":[{"embeddable":true,"href":"https:\/\/charente.catholique.fr\/est-charente\/wp-json\/wp\/v2\/media\/5683"}],"wp:attachment":[{"href":"https:\/\/charente.catholique.fr\/est-charente\/wp-json\/wp\/v2\/media?parent=6498"}],"wp:term":[{"taxonomy":"category","embeddable":true,"href":"https:\/\/charente.catholique.fr\/est-charente\/wp-json\/wp\/v2\/categories?post=6498"},{"taxonomy":"post_tag","embeddable":true,"href":"https:\/\/charente.catholique.fr\/est-charente\/wp-json\/wp\/v2\/tags?post=6498"}],"curies":[{"name":"wp","href":"https:\/\/api.w.org\/{rel}","templated":true}]}}

<p>19 octobre 2024</p>



<p>Saint Maxime de Confolens</p>



<p>Dimanche 20 octobre, animation de la messe à 10h30, Saint Maxime de Confolens</p>



<div data-wp-interactive="core/file" class="wp-block-file"><object data-wp-bind--hidden="!state.hasPdfPreview" hidden class="wp-block-file__embed" data="https://charente.catholique.fr/est-charente/wp-content/uploads/sites/3/2024/10/2024-10-19-Concert-Confolens.pdf" type="application/pdf" style="width:100%;height:600px" aria-label="Contenu embarqué 2024-10-19 Concert Confolens."></object><a id="wp-block-file--media-63faa1f7-127e-4677-b6f7-48e42651cce1" href="https://charente.catholique.fr/est-charente/wp-content/uploads/sites/3/2024/10/2024-10-19-Concert-Confolens.pdf">2024-10-19 Concert Confolens</a><a href="https://charente.catholique.fr/est-charente/wp-content/uploads/sites/3/2024/10/2024-10-19-Concert-Confolens.pdf" class="wp-block-file__button wp-element-button" download aria-describedby="wp-block-file--media-63faa1f7-127e-4677-b6f7-48e42651cce1">Télécharger</a></div>

église Saint Maxime de Confolens

<!-- This site is optimized with the Yoast SEO plugin v27.1.1 - https://yoast.com/product/yoast-seo-wordpress/ -->
<title>Concert de Gospel classique - Doyenne Est Charente</title>
<meta name="robots" content="index, follow, max-snippet:-1, max-image-preview:large, max-video-preview:-1" />
<link rel="canonical" href="https://charente.catholique.fr/est-charente/agenda/concert-de-gospel-classique/" />
<meta property="og:locale" content="fr_FR" />
<meta property="og:type" content="article" />
<meta property="og:title" content="Concert de Gospel classique - Doyenne Est Charente" />
<meta property="og:description" content="19 octobre 2024 Saint Maxime de Confolens Dimanche 20 octobre, animation de la messe à 10h30, Saint Maxime de Confolens" />
<meta property="og:url" content="https://charente.catholique.fr/est-charente/agenda/concert-de-gospel-classique/" />
<meta property="og:site_name" content="Doyenne Est Charente" />
<meta property="article:publisher" content="https://www.facebook.com/EgliseCatholiqueCharente" />
<meta property="article:modified_time" content="2024-10-04T06:23:55+00:00" />
<meta property="og:image" content="https://charente.catholique.fr/est-charente/wp-content/uploads/sites/3/2024/03/maison.jpg" />
	<meta property="og:image:width" content="612" />
	<meta property="og:image:height" content="436" />
	<meta property="og:image:type" content="image/jpeg" />
<meta name="twitter:card" content="summary_large_image" />
<meta name="twitter:site" content="@diocesecharente" />
<meta name="twitter:label1" content="Durée de lecture estimée" />
	<meta name="twitter:data1" content="1 minute" />
<script type="application/ld+json" class="yoast-schema-graph">{"@context":"https://schema.org","@graph":[{"@type":"WebPage","@id":"https://charente.catholique.fr/est-charente/agenda/concert-de-gospel-classique/","url":"https://charente.catholique.fr/est-charente/agenda/concert-de-gospel-classique/","name":"Concert de Gospel classique - Doyenne Est Charente","isPartOf":{"@id":"https://charente.catholique.fr/est-charente/#website"},"primaryImageOfPage":{"@id":"https://charente.catholique.fr/est-charente/agenda/concert-de-gospel-classique/#primaryimage"},"image":{"@id":"https://charente.catholique.fr/est-charente/agenda/concert-de-gospel-classique/#primaryimage"},"thumbnailUrl":"https://charente.catholique.fr/est-charente/wp-content/uploads/sites/3/2024/03/maison.jpg","datePublished":"2024-10-04T06:23:50+00:00","dateModified":"2024-10-04T06:23:55+00:00","breadcrumb":{"@id":"https://charente.catholique.fr/est-charente/agenda/concert-de-gospel-classique/#breadcrumb"},"inLanguage":"fr-FR","potentialAction":[{"@type":"ReadAction","target":["https://charente.catholique.fr/est-charente/agenda/concert-de-gospel-classique/"]}]},{"@type":"ImageObject","inLanguage":"fr-FR","@id":"https://charente.catholique.fr/est-charente/agenda/concert-de-gospel-classique/#primaryimage","url":"https://charente.catholique.fr/est-charente/wp-content/uploads/sites/3/2024/03/maison.jpg","contentUrl":"https://charente.catholique.fr/est-charente/wp-content/uploads/sites/3/2024/03/maison.jpg","width":612,"height":436,"caption":"Sustainable living - 3d illustration with ecology icons on brown wooden background."},{"@type":"BreadcrumbList","@id":"https://charente.catholique.fr/est-charente/agenda/concert-de-gospel-classique/#breadcrumb","itemListElement":[{"@type":"ListItem","position":1,"name":"Accueil","item":"https://charente.catholique.fr/est-charente/"},{"@type":"ListItem","position":2,"name":"Concert de Gospel classique"}]},{"@type":"WebSite","@id":"https://charente.catholique.fr/est-charente/#website","url":"https://charente.catholique.fr/est-charente/","name":"Doyenné Est Charente - Diocèse d'Angoulême","description":"Diocèse d&#039;Angoulême","publisher":{"@id":"https://charente.catholique.fr/est-charente/#organization"},"potentialAction":[{"@type":"SearchAction","target":{"@type":"EntryPoint","urlTemplate":"https://charente.catholique.fr/est-charente/?s={search_term_string}"},"query-input":{"@type":"PropertyValueSpecification","valueRequired":true,"valueName":"search_term_string"}}],"inLanguage":"fr-FR"},{"@type":"Organization","@id":"https://charente.catholique.fr/est-charente/#organization","name":"Association diocésaine d'Angoulême","url":"https://charente.catholique.fr/est-charente/","logo":{"@type":"ImageObject","inLanguage":"fr-FR","@id":"https://charente.catholique.fr/est-charente/#/schema/logo/image/","url":"https://charente.catholique.fr/est-charente/wp-content/uploads/sites/3/2020/10/logos.png","contentUrl":"https://charente.catholique.fr/est-charente/wp-content/uploads/sites/3/2020/10/logos.png","width":600,"height":257,"caption":"Association diocésaine d'Angoulême"},"image":{"@id":"https://charente.catholique.fr/est-charente/#/schema/logo/image/"},"sameAs":["https://www.facebook.com/EgliseCatholiqueCharente","https://x.com/diocesecharente","https://www.instagram.com/eglisecharente","https://www.youtube.com/channel/UCByyFWApZbw3gDTiADoiAaQ"]}]}</script>
<!-- / Yoast SEO plugin. -->

19 octobre 2024 Saint Maxime de Confolens Dimanche 20 octobre, animation de la messe à 10h30, Saint Maxime de Confolens

Doyenné Est Charente - Diocèse d'Angoulême

Diocèse d&#039;Angoulême

Association diocésaine d'Angoulême
