{"id":2520,"date":"2022-03-10T10:04:51","date_gmt":"2022-03-10T09:04:51","guid":{"rendered":"https:\/\/charente.catholique.fr\/est-charente\/?post_type=evenement&#038;p=2520"},"modified":"2022-03-10T10:11:49","modified_gmt":"2022-03-10T09:11:49","slug":"journee-de-la-fraternite-a-chabanais","status":"publish","type":"evenement","link":"https:\/\/charente.catholique.fr\/est-charente\/agenda\/journee-de-la-fraternite-a-chabanais\/","title":{"rendered":"Journ\u00e9e de la Fraternit\u00e9 \u00e0 Chabanais"},"content":{"rendered":"\n<p>Fraternit\u00e9 Confolens \/ L\u00e9o &#8211; T\u00f4 &#8211; Sapouy<\/p>\n\n\n\n<p>Dimanche 27 mars 2022 \u00e0 Chabanais<\/p>\n\n\n\n<p>La messe sera c\u00e9l\u00e9br\u00e9e \u00e0 10h30 en l&#8217;\u00e9glise Saint Pierre, suivie d&#8217;un repas \u00e0 la salle des f\u00eates.<\/p>\n\n\n\n<p>Le repas, sur inscription, est de 20 euros pour 1 adulte et 10 euros pour 1 enfant.<\/p>\n\n\n\n<p>06 78 41 10 24 aupr\u00e8s de Marie-Th\u00e9r\u00e8se VIGNAUD ou 05 45 84 04 71 aupr\u00e8s de l&#8217;accueil paroissial de Confolens<br>Merci de r\u00e9server avant dimanche 20 mars.Merci de diffuser au plus grand nombre.<\/p>\n","protected":false},"author":9,"featured_media":2521,"template":"","meta":{"_acf_changed":false,"paroisse":[""],"service":["0"],"footnotes":""},"categories":[1,13,4,12],"tags":[],"class_list":["post-2520","evenement","type-evenement","status-publish","has-post-thumbnail","hentry","category-actualites","category-chabanais","category-confolens","category-fraternite-angouleme-koudougou","validated"],"acf":{"start_date":"2022-03-27 10:30:00","end_date":"2022-03-27 15:00:00","location":"Chabanais","address":null},"yoast_head":"<!-- This site is optimized with the Yoast SEO plugin v27.1.1 - https:\/\/yoast.com\/product\/yoast-seo-wordpress\/ -->\n<title>Journ\u00e9e de la Fraternit\u00e9 \u00e0 Chabanais - Doyenne Est Charente<\/title>\n<meta name=\"robots\" content=\"index, follow, max-snippet:-1, max-image-preview:large, max-video-preview:-1\" \/>\n<link rel=\"canonical\" href=\"https:\/\/charente.catholique.fr\/est-charente\/agenda\/journee-de-la-fraternite-a-chabanais\/\" \/>\n<meta property=\"og:locale\" content=\"fr_FR\" \/>\n<meta property=\"og:type\" content=\"article\" \/>\n<meta property=\"og:title\" content=\"Journ\u00e9e de la Fraternit\u00e9 \u00e0 Chabanais - Doyenne Est Charente\" \/>\n<meta property=\"og:description\" content=\"Fraternit\u00e9 Confolens \/ L\u00e9o &#8211; T\u00f4 &#8211; Sapouy Dimanche 27 mars 2022 \u00e0 Chabanais La messe sera c\u00e9l\u00e9br\u00e9e \u00e0 10h30 en l&#8217;\u00e9glise Saint Pierre, suivie d&#8217;un repas \u00e0 la salle des f\u00eates. Le repas, sur inscription, est de 20 euros pour 1 adulte et 10 euros pour 1 enfant. 06 78 41 10 24 aupr\u00e8s [&hellip;]\" \/>\n<meta property=\"og:url\" content=\"https:\/\/charente.catholique.fr\/est-charente\/agenda\/journee-de-la-fraternite-a-chabanais\/\" \/>\n<meta property=\"og:site_name\" content=\"Doyenne Est Charente\" \/>\n<meta property=\"article:publisher\" content=\"https:\/\/www.facebook.com\/EgliseCatholiqueCharente\" \/>\n<meta property=\"article:modified_time\" content=\"2022-03-10T09:11:49+00:00\" \/>\n<meta name=\"twitter:card\" content=\"summary_large_image\" \/>\n<meta name=\"twitter:site\" content=\"@diocesecharente\" \/>\n<meta name=\"twitter:label1\" content=\"Dur\u00e9e de lecture estim\u00e9e\" \/>\n\t<meta name=\"twitter:data1\" content=\"1 minute\" \/>\n<script type=\"application\/ld+json\" class=\"yoast-schema-graph\">{\"@context\":\"https:\/\/schema.org\",\"@graph\":[{\"@type\":\"WebPage\",\"@id\":\"https:\/\/charente.catholique.fr\/est-charente\/agenda\/journee-de-la-fraternite-a-chabanais\/\",\"url\":\"https:\/\/charente.catholique.fr\/est-charente\/agenda\/journee-de-la-fraternite-a-chabanais\/\",\"name\":\"Journ\u00e9e de la Fraternit\u00e9 \u00e0 Chabanais - Doyenne Est Charente\",\"isPartOf\":{\"@id\":\"https:\/\/charente.catholique.fr\/est-charente\/#website\"},\"primaryImageOfPage\":{\"@id\":\"https:\/\/charente.catholique.fr\/est-charente\/agenda\/journee-de-la-fraternite-a-chabanais\/#primaryimage\"},\"image\":{\"@id\":\"https:\/\/charente.catholique.fr\/est-charente\/agenda\/journee-de-la-fraternite-a-chabanais\/#primaryimage\"},\"thumbnailUrl\":\"https:\/\/charente.catholique.fr\/est-charente\/wp-content\/uploads\/sites\/3\/2022\/03\/2022-03-27-repas-frat-pdf.jpg\",\"datePublished\":\"2022-03-10T09:04:51+00:00\",\"dateModified\":\"2022-03-10T09:11:49+00:00\",\"breadcrumb\":{\"@id\":\"https:\/\/charente.catholique.fr\/est-charente\/agenda\/journee-de-la-fraternite-a-chabanais\/#breadcrumb\"},\"inLanguage\":\"fr-FR\",\"potentialAction\":[{\"@type\":\"ReadAction\",\"target\":[\"https:\/\/charente.catholique.fr\/est-charente\/agenda\/journee-de-la-fraternite-a-chabanais\/\"]}]},{\"@type\":\"ImageObject\",\"inLanguage\":\"fr-FR\",\"@id\":\"https:\/\/charente.catholique.fr\/est-charente\/agenda\/journee-de-la-fraternite-a-chabanais\/#primaryimage\",\"url\":\"https:\/\/charente.catholique.fr\/est-charente\/wp-content\/uploads\/sites\/3\/2022\/03\/2022-03-27-repas-frat-pdf.jpg\",\"contentUrl\":\"https:\/\/charente.catholique.fr\/est-charente\/wp-content\/uploads\/sites\/3\/2022\/03\/2022-03-27-repas-frat-pdf.jpg\"},{\"@type\":\"BreadcrumbList\",\"@id\":\"https:\/\/charente.catholique.fr\/est-charente\/agenda\/journee-de-la-fraternite-a-chabanais\/#breadcrumb\",\"itemListElement\":[{\"@type\":\"ListItem\",\"position\":1,\"name\":\"Accueil\",\"item\":\"https:\/\/charente.catholique.fr\/est-charente\/\"},{\"@type\":\"ListItem\",\"position\":2,\"name\":\"Journ\u00e9e de la Fraternit\u00e9 \u00e0 Chabanais\"}]},{\"@type\":\"WebSite\",\"@id\":\"https:\/\/charente.catholique.fr\/est-charente\/#website\",\"url\":\"https:\/\/charente.catholique.fr\/est-charente\/\",\"name\":\"Doyenn\u00e9 Est Charente - Dioc\u00e8se d'Angoul\u00eame\",\"description\":\"Dioc\u00e8se d&#039;Angoul\u00eame\",\"publisher\":{\"@id\":\"https:\/\/charente.catholique.fr\/est-charente\/#organization\"},\"potentialAction\":[{\"@type\":\"SearchAction\",\"target\":{\"@type\":\"EntryPoint\",\"urlTemplate\":\"https:\/\/charente.catholique.fr\/est-charente\/?s={search_term_string}\"},\"query-input\":{\"@type\":\"PropertyValueSpecification\",\"valueRequired\":true,\"valueName\":\"search_term_string\"}}],\"inLanguage\":\"fr-FR\"},{\"@type\":\"Organization\",\"@id\":\"https:\/\/charente.catholique.fr\/est-charente\/#organization\",\"name\":\"Association dioc\u00e9saine d'Angoul\u00eame\",\"url\":\"https:\/\/charente.catholique.fr\/est-charente\/\",\"logo\":{\"@type\":\"ImageObject\",\"inLanguage\":\"fr-FR\",\"@id\":\"https:\/\/charente.catholique.fr\/est-charente\/#\/schema\/logo\/image\/\",\"url\":\"https:\/\/charente.catholique.fr\/est-charente\/wp-content\/uploads\/sites\/3\/2020\/10\/logos.png\",\"contentUrl\":\"https:\/\/charente.catholique.fr\/est-charente\/wp-content\/uploads\/sites\/3\/2020\/10\/logos.png\",\"width\":600,\"height\":257,\"caption\":\"Association dioc\u00e9saine d'Angoul\u00eame\"},\"image\":{\"@id\":\"https:\/\/charente.catholique.fr\/est-charente\/#\/schema\/logo\/image\/\"},\"sameAs\":[\"https:\/\/www.facebook.com\/EgliseCatholiqueCharente\",\"https:\/\/x.com\/diocesecharente\",\"https:\/\/www.instagram.com\/eglisecharente\",\"https:\/\/www.youtube.com\/channel\/UCByyFWApZbw3gDTiADoiAaQ\"]}]}<\/script>\n<!-- \/ Yoast SEO plugin. -->","yoast_head_json":{"title":"Journ\u00e9e de la Fraternit\u00e9 \u00e0 Chabanais - Doyenne Est Charente","robots":{"index":"index","follow":"follow","max-snippet":"max-snippet:-1","max-image-preview":"max-image-preview:large","max-video-preview":"max-video-preview:-1"},"canonical":"https:\/\/charente.catholique.fr\/est-charente\/agenda\/journee-de-la-fraternite-a-chabanais\/","og_locale":"fr_FR","og_type":"article","og_title":"Journ\u00e9e de la Fraternit\u00e9 \u00e0 Chabanais - Doyenne Est Charente","og_description":"Fraternit\u00e9 Confolens \/ L\u00e9o &#8211; T\u00f4 &#8211; Sapouy Dimanche 27 mars 2022 \u00e0 Chabanais La messe sera c\u00e9l\u00e9br\u00e9e \u00e0 10h30 en l&#8217;\u00e9glise Saint Pierre, suivie d&#8217;un repas \u00e0 la salle des f\u00eates. Le repas, sur inscription, est de 20 euros pour 1 adulte et 10 euros pour 1 enfant. 06 78 41 10 24 aupr\u00e8s [&hellip;]","og_url":"https:\/\/charente.catholique.fr\/est-charente\/agenda\/journee-de-la-fraternite-a-chabanais\/","og_site_name":"Doyenne Est Charente","article_publisher":"https:\/\/www.facebook.com\/EgliseCatholiqueCharente","article_modified_time":"2022-03-10T09:11:49+00:00","twitter_card":"summary_large_image","twitter_site":"@diocesecharente","twitter_misc":{"Dur\u00e9e de lecture estim\u00e9e":"1 minute"},"schema":{"@context":"https:\/\/schema.org","@graph":[{"@type":"WebPage","@id":"https:\/\/charente.catholique.fr\/est-charente\/agenda\/journee-de-la-fraternite-a-chabanais\/","url":"https:\/\/charente.catholique.fr\/est-charente\/agenda\/journee-de-la-fraternite-a-chabanais\/","name":"Journ\u00e9e de la Fraternit\u00e9 \u00e0 Chabanais - Doyenne Est Charente","isPartOf":{"@id":"https:\/\/charente.catholique.fr\/est-charente\/#website"},"primaryImageOfPage":{"@id":"https:\/\/charente.catholique.fr\/est-charente\/agenda\/journee-de-la-fraternite-a-chabanais\/#primaryimage"},"image":{"@id":"https:\/\/charente.catholique.fr\/est-charente\/agenda\/journee-de-la-fraternite-a-chabanais\/#primaryimage"},"thumbnailUrl":"https:\/\/charente.catholique.fr\/est-charente\/wp-content\/uploads\/sites\/3\/2022\/03\/2022-03-27-repas-frat-pdf.jpg","datePublished":"2022-03-10T09:04:51+00:00","dateModified":"2022-03-10T09:11:49+00:00","breadcrumb":{"@id":"https:\/\/charente.catholique.fr\/est-charente\/agenda\/journee-de-la-fraternite-a-chabanais\/#breadcrumb"},"inLanguage":"fr-FR","potentialAction":[{"@type":"ReadAction","target":["https:\/\/charente.catholique.fr\/est-charente\/agenda\/journee-de-la-fraternite-a-chabanais\/"]}]},{"@type":"ImageObject","inLanguage":"fr-FR","@id":"https:\/\/charente.catholique.fr\/est-charente\/agenda\/journee-de-la-fraternite-a-chabanais\/#primaryimage","url":"https:\/\/charente.catholique.fr\/est-charente\/wp-content\/uploads\/sites\/3\/2022\/03\/2022-03-27-repas-frat-pdf.jpg","contentUrl":"https:\/\/charente.catholique.fr\/est-charente\/wp-content\/uploads\/sites\/3\/2022\/03\/2022-03-27-repas-frat-pdf.jpg"},{"@type":"BreadcrumbList","@id":"https:\/\/charente.catholique.fr\/est-charente\/agenda\/journee-de-la-fraternite-a-chabanais\/#breadcrumb","itemListElement":[{"@type":"ListItem","position":1,"name":"Accueil","item":"https:\/\/charente.catholique.fr\/est-charente\/"},{"@type":"ListItem","position":2,"name":"Journ\u00e9e de la Fraternit\u00e9 \u00e0 Chabanais"}]},{"@type":"WebSite","@id":"https:\/\/charente.catholique.fr\/est-charente\/#website","url":"https:\/\/charente.catholique.fr\/est-charente\/","name":"Doyenn\u00e9 Est Charente - Dioc\u00e8se d'Angoul\u00eame","description":"Dioc\u00e8se d&#039;Angoul\u00eame","publisher":{"@id":"https:\/\/charente.catholique.fr\/est-charente\/#organization"},"potentialAction":[{"@type":"SearchAction","target":{"@type":"EntryPoint","urlTemplate":"https:\/\/charente.catholique.fr\/est-charente\/?s={search_term_string}"},"query-input":{"@type":"PropertyValueSpecification","valueRequired":true,"valueName":"search_term_string"}}],"inLanguage":"fr-FR"},{"@type":"Organization","@id":"https:\/\/charente.catholique.fr\/est-charente\/#organization","name":"Association dioc\u00e9saine d'Angoul\u00eame","url":"https:\/\/charente.catholique.fr\/est-charente\/","logo":{"@type":"ImageObject","inLanguage":"fr-FR","@id":"https:\/\/charente.catholique.fr\/est-charente\/#\/schema\/logo\/image\/","url":"https:\/\/charente.catholique.fr\/est-charente\/wp-content\/uploads\/sites\/3\/2020\/10\/logos.png","contentUrl":"https:\/\/charente.catholique.fr\/est-charente\/wp-content\/uploads\/sites\/3\/2020\/10\/logos.png","width":600,"height":257,"caption":"Association dioc\u00e9saine d'Angoul\u00eame"},"image":{"@id":"https:\/\/charente.catholique.fr\/est-charente\/#\/schema\/logo\/image\/"},"sameAs":["https:\/\/www.facebook.com\/EgliseCatholiqueCharente","https:\/\/x.com\/diocesecharente","https:\/\/www.instagram.com\/eglisecharente","https:\/\/www.youtube.com\/channel\/UCByyFWApZbw3gDTiADoiAaQ"]}]}},"_links":{"self":[{"href":"https:\/\/charente.catholique.fr\/est-charente\/wp-json\/wp\/v2\/evenement\/2520","targetHints":{"allow":["GET"]}}],"collection":[{"href":"https:\/\/charente.catholique.fr\/est-charente\/wp-json\/wp\/v2\/evenement"}],"about":[{"href":"https:\/\/charente.catholique.fr\/est-charente\/wp-json\/wp\/v2\/types\/evenement"}],"author":[{"embeddable":true,"href":"https:\/\/charente.catholique.fr\/est-charente\/wp-json\/wp\/v2\/users\/9"}],"version-history":[{"count":3,"href":"https:\/\/charente.catholique.fr\/est-charente\/wp-json\/wp\/v2\/evenement\/2520\/revisions"}],"predecessor-version":[{"id":2525,"href":"https:\/\/charente.catholique.fr\/est-charente\/wp-json\/wp\/v2\/evenement\/2520\/revisions\/2525"}],"wp:featuredmedia":[{"embeddable":true,"href":"https:\/\/charente.catholique.fr\/est-charente\/wp-json\/wp\/v2\/media\/2521"}],"wp:attachment":[{"href":"https:\/\/charente.catholique.fr\/est-charente\/wp-json\/wp\/v2\/media?parent=2520"}],"wp:term":[{"taxonomy":"category","embeddable":true,"href":"https:\/\/charente.catholique.fr\/est-charente\/wp-json\/wp\/v2\/categories?post=2520"},{"taxonomy":"post_tag","embeddable":true,"href":"https:\/\/charente.catholique.fr\/est-charente\/wp-json\/wp\/v2\/tags?post=2520"}],"curies":[{"name":"wp","href":"https:\/\/api.w.org\/{rel}","templated":true}]}}

Journée de la Fraternité à Chabanais

<p>Fraternité Confolens / Léo &#8211; Tô &#8211; Sapouy</p>



<p>Dimanche 27 mars 2022 à Chabanais</p>



<p>La messe sera célébrée à 10h30 en l&#8217;église Saint Pierre, suivie d&#8217;un repas à la salle des fêtes.</p>



<p>Le repas, sur inscription, est de 20 euros pour 1 adulte et 10 euros pour 1 enfant.</p>



<p>06 78 41 10 24 auprès de Marie-Thérèse VIGNAUD ou 05 45 84 04 71 auprès de l&#8217;accueil paroissial de Confolens<br>Merci de réserver avant dimanche 20 mars.Merci de diffuser au plus grand nombre.</p>

<!-- This site is optimized with the Yoast SEO plugin v27.1.1 - https://yoast.com/product/yoast-seo-wordpress/ -->
<title>Journée de la Fraternité à Chabanais - Doyenne Est Charente</title>
<meta name="robots" content="index, follow, max-snippet:-1, max-image-preview:large, max-video-preview:-1" />
<link rel="canonical" href="https://charente.catholique.fr/est-charente/agenda/journee-de-la-fraternite-a-chabanais/" />
<meta property="og:locale" content="fr_FR" />
<meta property="og:type" content="article" />
<meta property="og:title" content="Journée de la Fraternité à Chabanais - Doyenne Est Charente" />
<meta property="og:description" content="Fraternité Confolens / Léo &#8211; Tô &#8211; Sapouy Dimanche 27 mars 2022 à Chabanais La messe sera célébrée à 10h30 en l&#8217;église Saint Pierre, suivie d&#8217;un repas à la salle des fêtes. Le repas, sur inscription, est de 20 euros pour 1 adulte et 10 euros pour 1 enfant. 06 78 41 10 24 auprès [&hellip;]" />
<meta property="og:url" content="https://charente.catholique.fr/est-charente/agenda/journee-de-la-fraternite-a-chabanais/" />
<meta property="og:site_name" content="Doyenne Est Charente" />
<meta property="article:publisher" content="https://www.facebook.com/EgliseCatholiqueCharente" />
<meta property="article:modified_time" content="2022-03-10T09:11:49+00:00" />
<meta name="twitter:card" content="summary_large_image" />
<meta name="twitter:site" content="@diocesecharente" />
<meta name="twitter:label1" content="Durée de lecture estimée" />
	<meta name="twitter:data1" content="1 minute" />
<script type="application/ld+json" class="yoast-schema-graph">{"@context":"https://schema.org","@graph":[{"@type":"WebPage","@id":"https://charente.catholique.fr/est-charente/agenda/journee-de-la-fraternite-a-chabanais/","url":"https://charente.catholique.fr/est-charente/agenda/journee-de-la-fraternite-a-chabanais/","name":"Journée de la Fraternité à Chabanais - Doyenne Est Charente","isPartOf":{"@id":"https://charente.catholique.fr/est-charente/#website"},"primaryImageOfPage":{"@id":"https://charente.catholique.fr/est-charente/agenda/journee-de-la-fraternite-a-chabanais/#primaryimage"},"image":{"@id":"https://charente.catholique.fr/est-charente/agenda/journee-de-la-fraternite-a-chabanais/#primaryimage"},"thumbnailUrl":"https://charente.catholique.fr/est-charente/wp-content/uploads/sites/3/2022/03/2022-03-27-repas-frat-pdf.jpg","datePublished":"2022-03-10T09:04:51+00:00","dateModified":"2022-03-10T09:11:49+00:00","breadcrumb":{"@id":"https://charente.catholique.fr/est-charente/agenda/journee-de-la-fraternite-a-chabanais/#breadcrumb"},"inLanguage":"fr-FR","potentialAction":[{"@type":"ReadAction","target":["https://charente.catholique.fr/est-charente/agenda/journee-de-la-fraternite-a-chabanais/"]}]},{"@type":"ImageObject","inLanguage":"fr-FR","@id":"https://charente.catholique.fr/est-charente/agenda/journee-de-la-fraternite-a-chabanais/#primaryimage","url":"https://charente.catholique.fr/est-charente/wp-content/uploads/sites/3/2022/03/2022-03-27-repas-frat-pdf.jpg","contentUrl":"https://charente.catholique.fr/est-charente/wp-content/uploads/sites/3/2022/03/2022-03-27-repas-frat-pdf.jpg"},{"@type":"BreadcrumbList","@id":"https://charente.catholique.fr/est-charente/agenda/journee-de-la-fraternite-a-chabanais/#breadcrumb","itemListElement":[{"@type":"ListItem","position":1,"name":"Accueil","item":"https://charente.catholique.fr/est-charente/"},{"@type":"ListItem","position":2,"name":"Journée de la Fraternité à Chabanais"}]},{"@type":"WebSite","@id":"https://charente.catholique.fr/est-charente/#website","url":"https://charente.catholique.fr/est-charente/","name":"Doyenné Est Charente - Diocèse d'Angoulême","description":"Diocèse d&#039;Angoulême","publisher":{"@id":"https://charente.catholique.fr/est-charente/#organization"},"potentialAction":[{"@type":"SearchAction","target":{"@type":"EntryPoint","urlTemplate":"https://charente.catholique.fr/est-charente/?s={search_term_string}"},"query-input":{"@type":"PropertyValueSpecification","valueRequired":true,"valueName":"search_term_string"}}],"inLanguage":"fr-FR"},{"@type":"Organization","@id":"https://charente.catholique.fr/est-charente/#organization","name":"Association diocésaine d'Angoulême","url":"https://charente.catholique.fr/est-charente/","logo":{"@type":"ImageObject","inLanguage":"fr-FR","@id":"https://charente.catholique.fr/est-charente/#/schema/logo/image/","url":"https://charente.catholique.fr/est-charente/wp-content/uploads/sites/3/2020/10/logos.png","contentUrl":"https://charente.catholique.fr/est-charente/wp-content/uploads/sites/3/2020/10/logos.png","width":600,"height":257,"caption":"Association diocésaine d'Angoulême"},"image":{"@id":"https://charente.catholique.fr/est-charente/#/schema/logo/image/"},"sameAs":["https://www.facebook.com/EgliseCatholiqueCharente","https://x.com/diocesecharente","https://www.instagram.com/eglisecharente","https://www.youtube.com/channel/UCByyFWApZbw3gDTiADoiAaQ"]}]}</script>
<!-- / Yoast SEO plugin. -->

Journée de la Fraternité à Chabanais - Doyenne Est Charente

Fraternité Confolens / Léo &#8211; Tô &#8211; Sapouy Dimanche 27 mars 2022 à Chabanais La messe sera célébrée à 10h30 en l&#8217;église Saint Pierre, suivie d&#8217;un repas à la salle des fêtes. Le repas, sur inscription, est de 20 euros pour 1 adulte et 10 euros pour 1 enfant. 06 78 41 10 24 auprès [&hellip;]

Doyenné Est Charente - Diocèse d'Angoulême

Diocèse d&#039;Angoulême

Association diocésaine d'Angoulême
