{"id":2391,"date":"2022-02-08T14:55:34","date_gmt":"2022-02-08T13:55:34","guid":{"rendered":"https:\/\/charente.catholique.fr\/est-charente\/?post_type=evenement&#038;p=2391"},"modified":"2022-02-14T17:02:00","modified_gmt":"2022-02-14T16:02:00","slug":"24-heures-pour-le-seigneur-2022","status":"publish","type":"evenement","link":"https:\/\/charente.catholique.fr\/est-charente\/agenda\/24-heures-pour-le-seigneur-2022\/","title":{"rendered":"24 heures pour le Seigneur 2022"},"content":{"rendered":"\n<p>\u00e9glise Saint Maxime de Confolens<\/p>\n\n\n\n<p>Louanges &#8211; T\u00e9moignages &#8211; Sacrement de r\u00e9conciliation &#8211; Bin\u00f4mes de pri\u00e8res &#8211; Nuit d&#8217;adoration &#8211; Enseignement dispens\u00e9 par le P\u00e8re Martin de la Ronci\u00e8res :&#8217;L&#8217;humanit\u00e9 bris\u00e9e par le p\u00e9ch\u00e9 a besoin d&#8217;\u00eatre r\u00e9concili\u00e9e avec Dieu.&#8221;<\/p>\n","protected":false},"author":9,"featured_media":2392,"template":"","meta":{"_acf_changed":false,"paroisse":[""],"service":["0"],"footnotes":""},"categories":[],"tags":[],"class_list":["post-2391","evenement","type-evenement","status-publish","has-post-thumbnail","hentry","validated"],"acf":{"start_date":"2022-02-26 14:30:00","end_date":"2022-02-27 12:00:00","location":"\u00e9glise Saint Maxime de Confolens","address":null},"yoast_head":"<!-- This site is optimized with the Yoast SEO plugin v27.1.1 - https:\/\/yoast.com\/product\/yoast-seo-wordpress\/ -->\n<title>24 heures pour le Seigneur 2022 - Doyenne Est Charente<\/title>\n<meta name=\"robots\" content=\"index, follow, max-snippet:-1, max-image-preview:large, max-video-preview:-1\" \/>\n<link rel=\"canonical\" href=\"https:\/\/charente.catholique.fr\/est-charente\/agenda\/24-heures-pour-le-seigneur-2022\/\" \/>\n<meta property=\"og:locale\" content=\"fr_FR\" \/>\n<meta property=\"og:type\" content=\"article\" \/>\n<meta property=\"og:title\" content=\"24 heures pour le Seigneur 2022 - Doyenne Est Charente\" \/>\n<meta property=\"og:description\" content=\"\u00e9glise Saint Maxime de Confolens Louanges &#8211; T\u00e9moignages &#8211; Sacrement de r\u00e9conciliation &#8211; Bin\u00f4mes de pri\u00e8res &#8211; Nuit d&#8217;adoration &#8211; Enseignement dispens\u00e9 par le P\u00e8re Martin de la Ronci\u00e8res :&#8217;L&#8217;humanit\u00e9 bris\u00e9e par le p\u00e9ch\u00e9 a besoin d&#8217;\u00eatre r\u00e9concili\u00e9e avec Dieu.&#8221;\" \/>\n<meta property=\"og:url\" content=\"https:\/\/charente.catholique.fr\/est-charente\/agenda\/24-heures-pour-le-seigneur-2022\/\" \/>\n<meta property=\"og:site_name\" content=\"Doyenne Est Charente\" \/>\n<meta property=\"article:publisher\" content=\"https:\/\/www.facebook.com\/EgliseCatholiqueCharente\" \/>\n<meta property=\"article:modified_time\" content=\"2022-02-14T16:02:00+00:00\" \/>\n<meta name=\"twitter:card\" content=\"summary_large_image\" \/>\n<meta name=\"twitter:site\" content=\"@diocesecharente\" \/>\n<meta name=\"twitter:label1\" content=\"Dur\u00e9e de lecture estim\u00e9e\" \/>\n\t<meta name=\"twitter:data1\" content=\"1 minute\" \/>\n<script type=\"application\/ld+json\" class=\"yoast-schema-graph\">{\"@context\":\"https:\/\/schema.org\",\"@graph\":[{\"@type\":\"WebPage\",\"@id\":\"https:\/\/charente.catholique.fr\/est-charente\/agenda\/24-heures-pour-le-seigneur-2022\/\",\"url\":\"https:\/\/charente.catholique.fr\/est-charente\/agenda\/24-heures-pour-le-seigneur-2022\/\",\"name\":\"24 heures pour le Seigneur 2022 - Doyenne Est Charente\",\"isPartOf\":{\"@id\":\"https:\/\/charente.catholique.fr\/est-charente\/#website\"},\"primaryImageOfPage\":{\"@id\":\"https:\/\/charente.catholique.fr\/est-charente\/agenda\/24-heures-pour-le-seigneur-2022\/#primaryimage\"},\"image\":{\"@id\":\"https:\/\/charente.catholique.fr\/est-charente\/agenda\/24-heures-pour-le-seigneur-2022\/#primaryimage\"},\"thumbnailUrl\":\"https:\/\/charente.catholique.fr\/est-charente\/wp-content\/uploads\/sites\/3\/2022\/02\/24h22-pdf.jpg\",\"datePublished\":\"2022-02-08T13:55:34+00:00\",\"dateModified\":\"2022-02-14T16:02:00+00:00\",\"breadcrumb\":{\"@id\":\"https:\/\/charente.catholique.fr\/est-charente\/agenda\/24-heures-pour-le-seigneur-2022\/#breadcrumb\"},\"inLanguage\":\"fr-FR\",\"potentialAction\":[{\"@type\":\"ReadAction\",\"target\":[\"https:\/\/charente.catholique.fr\/est-charente\/agenda\/24-heures-pour-le-seigneur-2022\/\"]}]},{\"@type\":\"ImageObject\",\"inLanguage\":\"fr-FR\",\"@id\":\"https:\/\/charente.catholique.fr\/est-charente\/agenda\/24-heures-pour-le-seigneur-2022\/#primaryimage\",\"url\":\"https:\/\/charente.catholique.fr\/est-charente\/wp-content\/uploads\/sites\/3\/2022\/02\/24h22-pdf.jpg\",\"contentUrl\":\"https:\/\/charente.catholique.fr\/est-charente\/wp-content\/uploads\/sites\/3\/2022\/02\/24h22-pdf.jpg\"},{\"@type\":\"BreadcrumbList\",\"@id\":\"https:\/\/charente.catholique.fr\/est-charente\/agenda\/24-heures-pour-le-seigneur-2022\/#breadcrumb\",\"itemListElement\":[{\"@type\":\"ListItem\",\"position\":1,\"name\":\"Accueil\",\"item\":\"https:\/\/charente.catholique.fr\/est-charente\/\"},{\"@type\":\"ListItem\",\"position\":2,\"name\":\"24 heures pour le Seigneur 2022\"}]},{\"@type\":\"WebSite\",\"@id\":\"https:\/\/charente.catholique.fr\/est-charente\/#website\",\"url\":\"https:\/\/charente.catholique.fr\/est-charente\/\",\"name\":\"Doyenn\u00e9 Est Charente - Dioc\u00e8se d'Angoul\u00eame\",\"description\":\"Dioc\u00e8se d&#039;Angoul\u00eame\",\"publisher\":{\"@id\":\"https:\/\/charente.catholique.fr\/est-charente\/#organization\"},\"potentialAction\":[{\"@type\":\"SearchAction\",\"target\":{\"@type\":\"EntryPoint\",\"urlTemplate\":\"https:\/\/charente.catholique.fr\/est-charente\/?s={search_term_string}\"},\"query-input\":{\"@type\":\"PropertyValueSpecification\",\"valueRequired\":true,\"valueName\":\"search_term_string\"}}],\"inLanguage\":\"fr-FR\"},{\"@type\":\"Organization\",\"@id\":\"https:\/\/charente.catholique.fr\/est-charente\/#organization\",\"name\":\"Association dioc\u00e9saine d'Angoul\u00eame\",\"url\":\"https:\/\/charente.catholique.fr\/est-charente\/\",\"logo\":{\"@type\":\"ImageObject\",\"inLanguage\":\"fr-FR\",\"@id\":\"https:\/\/charente.catholique.fr\/est-charente\/#\/schema\/logo\/image\/\",\"url\":\"https:\/\/charente.catholique.fr\/est-charente\/wp-content\/uploads\/sites\/3\/2020\/10\/logos.png\",\"contentUrl\":\"https:\/\/charente.catholique.fr\/est-charente\/wp-content\/uploads\/sites\/3\/2020\/10\/logos.png\",\"width\":600,\"height\":257,\"caption\":\"Association dioc\u00e9saine d'Angoul\u00eame\"},\"image\":{\"@id\":\"https:\/\/charente.catholique.fr\/est-charente\/#\/schema\/logo\/image\/\"},\"sameAs\":[\"https:\/\/www.facebook.com\/EgliseCatholiqueCharente\",\"https:\/\/x.com\/diocesecharente\",\"https:\/\/www.instagram.com\/eglisecharente\",\"https:\/\/www.youtube.com\/channel\/UCByyFWApZbw3gDTiADoiAaQ\"]}]}<\/script>\n<!-- \/ Yoast SEO plugin. -->","yoast_head_json":{"title":"24 heures pour le Seigneur 2022 - Doyenne Est Charente","robots":{"index":"index","follow":"follow","max-snippet":"max-snippet:-1","max-image-preview":"max-image-preview:large","max-video-preview":"max-video-preview:-1"},"canonical":"https:\/\/charente.catholique.fr\/est-charente\/agenda\/24-heures-pour-le-seigneur-2022\/","og_locale":"fr_FR","og_type":"article","og_title":"24 heures pour le Seigneur 2022 - Doyenne Est Charente","og_description":"\u00e9glise Saint Maxime de Confolens Louanges &#8211; T\u00e9moignages &#8211; Sacrement de r\u00e9conciliation &#8211; Bin\u00f4mes de pri\u00e8res &#8211; Nuit d&#8217;adoration &#8211; Enseignement dispens\u00e9 par le P\u00e8re Martin de la Ronci\u00e8res :&#8217;L&#8217;humanit\u00e9 bris\u00e9e par le p\u00e9ch\u00e9 a besoin d&#8217;\u00eatre r\u00e9concili\u00e9e avec Dieu.&#8221;","og_url":"https:\/\/charente.catholique.fr\/est-charente\/agenda\/24-heures-pour-le-seigneur-2022\/","og_site_name":"Doyenne Est Charente","article_publisher":"https:\/\/www.facebook.com\/EgliseCatholiqueCharente","article_modified_time":"2022-02-14T16:02:00+00:00","twitter_card":"summary_large_image","twitter_site":"@diocesecharente","twitter_misc":{"Dur\u00e9e de lecture estim\u00e9e":"1 minute"},"schema":{"@context":"https:\/\/schema.org","@graph":[{"@type":"WebPage","@id":"https:\/\/charente.catholique.fr\/est-charente\/agenda\/24-heures-pour-le-seigneur-2022\/","url":"https:\/\/charente.catholique.fr\/est-charente\/agenda\/24-heures-pour-le-seigneur-2022\/","name":"24 heures pour le Seigneur 2022 - Doyenne Est Charente","isPartOf":{"@id":"https:\/\/charente.catholique.fr\/est-charente\/#website"},"primaryImageOfPage":{"@id":"https:\/\/charente.catholique.fr\/est-charente\/agenda\/24-heures-pour-le-seigneur-2022\/#primaryimage"},"image":{"@id":"https:\/\/charente.catholique.fr\/est-charente\/agenda\/24-heures-pour-le-seigneur-2022\/#primaryimage"},"thumbnailUrl":"https:\/\/charente.catholique.fr\/est-charente\/wp-content\/uploads\/sites\/3\/2022\/02\/24h22-pdf.jpg","datePublished":"2022-02-08T13:55:34+00:00","dateModified":"2022-02-14T16:02:00+00:00","breadcrumb":{"@id":"https:\/\/charente.catholique.fr\/est-charente\/agenda\/24-heures-pour-le-seigneur-2022\/#breadcrumb"},"inLanguage":"fr-FR","potentialAction":[{"@type":"ReadAction","target":["https:\/\/charente.catholique.fr\/est-charente\/agenda\/24-heures-pour-le-seigneur-2022\/"]}]},{"@type":"ImageObject","inLanguage":"fr-FR","@id":"https:\/\/charente.catholique.fr\/est-charente\/agenda\/24-heures-pour-le-seigneur-2022\/#primaryimage","url":"https:\/\/charente.catholique.fr\/est-charente\/wp-content\/uploads\/sites\/3\/2022\/02\/24h22-pdf.jpg","contentUrl":"https:\/\/charente.catholique.fr\/est-charente\/wp-content\/uploads\/sites\/3\/2022\/02\/24h22-pdf.jpg"},{"@type":"BreadcrumbList","@id":"https:\/\/charente.catholique.fr\/est-charente\/agenda\/24-heures-pour-le-seigneur-2022\/#breadcrumb","itemListElement":[{"@type":"ListItem","position":1,"name":"Accueil","item":"https:\/\/charente.catholique.fr\/est-charente\/"},{"@type":"ListItem","position":2,"name":"24 heures pour le Seigneur 2022"}]},{"@type":"WebSite","@id":"https:\/\/charente.catholique.fr\/est-charente\/#website","url":"https:\/\/charente.catholique.fr\/est-charente\/","name":"Doyenn\u00e9 Est Charente - Dioc\u00e8se d'Angoul\u00eame","description":"Dioc\u00e8se d&#039;Angoul\u00eame","publisher":{"@id":"https:\/\/charente.catholique.fr\/est-charente\/#organization"},"potentialAction":[{"@type":"SearchAction","target":{"@type":"EntryPoint","urlTemplate":"https:\/\/charente.catholique.fr\/est-charente\/?s={search_term_string}"},"query-input":{"@type":"PropertyValueSpecification","valueRequired":true,"valueName":"search_term_string"}}],"inLanguage":"fr-FR"},{"@type":"Organization","@id":"https:\/\/charente.catholique.fr\/est-charente\/#organization","name":"Association dioc\u00e9saine d'Angoul\u00eame","url":"https:\/\/charente.catholique.fr\/est-charente\/","logo":{"@type":"ImageObject","inLanguage":"fr-FR","@id":"https:\/\/charente.catholique.fr\/est-charente\/#\/schema\/logo\/image\/","url":"https:\/\/charente.catholique.fr\/est-charente\/wp-content\/uploads\/sites\/3\/2020\/10\/logos.png","contentUrl":"https:\/\/charente.catholique.fr\/est-charente\/wp-content\/uploads\/sites\/3\/2020\/10\/logos.png","width":600,"height":257,"caption":"Association dioc\u00e9saine d'Angoul\u00eame"},"image":{"@id":"https:\/\/charente.catholique.fr\/est-charente\/#\/schema\/logo\/image\/"},"sameAs":["https:\/\/www.facebook.com\/EgliseCatholiqueCharente","https:\/\/x.com\/diocesecharente","https:\/\/www.instagram.com\/eglisecharente","https:\/\/www.youtube.com\/channel\/UCByyFWApZbw3gDTiADoiAaQ"]}]}},"_links":{"self":[{"href":"https:\/\/charente.catholique.fr\/est-charente\/wp-json\/wp\/v2\/evenement\/2391","targetHints":{"allow":["GET"]}}],"collection":[{"href":"https:\/\/charente.catholique.fr\/est-charente\/wp-json\/wp\/v2\/evenement"}],"about":[{"href":"https:\/\/charente.catholique.fr\/est-charente\/wp-json\/wp\/v2\/types\/evenement"}],"author":[{"embeddable":true,"href":"https:\/\/charente.catholique.fr\/est-charente\/wp-json\/wp\/v2\/users\/9"}],"version-history":[{"count":2,"href":"https:\/\/charente.catholique.fr\/est-charente\/wp-json\/wp\/v2\/evenement\/2391\/revisions"}],"predecessor-version":[{"id":2394,"href":"https:\/\/charente.catholique.fr\/est-charente\/wp-json\/wp\/v2\/evenement\/2391\/revisions\/2394"}],"wp:featuredmedia":[{"embeddable":true,"href":"https:\/\/charente.catholique.fr\/est-charente\/wp-json\/wp\/v2\/media\/2392"}],"wp:attachment":[{"href":"https:\/\/charente.catholique.fr\/est-charente\/wp-json\/wp\/v2\/media?parent=2391"}],"wp:term":[{"taxonomy":"category","embeddable":true,"href":"https:\/\/charente.catholique.fr\/est-charente\/wp-json\/wp\/v2\/categories?post=2391"},{"taxonomy":"post_tag","embeddable":true,"href":"https:\/\/charente.catholique.fr\/est-charente\/wp-json\/wp\/v2\/tags?post=2391"}],"curies":[{"name":"wp","href":"https:\/\/api.w.org\/{rel}","templated":true}]}}

<p>église Saint Maxime de Confolens</p>



<p>Louanges &#8211; Témoignages &#8211; Sacrement de réconciliation &#8211; Binômes de prières &#8211; Nuit d&#8217;adoration &#8211; Enseignement dispensé par le Père Martin de la Roncières :&#8217;L&#8217;humanité brisée par le péché a besoin d&#8217;être réconciliée avec Dieu.&#8221;</p>

église Saint Maxime de Confolens

<!-- This site is optimized with the Yoast SEO plugin v27.1.1 - https://yoast.com/product/yoast-seo-wordpress/ -->
<title>24 heures pour le Seigneur 2022 - Doyenne Est Charente</title>
<meta name="robots" content="index, follow, max-snippet:-1, max-image-preview:large, max-video-preview:-1" />
<link rel="canonical" href="https://charente.catholique.fr/est-charente/agenda/24-heures-pour-le-seigneur-2022/" />
<meta property="og:locale" content="fr_FR" />
<meta property="og:type" content="article" />
<meta property="og:title" content="24 heures pour le Seigneur 2022 - Doyenne Est Charente" />
<meta property="og:description" content="église Saint Maxime de Confolens Louanges &#8211; Témoignages &#8211; Sacrement de réconciliation &#8211; Binômes de prières &#8211; Nuit d&#8217;adoration &#8211; Enseignement dispensé par le Père Martin de la Roncières :&#8217;L&#8217;humanité brisée par le péché a besoin d&#8217;être réconciliée avec Dieu.&#8221;" />
<meta property="og:url" content="https://charente.catholique.fr/est-charente/agenda/24-heures-pour-le-seigneur-2022/" />
<meta property="og:site_name" content="Doyenne Est Charente" />
<meta property="article:publisher" content="https://www.facebook.com/EgliseCatholiqueCharente" />
<meta property="article:modified_time" content="2022-02-14T16:02:00+00:00" />
<meta name="twitter:card" content="summary_large_image" />
<meta name="twitter:site" content="@diocesecharente" />
<meta name="twitter:label1" content="Durée de lecture estimée" />
	<meta name="twitter:data1" content="1 minute" />
<script type="application/ld+json" class="yoast-schema-graph">{"@context":"https://schema.org","@graph":[{"@type":"WebPage","@id":"https://charente.catholique.fr/est-charente/agenda/24-heures-pour-le-seigneur-2022/","url":"https://charente.catholique.fr/est-charente/agenda/24-heures-pour-le-seigneur-2022/","name":"24 heures pour le Seigneur 2022 - Doyenne Est Charente","isPartOf":{"@id":"https://charente.catholique.fr/est-charente/#website"},"primaryImageOfPage":{"@id":"https://charente.catholique.fr/est-charente/agenda/24-heures-pour-le-seigneur-2022/#primaryimage"},"image":{"@id":"https://charente.catholique.fr/est-charente/agenda/24-heures-pour-le-seigneur-2022/#primaryimage"},"thumbnailUrl":"https://charente.catholique.fr/est-charente/wp-content/uploads/sites/3/2022/02/24h22-pdf.jpg","datePublished":"2022-02-08T13:55:34+00:00","dateModified":"2022-02-14T16:02:00+00:00","breadcrumb":{"@id":"https://charente.catholique.fr/est-charente/agenda/24-heures-pour-le-seigneur-2022/#breadcrumb"},"inLanguage":"fr-FR","potentialAction":[{"@type":"ReadAction","target":["https://charente.catholique.fr/est-charente/agenda/24-heures-pour-le-seigneur-2022/"]}]},{"@type":"ImageObject","inLanguage":"fr-FR","@id":"https://charente.catholique.fr/est-charente/agenda/24-heures-pour-le-seigneur-2022/#primaryimage","url":"https://charente.catholique.fr/est-charente/wp-content/uploads/sites/3/2022/02/24h22-pdf.jpg","contentUrl":"https://charente.catholique.fr/est-charente/wp-content/uploads/sites/3/2022/02/24h22-pdf.jpg"},{"@type":"BreadcrumbList","@id":"https://charente.catholique.fr/est-charente/agenda/24-heures-pour-le-seigneur-2022/#breadcrumb","itemListElement":[{"@type":"ListItem","position":1,"name":"Accueil","item":"https://charente.catholique.fr/est-charente/"},{"@type":"ListItem","position":2,"name":"24 heures pour le Seigneur 2022"}]},{"@type":"WebSite","@id":"https://charente.catholique.fr/est-charente/#website","url":"https://charente.catholique.fr/est-charente/","name":"Doyenné Est Charente - Diocèse d'Angoulême","description":"Diocèse d&#039;Angoulême","publisher":{"@id":"https://charente.catholique.fr/est-charente/#organization"},"potentialAction":[{"@type":"SearchAction","target":{"@type":"EntryPoint","urlTemplate":"https://charente.catholique.fr/est-charente/?s={search_term_string}"},"query-input":{"@type":"PropertyValueSpecification","valueRequired":true,"valueName":"search_term_string"}}],"inLanguage":"fr-FR"},{"@type":"Organization","@id":"https://charente.catholique.fr/est-charente/#organization","name":"Association diocésaine d'Angoulême","url":"https://charente.catholique.fr/est-charente/","logo":{"@type":"ImageObject","inLanguage":"fr-FR","@id":"https://charente.catholique.fr/est-charente/#/schema/logo/image/","url":"https://charente.catholique.fr/est-charente/wp-content/uploads/sites/3/2020/10/logos.png","contentUrl":"https://charente.catholique.fr/est-charente/wp-content/uploads/sites/3/2020/10/logos.png","width":600,"height":257,"caption":"Association diocésaine d'Angoulême"},"image":{"@id":"https://charente.catholique.fr/est-charente/#/schema/logo/image/"},"sameAs":["https://www.facebook.com/EgliseCatholiqueCharente","https://x.com/diocesecharente","https://www.instagram.com/eglisecharente","https://www.youtube.com/channel/UCByyFWApZbw3gDTiADoiAaQ"]}]}</script>
<!-- / Yoast SEO plugin. -->

église Saint Maxime de Confolens Louanges &#8211; Témoignages &#8211; Sacrement de réconciliation &#8211; Binômes de prières &#8211; Nuit d&#8217;adoration &#8211; Enseignement dispensé par le Père Martin de la Roncières :&#8217;L&#8217;humanité brisée par le péché a besoin d&#8217;être réconciliée avec Dieu.&#8221;

Doyenné Est Charente - Diocèse d'Angoulême

Diocèse d&#039;Angoulême

Association diocésaine d'Angoulême
