{"id":1776,"date":"2021-10-05T17:49:44","date_gmt":"2021-10-05T15:49:44","guid":{"rendered":"https:\/\/charente.catholique.fr\/est-charente\/?post_type=evenement&#038;p=1776"},"modified":"2021-10-05T17:53:20","modified_gmt":"2021-10-05T15:53:20","slug":"couscous-de-la-fraternite-vendredi-15-octobre-2021","status":"publish","type":"evenement","link":"https:\/\/charente.catholique.fr\/est-charente\/agenda\/couscous-de-la-fraternite-vendredi-15-octobre-2021\/","title":{"rendered":"Couscous de la Fraternit\u00e9 Vendredi 15 Octobre 2021"},"content":{"rendered":"\n<p>organis\u00e9 par la Fraternit\u00e9 ND des Terres en Hte Charente et La Toden<\/p>\n\n\n<a href=\"https:\/\/charente.catholique.fr\/est-charente\/wp-content\/uploads\/sites\/3\/2021\/09\/1-affiche-couscous-2021.pdf\" class=\"pdfemb-viewer\" style=\"\" data-width=\"max\" data-height=\"max\" data-toolbar=\"bottom\" data-toolbar-fixed=\"off\">1-affiche-couscous-2021<\/a>\n<p class=\"wp-block-pdfemb-pdf-embedder-viewer\"><\/p>\n","protected":false},"author":17,"featured_media":1052,"template":"","meta":{"_acf_changed":false,"paroisse":["9"],"service":["0"],"footnotes":""},"categories":[2],"tags":[],"class_list":["post-1776","evenement","type-evenement","status-publish","has-post-thumbnail","hentry","category-nd-des-terres-en-haute-charente","validated"],"acf":{"start_date":"2021-10-15 19:00:00","end_date":"","location":"Salle des fetes de Chasseneuil sur Bonnieure","address":null},"yoast_head":"<!-- This site is optimized with the Yoast SEO plugin v27.1.1 - https:\/\/yoast.com\/product\/yoast-seo-wordpress\/ -->\n<title>Couscous de la Fraternit\u00e9 Vendredi 15 Octobre 2021 - Doyenne Est Charente<\/title>\n<meta name=\"robots\" content=\"index, follow, max-snippet:-1, max-image-preview:large, max-video-preview:-1\" \/>\n<link rel=\"canonical\" href=\"https:\/\/charente.catholique.fr\/est-charente\/agenda\/couscous-de-la-fraternite-vendredi-15-octobre-2021\/\" \/>\n<meta property=\"og:locale\" content=\"fr_FR\" \/>\n<meta property=\"og:type\" content=\"article\" \/>\n<meta property=\"og:title\" content=\"Couscous de la Fraternit\u00e9 Vendredi 15 Octobre 2021 - Doyenne Est Charente\" \/>\n<meta property=\"og:description\" content=\"organis\u00e9 par la Fraternit\u00e9 ND des Terres en Hte Charente et La Toden\" \/>\n<meta property=\"og:url\" content=\"https:\/\/charente.catholique.fr\/est-charente\/agenda\/couscous-de-la-fraternite-vendredi-15-octobre-2021\/\" \/>\n<meta property=\"og:site_name\" content=\"Doyenne Est Charente\" \/>\n<meta property=\"article:publisher\" content=\"https:\/\/www.facebook.com\/EgliseCatholiqueCharente\" \/>\n<meta property=\"article:modified_time\" content=\"2021-10-05T15:53:20+00:00\" \/>\n<meta property=\"og:image\" content=\"https:\/\/charente.catholique.fr\/est-charente\/wp-content\/uploads\/sites\/3\/2021\/02\/la-toden.jpg\" \/>\n\t<meta property=\"og:image:width\" content=\"639\" \/>\n\t<meta property=\"og:image:height\" content=\"348\" \/>\n\t<meta property=\"og:image:type\" content=\"image\/jpeg\" \/>\n<meta name=\"twitter:card\" content=\"summary_large_image\" \/>\n<meta name=\"twitter:site\" content=\"@diocesecharente\" \/>\n<meta name=\"twitter:label1\" content=\"Dur\u00e9e de lecture estim\u00e9e\" \/>\n\t<meta name=\"twitter:data1\" content=\"1 minute\" \/>\n<script type=\"application\/ld+json\" class=\"yoast-schema-graph\">{\"@context\":\"https:\/\/schema.org\",\"@graph\":[{\"@type\":\"WebPage\",\"@id\":\"https:\/\/charente.catholique.fr\/est-charente\/agenda\/couscous-de-la-fraternite-vendredi-15-octobre-2021\/\",\"url\":\"https:\/\/charente.catholique.fr\/est-charente\/agenda\/couscous-de-la-fraternite-vendredi-15-octobre-2021\/\",\"name\":\"Couscous de la Fraternit\u00e9 Vendredi 15 Octobre 2021 - Doyenne Est Charente\",\"isPartOf\":{\"@id\":\"https:\/\/charente.catholique.fr\/est-charente\/#website\"},\"primaryImageOfPage\":{\"@id\":\"https:\/\/charente.catholique.fr\/est-charente\/agenda\/couscous-de-la-fraternite-vendredi-15-octobre-2021\/#primaryimage\"},\"image\":{\"@id\":\"https:\/\/charente.catholique.fr\/est-charente\/agenda\/couscous-de-la-fraternite-vendredi-15-octobre-2021\/#primaryimage\"},\"thumbnailUrl\":\"https:\/\/charente.catholique.fr\/est-charente\/wp-content\/uploads\/sites\/3\/2021\/02\/la-toden.jpg\",\"datePublished\":\"2021-10-05T15:49:44+00:00\",\"dateModified\":\"2021-10-05T15:53:20+00:00\",\"breadcrumb\":{\"@id\":\"https:\/\/charente.catholique.fr\/est-charente\/agenda\/couscous-de-la-fraternite-vendredi-15-octobre-2021\/#breadcrumb\"},\"inLanguage\":\"fr-FR\",\"potentialAction\":[{\"@type\":\"ReadAction\",\"target\":[\"https:\/\/charente.catholique.fr\/est-charente\/agenda\/couscous-de-la-fraternite-vendredi-15-octobre-2021\/\"]}]},{\"@type\":\"ImageObject\",\"inLanguage\":\"fr-FR\",\"@id\":\"https:\/\/charente.catholique.fr\/est-charente\/agenda\/couscous-de-la-fraternite-vendredi-15-octobre-2021\/#primaryimage\",\"url\":\"https:\/\/charente.catholique.fr\/est-charente\/wp-content\/uploads\/sites\/3\/2021\/02\/la-toden.jpg\",\"contentUrl\":\"https:\/\/charente.catholique.fr\/est-charente\/wp-content\/uploads\/sites\/3\/2021\/02\/la-toden.jpg\",\"width\":639,\"height\":348},{\"@type\":\"BreadcrumbList\",\"@id\":\"https:\/\/charente.catholique.fr\/est-charente\/agenda\/couscous-de-la-fraternite-vendredi-15-octobre-2021\/#breadcrumb\",\"itemListElement\":[{\"@type\":\"ListItem\",\"position\":1,\"name\":\"Accueil\",\"item\":\"https:\/\/charente.catholique.fr\/est-charente\/\"},{\"@type\":\"ListItem\",\"position\":2,\"name\":\"Couscous de la Fraternit\u00e9 Vendredi 15 Octobre 2021\"}]},{\"@type\":\"WebSite\",\"@id\":\"https:\/\/charente.catholique.fr\/est-charente\/#website\",\"url\":\"https:\/\/charente.catholique.fr\/est-charente\/\",\"name\":\"Doyenn\u00e9 Est Charente - Dioc\u00e8se d'Angoul\u00eame\",\"description\":\"Dioc\u00e8se d&#039;Angoul\u00eame\",\"publisher\":{\"@id\":\"https:\/\/charente.catholique.fr\/est-charente\/#organization\"},\"potentialAction\":[{\"@type\":\"SearchAction\",\"target\":{\"@type\":\"EntryPoint\",\"urlTemplate\":\"https:\/\/charente.catholique.fr\/est-charente\/?s={search_term_string}\"},\"query-input\":{\"@type\":\"PropertyValueSpecification\",\"valueRequired\":true,\"valueName\":\"search_term_string\"}}],\"inLanguage\":\"fr-FR\"},{\"@type\":\"Organization\",\"@id\":\"https:\/\/charente.catholique.fr\/est-charente\/#organization\",\"name\":\"Association dioc\u00e9saine d'Angoul\u00eame\",\"url\":\"https:\/\/charente.catholique.fr\/est-charente\/\",\"logo\":{\"@type\":\"ImageObject\",\"inLanguage\":\"fr-FR\",\"@id\":\"https:\/\/charente.catholique.fr\/est-charente\/#\/schema\/logo\/image\/\",\"url\":\"https:\/\/charente.catholique.fr\/est-charente\/wp-content\/uploads\/sites\/3\/2020\/10\/logos.png\",\"contentUrl\":\"https:\/\/charente.catholique.fr\/est-charente\/wp-content\/uploads\/sites\/3\/2020\/10\/logos.png\",\"width\":600,\"height\":257,\"caption\":\"Association dioc\u00e9saine d'Angoul\u00eame\"},\"image\":{\"@id\":\"https:\/\/charente.catholique.fr\/est-charente\/#\/schema\/logo\/image\/\"},\"sameAs\":[\"https:\/\/www.facebook.com\/EgliseCatholiqueCharente\",\"https:\/\/x.com\/diocesecharente\",\"https:\/\/www.instagram.com\/eglisecharente\",\"https:\/\/www.youtube.com\/channel\/UCByyFWApZbw3gDTiADoiAaQ\"]}]}<\/script>\n<!-- \/ Yoast SEO plugin. -->","yoast_head_json":{"title":"Couscous de la Fraternit\u00e9 Vendredi 15 Octobre 2021 - Doyenne Est Charente","robots":{"index":"index","follow":"follow","max-snippet":"max-snippet:-1","max-image-preview":"max-image-preview:large","max-video-preview":"max-video-preview:-1"},"canonical":"https:\/\/charente.catholique.fr\/est-charente\/agenda\/couscous-de-la-fraternite-vendredi-15-octobre-2021\/","og_locale":"fr_FR","og_type":"article","og_title":"Couscous de la Fraternit\u00e9 Vendredi 15 Octobre 2021 - Doyenne Est Charente","og_description":"organis\u00e9 par la Fraternit\u00e9 ND des Terres en Hte Charente et La Toden","og_url":"https:\/\/charente.catholique.fr\/est-charente\/agenda\/couscous-de-la-fraternite-vendredi-15-octobre-2021\/","og_site_name":"Doyenne Est Charente","article_publisher":"https:\/\/www.facebook.com\/EgliseCatholiqueCharente","article_modified_time":"2021-10-05T15:53:20+00:00","og_image":[{"width":639,"height":348,"url":"https:\/\/charente.catholique.fr\/est-charente\/wp-content\/uploads\/sites\/3\/2021\/02\/la-toden.jpg","type":"image\/jpeg"}],"twitter_card":"summary_large_image","twitter_site":"@diocesecharente","twitter_misc":{"Dur\u00e9e de lecture estim\u00e9e":"1 minute"},"schema":{"@context":"https:\/\/schema.org","@graph":[{"@type":"WebPage","@id":"https:\/\/charente.catholique.fr\/est-charente\/agenda\/couscous-de-la-fraternite-vendredi-15-octobre-2021\/","url":"https:\/\/charente.catholique.fr\/est-charente\/agenda\/couscous-de-la-fraternite-vendredi-15-octobre-2021\/","name":"Couscous de la Fraternit\u00e9 Vendredi 15 Octobre 2021 - Doyenne Est Charente","isPartOf":{"@id":"https:\/\/charente.catholique.fr\/est-charente\/#website"},"primaryImageOfPage":{"@id":"https:\/\/charente.catholique.fr\/est-charente\/agenda\/couscous-de-la-fraternite-vendredi-15-octobre-2021\/#primaryimage"},"image":{"@id":"https:\/\/charente.catholique.fr\/est-charente\/agenda\/couscous-de-la-fraternite-vendredi-15-octobre-2021\/#primaryimage"},"thumbnailUrl":"https:\/\/charente.catholique.fr\/est-charente\/wp-content\/uploads\/sites\/3\/2021\/02\/la-toden.jpg","datePublished":"2021-10-05T15:49:44+00:00","dateModified":"2021-10-05T15:53:20+00:00","breadcrumb":{"@id":"https:\/\/charente.catholique.fr\/est-charente\/agenda\/couscous-de-la-fraternite-vendredi-15-octobre-2021\/#breadcrumb"},"inLanguage":"fr-FR","potentialAction":[{"@type":"ReadAction","target":["https:\/\/charente.catholique.fr\/est-charente\/agenda\/couscous-de-la-fraternite-vendredi-15-octobre-2021\/"]}]},{"@type":"ImageObject","inLanguage":"fr-FR","@id":"https:\/\/charente.catholique.fr\/est-charente\/agenda\/couscous-de-la-fraternite-vendredi-15-octobre-2021\/#primaryimage","url":"https:\/\/charente.catholique.fr\/est-charente\/wp-content\/uploads\/sites\/3\/2021\/02\/la-toden.jpg","contentUrl":"https:\/\/charente.catholique.fr\/est-charente\/wp-content\/uploads\/sites\/3\/2021\/02\/la-toden.jpg","width":639,"height":348},{"@type":"BreadcrumbList","@id":"https:\/\/charente.catholique.fr\/est-charente\/agenda\/couscous-de-la-fraternite-vendredi-15-octobre-2021\/#breadcrumb","itemListElement":[{"@type":"ListItem","position":1,"name":"Accueil","item":"https:\/\/charente.catholique.fr\/est-charente\/"},{"@type":"ListItem","position":2,"name":"Couscous de la Fraternit\u00e9 Vendredi 15 Octobre 2021"}]},{"@type":"WebSite","@id":"https:\/\/charente.catholique.fr\/est-charente\/#website","url":"https:\/\/charente.catholique.fr\/est-charente\/","name":"Doyenn\u00e9 Est Charente - Dioc\u00e8se d'Angoul\u00eame","description":"Dioc\u00e8se d&#039;Angoul\u00eame","publisher":{"@id":"https:\/\/charente.catholique.fr\/est-charente\/#organization"},"potentialAction":[{"@type":"SearchAction","target":{"@type":"EntryPoint","urlTemplate":"https:\/\/charente.catholique.fr\/est-charente\/?s={search_term_string}"},"query-input":{"@type":"PropertyValueSpecification","valueRequired":true,"valueName":"search_term_string"}}],"inLanguage":"fr-FR"},{"@type":"Organization","@id":"https:\/\/charente.catholique.fr\/est-charente\/#organization","name":"Association dioc\u00e9saine d'Angoul\u00eame","url":"https:\/\/charente.catholique.fr\/est-charente\/","logo":{"@type":"ImageObject","inLanguage":"fr-FR","@id":"https:\/\/charente.catholique.fr\/est-charente\/#\/schema\/logo\/image\/","url":"https:\/\/charente.catholique.fr\/est-charente\/wp-content\/uploads\/sites\/3\/2020\/10\/logos.png","contentUrl":"https:\/\/charente.catholique.fr\/est-charente\/wp-content\/uploads\/sites\/3\/2020\/10\/logos.png","width":600,"height":257,"caption":"Association dioc\u00e9saine d'Angoul\u00eame"},"image":{"@id":"https:\/\/charente.catholique.fr\/est-charente\/#\/schema\/logo\/image\/"},"sameAs":["https:\/\/www.facebook.com\/EgliseCatholiqueCharente","https:\/\/x.com\/diocesecharente","https:\/\/www.instagram.com\/eglisecharente","https:\/\/www.youtube.com\/channel\/UCByyFWApZbw3gDTiADoiAaQ"]}]}},"_links":{"self":[{"href":"https:\/\/charente.catholique.fr\/est-charente\/wp-json\/wp\/v2\/evenement\/1776","targetHints":{"allow":["GET"]}}],"collection":[{"href":"https:\/\/charente.catholique.fr\/est-charente\/wp-json\/wp\/v2\/evenement"}],"about":[{"href":"https:\/\/charente.catholique.fr\/est-charente\/wp-json\/wp\/v2\/types\/evenement"}],"author":[{"embeddable":true,"href":"https:\/\/charente.catholique.fr\/est-charente\/wp-json\/wp\/v2\/users\/17"}],"version-history":[{"count":3,"href":"https:\/\/charente.catholique.fr\/est-charente\/wp-json\/wp\/v2\/evenement\/1776\/revisions"}],"predecessor-version":[{"id":1780,"href":"https:\/\/charente.catholique.fr\/est-charente\/wp-json\/wp\/v2\/evenement\/1776\/revisions\/1780"}],"wp:featuredmedia":[{"embeddable":true,"href":"https:\/\/charente.catholique.fr\/est-charente\/wp-json\/wp\/v2\/media\/1052"}],"wp:attachment":[{"href":"https:\/\/charente.catholique.fr\/est-charente\/wp-json\/wp\/v2\/media?parent=1776"}],"wp:term":[{"taxonomy":"category","embeddable":true,"href":"https:\/\/charente.catholique.fr\/est-charente\/wp-json\/wp\/v2\/categories?post=1776"},{"taxonomy":"post_tag","embeddable":true,"href":"https:\/\/charente.catholique.fr\/est-charente\/wp-json\/wp\/v2\/tags?post=1776"}],"curies":[{"name":"wp","href":"https:\/\/api.w.org\/{rel}","templated":true}]}}

Couscous de la Fraternité Vendredi 15 Octobre 2021

<p>organisé par la Fraternité ND des Terres en Hte Charente et La Toden</p>


<a href="https://charente.catholique.fr/est-charente/wp-content/uploads/sites/3/2021/09/1-affiche-couscous-2021.pdf" class="pdfemb-viewer" style="" data-width="max" data-height="max" data-toolbar="bottom" data-toolbar-fixed="off">1-affiche-couscous-2021</a>
<p class="wp-block-pdfemb-pdf-embedder-viewer"></p>

<!-- This site is optimized with the Yoast SEO plugin v27.1.1 - https://yoast.com/product/yoast-seo-wordpress/ -->
<title>Couscous de la Fraternité Vendredi 15 Octobre 2021 - Doyenne Est Charente</title>
<meta name="robots" content="index, follow, max-snippet:-1, max-image-preview:large, max-video-preview:-1" />
<link rel="canonical" href="https://charente.catholique.fr/est-charente/agenda/couscous-de-la-fraternite-vendredi-15-octobre-2021/" />
<meta property="og:locale" content="fr_FR" />
<meta property="og:type" content="article" />
<meta property="og:title" content="Couscous de la Fraternité Vendredi 15 Octobre 2021 - Doyenne Est Charente" />
<meta property="og:description" content="organisé par la Fraternité ND des Terres en Hte Charente et La Toden" />
<meta property="og:url" content="https://charente.catholique.fr/est-charente/agenda/couscous-de-la-fraternite-vendredi-15-octobre-2021/" />
<meta property="og:site_name" content="Doyenne Est Charente" />
<meta property="article:publisher" content="https://www.facebook.com/EgliseCatholiqueCharente" />
<meta property="article:modified_time" content="2021-10-05T15:53:20+00:00" />
<meta property="og:image" content="https://charente.catholique.fr/est-charente/wp-content/uploads/sites/3/2021/02/la-toden.jpg" />
	<meta property="og:image:width" content="639" />
	<meta property="og:image:height" content="348" />
	<meta property="og:image:type" content="image/jpeg" />
<meta name="twitter:card" content="summary_large_image" />
<meta name="twitter:site" content="@diocesecharente" />
<meta name="twitter:label1" content="Durée de lecture estimée" />
	<meta name="twitter:data1" content="1 minute" />
<script type="application/ld+json" class="yoast-schema-graph">{"@context":"https://schema.org","@graph":[{"@type":"WebPage","@id":"https://charente.catholique.fr/est-charente/agenda/couscous-de-la-fraternite-vendredi-15-octobre-2021/","url":"https://charente.catholique.fr/est-charente/agenda/couscous-de-la-fraternite-vendredi-15-octobre-2021/","name":"Couscous de la Fraternité Vendredi 15 Octobre 2021 - Doyenne Est Charente","isPartOf":{"@id":"https://charente.catholique.fr/est-charente/#website"},"primaryImageOfPage":{"@id":"https://charente.catholique.fr/est-charente/agenda/couscous-de-la-fraternite-vendredi-15-octobre-2021/#primaryimage"},"image":{"@id":"https://charente.catholique.fr/est-charente/agenda/couscous-de-la-fraternite-vendredi-15-octobre-2021/#primaryimage"},"thumbnailUrl":"https://charente.catholique.fr/est-charente/wp-content/uploads/sites/3/2021/02/la-toden.jpg","datePublished":"2021-10-05T15:49:44+00:00","dateModified":"2021-10-05T15:53:20+00:00","breadcrumb":{"@id":"https://charente.catholique.fr/est-charente/agenda/couscous-de-la-fraternite-vendredi-15-octobre-2021/#breadcrumb"},"inLanguage":"fr-FR","potentialAction":[{"@type":"ReadAction","target":["https://charente.catholique.fr/est-charente/agenda/couscous-de-la-fraternite-vendredi-15-octobre-2021/"]}]},{"@type":"ImageObject","inLanguage":"fr-FR","@id":"https://charente.catholique.fr/est-charente/agenda/couscous-de-la-fraternite-vendredi-15-octobre-2021/#primaryimage","url":"https://charente.catholique.fr/est-charente/wp-content/uploads/sites/3/2021/02/la-toden.jpg","contentUrl":"https://charente.catholique.fr/est-charente/wp-content/uploads/sites/3/2021/02/la-toden.jpg","width":639,"height":348},{"@type":"BreadcrumbList","@id":"https://charente.catholique.fr/est-charente/agenda/couscous-de-la-fraternite-vendredi-15-octobre-2021/#breadcrumb","itemListElement":[{"@type":"ListItem","position":1,"name":"Accueil","item":"https://charente.catholique.fr/est-charente/"},{"@type":"ListItem","position":2,"name":"Couscous de la Fraternité Vendredi 15 Octobre 2021"}]},{"@type":"WebSite","@id":"https://charente.catholique.fr/est-charente/#website","url":"https://charente.catholique.fr/est-charente/","name":"Doyenné Est Charente - Diocèse d'Angoulême","description":"Diocèse d&#039;Angoulême","publisher":{"@id":"https://charente.catholique.fr/est-charente/#organization"},"potentialAction":[{"@type":"SearchAction","target":{"@type":"EntryPoint","urlTemplate":"https://charente.catholique.fr/est-charente/?s={search_term_string}"},"query-input":{"@type":"PropertyValueSpecification","valueRequired":true,"valueName":"search_term_string"}}],"inLanguage":"fr-FR"},{"@type":"Organization","@id":"https://charente.catholique.fr/est-charente/#organization","name":"Association diocésaine d'Angoulême","url":"https://charente.catholique.fr/est-charente/","logo":{"@type":"ImageObject","inLanguage":"fr-FR","@id":"https://charente.catholique.fr/est-charente/#/schema/logo/image/","url":"https://charente.catholique.fr/est-charente/wp-content/uploads/sites/3/2020/10/logos.png","contentUrl":"https://charente.catholique.fr/est-charente/wp-content/uploads/sites/3/2020/10/logos.png","width":600,"height":257,"caption":"Association diocésaine d'Angoulême"},"image":{"@id":"https://charente.catholique.fr/est-charente/#/schema/logo/image/"},"sameAs":["https://www.facebook.com/EgliseCatholiqueCharente","https://x.com/diocesecharente","https://www.instagram.com/eglisecharente","https://www.youtube.com/channel/UCByyFWApZbw3gDTiADoiAaQ"]}]}</script>
<!-- / Yoast SEO plugin. -->

Couscous de la Fraternité Vendredi 15 Octobre 2021 - Doyenne Est Charente

organisé par la Fraternité ND des Terres en Hte Charente et La Toden

Doyenné Est Charente - Diocèse d'Angoulême

Diocèse d&#039;Angoulême

Association diocésaine d'Angoulême
