{"id":1541,"date":"2021-06-23T14:18:45","date_gmt":"2021-06-23T12:18:45","guid":{"rendered":"https:\/\/charente.catholique.fr\/est-charente\/?post_type=evenement&#038;p=1541"},"modified":"2021-07-15T09:37:03","modified_gmt":"2021-07-15T07:37:03","slug":"repas-solidaire-de-la-fraternite-confolens-leo-to-sapouy","status":"publish","type":"evenement","link":"https:\/\/charente.catholique.fr\/est-charente\/agenda\/repas-solidaire-de-la-fraternite-confolens-leo-to-sapouy\/","title":{"rendered":"Repas Solidaire de la Fraternit\u00e9 Confolens \/ L\u00e9o &#8211; T\u00f4 &#8211; Sapouy"},"content":{"rendered":"\n<p>Samedi 7 ao\u00fbt 2021<\/p>\n\n\n<a href=\"https:\/\/charente.catholique.fr\/est-charente\/wp-content\/uploads\/sites\/3\/2021\/06\/2021-08-07-repas-africain.pdf\" class=\"pdfemb-viewer\" style=\"\" data-width=\"max\" data-height=\"max\" data-toolbar=\"bottom\" data-toolbar-fixed=\"off\">2021-08-07-repas-africain<\/a>\n<p class=\"wp-block-pdfemb-pdf-embedder-viewer\"><\/p>\n\n\n\n<p>L&#8217;aum\u00f4nerie de Confolens, en lien avec les paroisses burkinab\u00e9s vous invitent \u00e0 partager un repas solidaire samedi 7 ao\u00fbt 2021 \u00e0 19h30 \u00e0 la maison paroissiale  28 rue Th\u00e9ophile Gibouin \u00e0 Confolens.<\/p>\n\n\n\n<p>Le repas adulte est \u00e0 17 \u20ac et le repas enfant \u00e0 12\u20ac.<\/p>\n\n\n\n<p>R\u00e9servation indispensable aupr\u00e8s de Maryvonne QUESNE 06 04 09 85 84 ou m.quesne1@aliceadsl.fr<\/p>\n\n\n\n<p><\/p>\n\n\n\n<p><\/p>\n","protected":false},"author":9,"featured_media":0,"template":"","meta":{"_acf_changed":false,"paroisse":[""],"service":["0"],"footnotes":""},"categories":[1,12],"tags":[],"class_list":["post-1541","evenement","type-evenement","status-publish","hentry","category-actualites","category-fraternite-angouleme-koudougou","validated"],"acf":{"start_date":"2021-08-07 19:30:00","end_date":"2021-08-07 22:00:00","location":"28 rue Th\u00e9ophile Gibouin 16500 Confolens","address":null},"yoast_head":"<!-- This site is optimized with the Yoast SEO plugin v27.1.1 - https:\/\/yoast.com\/product\/yoast-seo-wordpress\/ -->\n<title>Repas Solidaire de la Fraternit\u00e9 Confolens \/ L\u00e9o - T\u00f4 - Sapouy - Doyenne Est Charente<\/title>\n<meta name=\"robots\" content=\"index, follow, max-snippet:-1, max-image-preview:large, max-video-preview:-1\" \/>\n<link rel=\"canonical\" href=\"https:\/\/charente.catholique.fr\/est-charente\/agenda\/repas-solidaire-de-la-fraternite-confolens-leo-to-sapouy\/\" \/>\n<meta property=\"og:locale\" content=\"fr_FR\" \/>\n<meta property=\"og:type\" content=\"article\" \/>\n<meta property=\"og:title\" content=\"Repas Solidaire de la Fraternit\u00e9 Confolens \/ L\u00e9o - T\u00f4 - Sapouy - Doyenne Est Charente\" \/>\n<meta property=\"og:description\" content=\"Samedi 7 ao\u00fbt 2021 L&#8217;aum\u00f4nerie de Confolens, en lien avec les paroisses burkinab\u00e9s vous invitent \u00e0 partager un repas solidaire samedi 7 ao\u00fbt 2021 \u00e0 19h30 \u00e0 la maison paroissiale 28 rue Th\u00e9ophile Gibouin \u00e0 Confolens. Le repas adulte est \u00e0 17 \u20ac et le repas enfant \u00e0 12\u20ac. R\u00e9servation indispensable aupr\u00e8s de Maryvonne QUESNE [&hellip;]\" \/>\n<meta property=\"og:url\" content=\"https:\/\/charente.catholique.fr\/est-charente\/agenda\/repas-solidaire-de-la-fraternite-confolens-leo-to-sapouy\/\" \/>\n<meta property=\"og:site_name\" content=\"Doyenne Est Charente\" \/>\n<meta property=\"article:publisher\" content=\"https:\/\/www.facebook.com\/EgliseCatholiqueCharente\" \/>\n<meta property=\"article:modified_time\" content=\"2021-07-15T07:37:03+00:00\" \/>\n<meta name=\"twitter:card\" content=\"summary_large_image\" \/>\n<meta name=\"twitter:site\" content=\"@diocesecharente\" \/>\n<meta name=\"twitter:label1\" content=\"Dur\u00e9e de lecture estim\u00e9e\" \/>\n\t<meta name=\"twitter:data1\" content=\"1 minute\" \/>\n<script type=\"application\/ld+json\" class=\"yoast-schema-graph\">{\"@context\":\"https:\/\/schema.org\",\"@graph\":[{\"@type\":\"WebPage\",\"@id\":\"https:\/\/charente.catholique.fr\/est-charente\/agenda\/repas-solidaire-de-la-fraternite-confolens-leo-to-sapouy\/\",\"url\":\"https:\/\/charente.catholique.fr\/est-charente\/agenda\/repas-solidaire-de-la-fraternite-confolens-leo-to-sapouy\/\",\"name\":\"Repas Solidaire de la Fraternit\u00e9 Confolens \/ L\u00e9o - T\u00f4 - Sapouy - Doyenne Est Charente\",\"isPartOf\":{\"@id\":\"https:\/\/charente.catholique.fr\/est-charente\/#website\"},\"datePublished\":\"2021-06-23T12:18:45+00:00\",\"dateModified\":\"2021-07-15T07:37:03+00:00\",\"breadcrumb\":{\"@id\":\"https:\/\/charente.catholique.fr\/est-charente\/agenda\/repas-solidaire-de-la-fraternite-confolens-leo-to-sapouy\/#breadcrumb\"},\"inLanguage\":\"fr-FR\",\"potentialAction\":[{\"@type\":\"ReadAction\",\"target\":[\"https:\/\/charente.catholique.fr\/est-charente\/agenda\/repas-solidaire-de-la-fraternite-confolens-leo-to-sapouy\/\"]}]},{\"@type\":\"BreadcrumbList\",\"@id\":\"https:\/\/charente.catholique.fr\/est-charente\/agenda\/repas-solidaire-de-la-fraternite-confolens-leo-to-sapouy\/#breadcrumb\",\"itemListElement\":[{\"@type\":\"ListItem\",\"position\":1,\"name\":\"Accueil\",\"item\":\"https:\/\/charente.catholique.fr\/est-charente\/\"},{\"@type\":\"ListItem\",\"position\":2,\"name\":\"Repas Solidaire de la Fraternit\u00e9 Confolens \/ L\u00e9o &#8211; T\u00f4 &#8211; Sapouy\"}]},{\"@type\":\"WebSite\",\"@id\":\"https:\/\/charente.catholique.fr\/est-charente\/#website\",\"url\":\"https:\/\/charente.catholique.fr\/est-charente\/\",\"name\":\"Doyenn\u00e9 Est Charente - Dioc\u00e8se d'Angoul\u00eame\",\"description\":\"Dioc\u00e8se d&#039;Angoul\u00eame\",\"publisher\":{\"@id\":\"https:\/\/charente.catholique.fr\/est-charente\/#organization\"},\"potentialAction\":[{\"@type\":\"SearchAction\",\"target\":{\"@type\":\"EntryPoint\",\"urlTemplate\":\"https:\/\/charente.catholique.fr\/est-charente\/?s={search_term_string}\"},\"query-input\":{\"@type\":\"PropertyValueSpecification\",\"valueRequired\":true,\"valueName\":\"search_term_string\"}}],\"inLanguage\":\"fr-FR\"},{\"@type\":\"Organization\",\"@id\":\"https:\/\/charente.catholique.fr\/est-charente\/#organization\",\"name\":\"Association dioc\u00e9saine d'Angoul\u00eame\",\"url\":\"https:\/\/charente.catholique.fr\/est-charente\/\",\"logo\":{\"@type\":\"ImageObject\",\"inLanguage\":\"fr-FR\",\"@id\":\"https:\/\/charente.catholique.fr\/est-charente\/#\/schema\/logo\/image\/\",\"url\":\"https:\/\/charente.catholique.fr\/est-charente\/wp-content\/uploads\/sites\/3\/2020\/10\/logos.png\",\"contentUrl\":\"https:\/\/charente.catholique.fr\/est-charente\/wp-content\/uploads\/sites\/3\/2020\/10\/logos.png\",\"width\":600,\"height\":257,\"caption\":\"Association dioc\u00e9saine d'Angoul\u00eame\"},\"image\":{\"@id\":\"https:\/\/charente.catholique.fr\/est-charente\/#\/schema\/logo\/image\/\"},\"sameAs\":[\"https:\/\/www.facebook.com\/EgliseCatholiqueCharente\",\"https:\/\/x.com\/diocesecharente\",\"https:\/\/www.instagram.com\/eglisecharente\",\"https:\/\/www.youtube.com\/channel\/UCByyFWApZbw3gDTiADoiAaQ\"]}]}<\/script>\n<!-- \/ Yoast SEO plugin. -->","yoast_head_json":{"title":"Repas Solidaire de la Fraternit\u00e9 Confolens \/ L\u00e9o - T\u00f4 - Sapouy - Doyenne Est Charente","robots":{"index":"index","follow":"follow","max-snippet":"max-snippet:-1","max-image-preview":"max-image-preview:large","max-video-preview":"max-video-preview:-1"},"canonical":"https:\/\/charente.catholique.fr\/est-charente\/agenda\/repas-solidaire-de-la-fraternite-confolens-leo-to-sapouy\/","og_locale":"fr_FR","og_type":"article","og_title":"Repas Solidaire de la Fraternit\u00e9 Confolens \/ L\u00e9o - T\u00f4 - Sapouy - Doyenne Est Charente","og_description":"Samedi 7 ao\u00fbt 2021 L&#8217;aum\u00f4nerie de Confolens, en lien avec les paroisses burkinab\u00e9s vous invitent \u00e0 partager un repas solidaire samedi 7 ao\u00fbt 2021 \u00e0 19h30 \u00e0 la maison paroissiale 28 rue Th\u00e9ophile Gibouin \u00e0 Confolens. Le repas adulte est \u00e0 17 \u20ac et le repas enfant \u00e0 12\u20ac. R\u00e9servation indispensable aupr\u00e8s de Maryvonne QUESNE [&hellip;]","og_url":"https:\/\/charente.catholique.fr\/est-charente\/agenda\/repas-solidaire-de-la-fraternite-confolens-leo-to-sapouy\/","og_site_name":"Doyenne Est Charente","article_publisher":"https:\/\/www.facebook.com\/EgliseCatholiqueCharente","article_modified_time":"2021-07-15T07:37:03+00:00","twitter_card":"summary_large_image","twitter_site":"@diocesecharente","twitter_misc":{"Dur\u00e9e de lecture estim\u00e9e":"1 minute"},"schema":{"@context":"https:\/\/schema.org","@graph":[{"@type":"WebPage","@id":"https:\/\/charente.catholique.fr\/est-charente\/agenda\/repas-solidaire-de-la-fraternite-confolens-leo-to-sapouy\/","url":"https:\/\/charente.catholique.fr\/est-charente\/agenda\/repas-solidaire-de-la-fraternite-confolens-leo-to-sapouy\/","name":"Repas Solidaire de la Fraternit\u00e9 Confolens \/ L\u00e9o - T\u00f4 - Sapouy - Doyenne Est Charente","isPartOf":{"@id":"https:\/\/charente.catholique.fr\/est-charente\/#website"},"datePublished":"2021-06-23T12:18:45+00:00","dateModified":"2021-07-15T07:37:03+00:00","breadcrumb":{"@id":"https:\/\/charente.catholique.fr\/est-charente\/agenda\/repas-solidaire-de-la-fraternite-confolens-leo-to-sapouy\/#breadcrumb"},"inLanguage":"fr-FR","potentialAction":[{"@type":"ReadAction","target":["https:\/\/charente.catholique.fr\/est-charente\/agenda\/repas-solidaire-de-la-fraternite-confolens-leo-to-sapouy\/"]}]},{"@type":"BreadcrumbList","@id":"https:\/\/charente.catholique.fr\/est-charente\/agenda\/repas-solidaire-de-la-fraternite-confolens-leo-to-sapouy\/#breadcrumb","itemListElement":[{"@type":"ListItem","position":1,"name":"Accueil","item":"https:\/\/charente.catholique.fr\/est-charente\/"},{"@type":"ListItem","position":2,"name":"Repas Solidaire de la Fraternit\u00e9 Confolens \/ L\u00e9o &#8211; T\u00f4 &#8211; Sapouy"}]},{"@type":"WebSite","@id":"https:\/\/charente.catholique.fr\/est-charente\/#website","url":"https:\/\/charente.catholique.fr\/est-charente\/","name":"Doyenn\u00e9 Est Charente - Dioc\u00e8se d'Angoul\u00eame","description":"Dioc\u00e8se d&#039;Angoul\u00eame","publisher":{"@id":"https:\/\/charente.catholique.fr\/est-charente\/#organization"},"potentialAction":[{"@type":"SearchAction","target":{"@type":"EntryPoint","urlTemplate":"https:\/\/charente.catholique.fr\/est-charente\/?s={search_term_string}"},"query-input":{"@type":"PropertyValueSpecification","valueRequired":true,"valueName":"search_term_string"}}],"inLanguage":"fr-FR"},{"@type":"Organization","@id":"https:\/\/charente.catholique.fr\/est-charente\/#organization","name":"Association dioc\u00e9saine d'Angoul\u00eame","url":"https:\/\/charente.catholique.fr\/est-charente\/","logo":{"@type":"ImageObject","inLanguage":"fr-FR","@id":"https:\/\/charente.catholique.fr\/est-charente\/#\/schema\/logo\/image\/","url":"https:\/\/charente.catholique.fr\/est-charente\/wp-content\/uploads\/sites\/3\/2020\/10\/logos.png","contentUrl":"https:\/\/charente.catholique.fr\/est-charente\/wp-content\/uploads\/sites\/3\/2020\/10\/logos.png","width":600,"height":257,"caption":"Association dioc\u00e9saine d'Angoul\u00eame"},"image":{"@id":"https:\/\/charente.catholique.fr\/est-charente\/#\/schema\/logo\/image\/"},"sameAs":["https:\/\/www.facebook.com\/EgliseCatholiqueCharente","https:\/\/x.com\/diocesecharente","https:\/\/www.instagram.com\/eglisecharente","https:\/\/www.youtube.com\/channel\/UCByyFWApZbw3gDTiADoiAaQ"]}]}},"_links":{"self":[{"href":"https:\/\/charente.catholique.fr\/est-charente\/wp-json\/wp\/v2\/evenement\/1541","targetHints":{"allow":["GET"]}}],"collection":[{"href":"https:\/\/charente.catholique.fr\/est-charente\/wp-json\/wp\/v2\/evenement"}],"about":[{"href":"https:\/\/charente.catholique.fr\/est-charente\/wp-json\/wp\/v2\/types\/evenement"}],"author":[{"embeddable":true,"href":"https:\/\/charente.catholique.fr\/est-charente\/wp-json\/wp\/v2\/users\/9"}],"version-history":[{"count":2,"href":"https:\/\/charente.catholique.fr\/est-charente\/wp-json\/wp\/v2\/evenement\/1541\/revisions"}],"predecessor-version":[{"id":1544,"href":"https:\/\/charente.catholique.fr\/est-charente\/wp-json\/wp\/v2\/evenement\/1541\/revisions\/1544"}],"wp:attachment":[{"href":"https:\/\/charente.catholique.fr\/est-charente\/wp-json\/wp\/v2\/media?parent=1541"}],"wp:term":[{"taxonomy":"category","embeddable":true,"href":"https:\/\/charente.catholique.fr\/est-charente\/wp-json\/wp\/v2\/categories?post=1541"},{"taxonomy":"post_tag","embeddable":true,"href":"https:\/\/charente.catholique.fr\/est-charente\/wp-json\/wp\/v2\/tags?post=1541"}],"curies":[{"name":"wp","href":"https:\/\/api.w.org\/{rel}","templated":true}]}}

Repas Solidaire de la Fraternité Confolens / Léo &#8211; Tô &#8211; Sapouy

<p>Samedi 7 août 2021</p>


<a href="https://charente.catholique.fr/est-charente/wp-content/uploads/sites/3/2021/06/2021-08-07-repas-africain.pdf" class="pdfemb-viewer" style="" data-width="max" data-height="max" data-toolbar="bottom" data-toolbar-fixed="off">2021-08-07-repas-africain</a>
<p class="wp-block-pdfemb-pdf-embedder-viewer"></p>



<p>L&#8217;aumônerie de Confolens, en lien avec les paroisses burkinabés vous invitent à partager un repas solidaire samedi 7 août 2021 à 19h30 à la maison paroissiale  28 rue Théophile Gibouin à Confolens.</p>



<p>Le repas adulte est à 17 € et le repas enfant à 12€.</p>



<p>Réservation indispensable auprès de Maryvonne QUESNE 06 04 09 85 84 ou m.quesne1@aliceadsl.fr</p>



<p></p>



<p></p>

28 rue Théophile Gibouin 16500 Confolens

<!-- This site is optimized with the Yoast SEO plugin v27.1.1 - https://yoast.com/product/yoast-seo-wordpress/ -->
<title>Repas Solidaire de la Fraternité Confolens / Léo - Tô - Sapouy - Doyenne Est Charente</title>
<meta name="robots" content="index, follow, max-snippet:-1, max-image-preview:large, max-video-preview:-1" />
<link rel="canonical" href="https://charente.catholique.fr/est-charente/agenda/repas-solidaire-de-la-fraternite-confolens-leo-to-sapouy/" />
<meta property="og:locale" content="fr_FR" />
<meta property="og:type" content="article" />
<meta property="og:title" content="Repas Solidaire de la Fraternité Confolens / Léo - Tô - Sapouy - Doyenne Est Charente" />
<meta property="og:description" content="Samedi 7 août 2021 L&#8217;aumônerie de Confolens, en lien avec les paroisses burkinabés vous invitent à partager un repas solidaire samedi 7 août 2021 à 19h30 à la maison paroissiale 28 rue Théophile Gibouin à Confolens. Le repas adulte est à 17 € et le repas enfant à 12€. Réservation indispensable auprès de Maryvonne QUESNE [&hellip;]" />
<meta property="og:url" content="https://charente.catholique.fr/est-charente/agenda/repas-solidaire-de-la-fraternite-confolens-leo-to-sapouy/" />
<meta property="og:site_name" content="Doyenne Est Charente" />
<meta property="article:publisher" content="https://www.facebook.com/EgliseCatholiqueCharente" />
<meta property="article:modified_time" content="2021-07-15T07:37:03+00:00" />
<meta name="twitter:card" content="summary_large_image" />
<meta name="twitter:site" content="@diocesecharente" />
<meta name="twitter:label1" content="Durée de lecture estimée" />
	<meta name="twitter:data1" content="1 minute" />
<script type="application/ld+json" class="yoast-schema-graph">{"@context":"https://schema.org","@graph":[{"@type":"WebPage","@id":"https://charente.catholique.fr/est-charente/agenda/repas-solidaire-de-la-fraternite-confolens-leo-to-sapouy/","url":"https://charente.catholique.fr/est-charente/agenda/repas-solidaire-de-la-fraternite-confolens-leo-to-sapouy/","name":"Repas Solidaire de la Fraternité Confolens / Léo - Tô - Sapouy - Doyenne Est Charente","isPartOf":{"@id":"https://charente.catholique.fr/est-charente/#website"},"datePublished":"2021-06-23T12:18:45+00:00","dateModified":"2021-07-15T07:37:03+00:00","breadcrumb":{"@id":"https://charente.catholique.fr/est-charente/agenda/repas-solidaire-de-la-fraternite-confolens-leo-to-sapouy/#breadcrumb"},"inLanguage":"fr-FR","potentialAction":[{"@type":"ReadAction","target":["https://charente.catholique.fr/est-charente/agenda/repas-solidaire-de-la-fraternite-confolens-leo-to-sapouy/"]}]},{"@type":"BreadcrumbList","@id":"https://charente.catholique.fr/est-charente/agenda/repas-solidaire-de-la-fraternite-confolens-leo-to-sapouy/#breadcrumb","itemListElement":[{"@type":"ListItem","position":1,"name":"Accueil","item":"https://charente.catholique.fr/est-charente/"},{"@type":"ListItem","position":2,"name":"Repas Solidaire de la Fraternité Confolens / Léo &#8211; Tô &#8211; Sapouy"}]},{"@type":"WebSite","@id":"https://charente.catholique.fr/est-charente/#website","url":"https://charente.catholique.fr/est-charente/","name":"Doyenné Est Charente - Diocèse d'Angoulême","description":"Diocèse d&#039;Angoulême","publisher":{"@id":"https://charente.catholique.fr/est-charente/#organization"},"potentialAction":[{"@type":"SearchAction","target":{"@type":"EntryPoint","urlTemplate":"https://charente.catholique.fr/est-charente/?s={search_term_string}"},"query-input":{"@type":"PropertyValueSpecification","valueRequired":true,"valueName":"search_term_string"}}],"inLanguage":"fr-FR"},{"@type":"Organization","@id":"https://charente.catholique.fr/est-charente/#organization","name":"Association diocésaine d'Angoulême","url":"https://charente.catholique.fr/est-charente/","logo":{"@type":"ImageObject","inLanguage":"fr-FR","@id":"https://charente.catholique.fr/est-charente/#/schema/logo/image/","url":"https://charente.catholique.fr/est-charente/wp-content/uploads/sites/3/2020/10/logos.png","contentUrl":"https://charente.catholique.fr/est-charente/wp-content/uploads/sites/3/2020/10/logos.png","width":600,"height":257,"caption":"Association diocésaine d'Angoulême"},"image":{"@id":"https://charente.catholique.fr/est-charente/#/schema/logo/image/"},"sameAs":["https://www.facebook.com/EgliseCatholiqueCharente","https://x.com/diocesecharente","https://www.instagram.com/eglisecharente","https://www.youtube.com/channel/UCByyFWApZbw3gDTiADoiAaQ"]}]}</script>
<!-- / Yoast SEO plugin. -->

Repas Solidaire de la Fraternité Confolens / Léo - Tô - Sapouy - Doyenne Est Charente

Samedi 7 août 2021 L&#8217;aumônerie de Confolens, en lien avec les paroisses burkinabés vous invitent à partager un repas solidaire samedi 7 août 2021 à 19h30 à la maison paroissiale 28 rue Théophile Gibouin à Confolens. Le repas adulte est à 17 € et le repas enfant à 12€. Réservation indispensable auprès de Maryvonne QUESNE [&hellip;]

Doyenné Est Charente - Diocèse d'Angoulême

Diocèse d&#039;Angoulême

Association diocésaine d'Angoulême
