{"version":"1.0","provider_name":"Doyenne Est Charente","provider_url":"https:\/\/charente.catholique.fr\/est-charente","author_name":"Paola Gaud","author_url":"https:\/\/charente.catholique.fr\/est-charente\/author\/paolagaud\/","title":"P\u00e8lerinage \u00e0 Barbezieux - Doyenne Est Charente","type":"rich","width":600,"height":338,"html":"<blockquote class=\"wp-embedded-content\" data-secret=\"X8WLeLNXea\"><a href=\"https:\/\/charente.catholique.fr\/est-charente\/agenda\/pelerinage-a-barbezieux\/\">P\u00e8lerinage \u00e0 Barbezieux<\/a><\/blockquote><iframe sandbox=\"allow-scripts\" security=\"restricted\" src=\"https:\/\/charente.catholique.fr\/est-charente\/agenda\/pelerinage-a-barbezieux\/embed\/#?secret=X8WLeLNXea\" width=\"600\" height=\"338\" title=\"\u00ab\u00a0P\u00e8lerinage \u00e0 Barbezieux\u00a0\u00bb &#8212; Doyenne Est Charente\" data-secret=\"X8WLeLNXea\" frameborder=\"0\" marginwidth=\"0\" marginheight=\"0\" scrolling=\"no\" class=\"wp-embedded-content\"><\/iframe><script type=\"text\/javascript\">\n\/* <![CDATA[ *\/\n\/*! This file is auto-generated *\/\n!function(d,l){\"use strict\";l.querySelector&&d.addEventListener&&\"undefined\"!=typeof URL&&(d.wp=d.wp||{},d.wp.receiveEmbedMessage||(d.wp.receiveEmbedMessage=function(e){var t=e.data;if((t||t.secret||t.message||t.value)&&!\/[^a-zA-Z0-9]\/.test(t.secret)){for(var s,r,n,a=l.querySelectorAll('iframe[data-secret=\"'+t.secret+'\"]'),o=l.querySelectorAll('blockquote[data-secret=\"'+t.secret+'\"]'),c=new RegExp(\"^https?:$\",\"i\"),i=0;i<o.length;i++)o[i].style.display=\"none\";for(i=0;i<a.length;i++)s=a[i],e.source===s.contentWindow&&(s.removeAttribute(\"style\"),\"height\"===t.message?(1e3<(r=parseInt(t.value,10))?r=1e3:~~r<200&&(r=200),s.height=r):\"link\"===t.message&&(r=new URL(s.getAttribute(\"src\")),n=new URL(t.value),c.test(n.protocol))&&n.host===r.host&&l.activeElement===s&&(d.top.location.href=t.value))}},d.addEventListener(\"message\",d.wp.receiveEmbedMessage,!1),l.addEventListener(\"DOMContentLoaded\",function(){for(var e,t,s=l.querySelectorAll(\"iframe.wp-embedded-content\"),r=0;r<s.length;r++)(t=(e=s[r]).getAttribute(\"data-secret\"))||(t=Math.random().toString(36).substring(2,12),e.src+=\"#?secret=\"+t,e.setAttribute(\"data-secret\",t)),e.contentWindow.postMessage({message:\"ready\",secret:t},\"*\")},!1)))}(window,document);\n\/\/# sourceURL=https:\/\/charente.catholique.fr\/est-charente\/wp-includes\/js\/wp-embed.min.js\n\/* ]]> *\/\n<\/script>\n","thumbnail_url":"https:\/\/charente.catholique.fr\/est-charente\/wp-content\/uploads\/sites\/3\/2025\/04\/reignac.jpg","thumbnail_width":184,"thumbnail_height":275,"description":"Dimanche 4 mai 2025 en bus, au d\u00e9part de Confolens \u00e0 8h, retour pr\u00e9vu \u00e0 19h Nous arriverons pour c\u00e9l\u00e9brer la messe \u00e0 10h30 Nous visiterons les \u00e9glises de Barbezieux et Reignac Nous aurons un expos\u00e9 sur &#8220;La fraternit\u00e9 dans l&#8217;\u00c9glise&#8221; Chacun porte son pique-nique que partagerons au Fraternel Le co\u00fbt du bus est de [&hellip;]"}

Pèlerinage à Barbezieux - Doyenne Est Charente

<blockquote class="wp-embedded-content" data-secret="X8WLeLNXea"><a href="https://charente.catholique.fr/est-charente/agenda/pelerinage-a-barbezieux/">Pèlerinage à Barbezieux</a></blockquote><iframe sandbox="allow-scripts" security="restricted" src="https://charente.catholique.fr/est-charente/agenda/pelerinage-a-barbezieux/embed/#?secret=X8WLeLNXea" width="600" height="338" title="« Pèlerinage à Barbezieux » &#8212; Doyenne Est Charente" data-secret="X8WLeLNXea" frameborder="0" marginwidth="0" marginheight="0" scrolling="no" class="wp-embedded-content"></iframe><script type="text/javascript">
/* <![CDATA[ */
/*! This file is auto-generated */
!function(d,l){"use strict";l.querySelector&&d.addEventListener&&"undefined"!=typeof URL&&(d.wp=d.wp||{},d.wp.receiveEmbedMessage||(d.wp.receiveEmbedMessage=function(e){var t=e.data;if((t||t.secret||t.message||t.value)&&!/[^a-zA-Z0-9]/.test(t.secret)){for(var s,r,n,a=l.querySelectorAll('iframe[data-secret="'+t.secret+'"]'),o=l.querySelectorAll('blockquote[data-secret="'+t.secret+'"]'),c=new RegExp("^https?:$","i"),i=0;i<o.length;i++)o[i].style.display="none";for(i=0;i<a.length;i++)s=a[i],e.source===s.contentWindow&&(s.removeAttribute("style"),"height"===t.message?(1e3<(r=parseInt(t.value,10))?r=1e3:~~r<200&&(r=200),s.height=r):"link"===t.message&&(r=new URL(s.getAttribute("src")),n=new URL(t.value),c.test(n.protocol))&&n.host===r.host&&l.activeElement===s&&(d.top.location.href=t.value))}},d.addEventListener("message",d.wp.receiveEmbedMessage,!1),l.addEventListener("DOMContentLoaded",function(){for(var e,t,s=l.querySelectorAll("iframe.wp-embedded-content"),r=0;r<s.length;r++)(t=(e=s[r]).getAttribute("data-secret"))||(t=Math.random().toString(36).substring(2,12),e.src+="#?secret="+t,e.setAttribute("data-secret",t)),e.contentWindow.postMessage({message:"ready",secret:t},"*")},!1)))}(window,document);
//# sourceURL=https://charente.catholique.fr/est-charente/wp-includes/js/wp-embed.min.js
/* ]]> */
</script>

Dimanche 4 mai 2025 en bus, au départ de Confolens à 8h, retour prévu à 19h Nous arriverons pour célébrer la messe à 10h30 Nous visiterons les églises de Barbezieux et Reignac Nous aurons un exposé sur &#8220;La fraternité dans l&#8217;Église&#8221; Chacun porte son pique-nique que partagerons au Fraternel Le coût du bus est de [&hellip;]
