{"version":"1.0","provider_name":"Doyenne Est Charente","provider_url":"https:\/\/charente.catholique.fr\/est-charente","author_name":"Paola Gaud","author_url":"https:\/\/charente.catholique.fr\/est-charente\/author\/paolagaud\/","title":"24 heures pour le Seigneur 2022 - Doyenne Est Charente","type":"rich","width":600,"height":338,"html":"<blockquote class=\"wp-embedded-content\" data-secret=\"HgIycRw7gu\"><a href=\"https:\/\/charente.catholique.fr\/est-charente\/agenda\/24-heures-pour-le-seigneur-2022\/\">24 heures pour le Seigneur 2022<\/a><\/blockquote><iframe sandbox=\"allow-scripts\" security=\"restricted\" src=\"https:\/\/charente.catholique.fr\/est-charente\/agenda\/24-heures-pour-le-seigneur-2022\/embed\/#?secret=HgIycRw7gu\" width=\"600\" height=\"338\" title=\"\u00ab\u00a024 heures pour le Seigneur 2022\u00a0\u00bb &#8212; Doyenne Est Charente\" data-secret=\"HgIycRw7gu\" frameborder=\"0\" marginwidth=\"0\" marginheight=\"0\" scrolling=\"no\" class=\"wp-embedded-content\"><\/iframe><script type=\"text\/javascript\">\n\/* <![CDATA[ *\/\n\/*! This file is auto-generated *\/\n!function(d,l){\"use strict\";l.querySelector&&d.addEventListener&&\"undefined\"!=typeof URL&&(d.wp=d.wp||{},d.wp.receiveEmbedMessage||(d.wp.receiveEmbedMessage=function(e){var t=e.data;if((t||t.secret||t.message||t.value)&&!\/[^a-zA-Z0-9]\/.test(t.secret)){for(var s,r,n,a=l.querySelectorAll('iframe[data-secret=\"'+t.secret+'\"]'),o=l.querySelectorAll('blockquote[data-secret=\"'+t.secret+'\"]'),c=new RegExp(\"^https?:$\",\"i\"),i=0;i<o.length;i++)o[i].style.display=\"none\";for(i=0;i<a.length;i++)s=a[i],e.source===s.contentWindow&&(s.removeAttribute(\"style\"),\"height\"===t.message?(1e3<(r=parseInt(t.value,10))?r=1e3:~~r<200&&(r=200),s.height=r):\"link\"===t.message&&(r=new URL(s.getAttribute(\"src\")),n=new URL(t.value),c.test(n.protocol))&&n.host===r.host&&l.activeElement===s&&(d.top.location.href=t.value))}},d.addEventListener(\"message\",d.wp.receiveEmbedMessage,!1),l.addEventListener(\"DOMContentLoaded\",function(){for(var e,t,s=l.querySelectorAll(\"iframe.wp-embedded-content\"),r=0;r<s.length;r++)(t=(e=s[r]).getAttribute(\"data-secret\"))||(t=Math.random().toString(36).substring(2,12),e.src+=\"#?secret=\"+t,e.setAttribute(\"data-secret\",t)),e.contentWindow.postMessage({message:\"ready\",secret:t},\"*\")},!1)))}(window,document);\n\/\/# sourceURL=https:\/\/charente.catholique.fr\/est-charente\/wp-includes\/js\/wp-embed.min.js\n\/* ]]> *\/\n<\/script>\n","thumbnail_url":"https:\/\/charente.catholique.fr\/est-charente\/wp-content\/uploads\/sites\/3\/2022\/02\/24h22-pdf-763x1080.jpg","thumbnail_width":600,"thumbnail_height":849,"description":"\u00e9glise Saint Maxime de Confolens Louanges &#8211; T\u00e9moignages &#8211; Sacrement de r\u00e9conciliation &#8211; Bin\u00f4mes de pri\u00e8res &#8211; Nuit d&#8217;adoration &#8211; Enseignement dispens\u00e9 par le P\u00e8re Martin de la Ronci\u00e8res :&#8217;L&#8217;humanit\u00e9 bris\u00e9e par le p\u00e9ch\u00e9 a besoin d&#8217;\u00eatre r\u00e9concili\u00e9e avec Dieu.&#8221;"}

église Saint Maxime de Confolens Louanges &#8211; Témoignages &#8211; Sacrement de réconciliation &#8211; Binômes de prières &#8211; Nuit d&#8217;adoration &#8211; Enseignement dispensé par le Père Martin de la Roncières :&#8217;L&#8217;humanité brisée par le péché a besoin d&#8217;être réconciliée avec Dieu.&#8221;
