{"version":"1.0","provider_name":"Doyenne Est Charente","provider_url":"https:\/\/charente.catholique.fr\/est-charente","author_name":"Laurent Levasseur","author_url":"https:\/\/charente.catholique.fr\/est-charente\/author\/laurentleva\/","title":"Nouvelles paroisses dans le doyenn\u00e9 Est - Doyenne Est Charente","type":"rich","width":600,"height":338,"html":"<blockquote class=\"wp-embedded-content\" data-secret=\"OUWIpvnfYQ\"><a href=\"https:\/\/charente.catholique.fr\/est-charente\/actualites\/nouvelles-paroisses-dans-le-doyenne-est\/\">Nouvelles paroisses dans le doyenn\u00e9 Est<\/a><\/blockquote><iframe sandbox=\"allow-scripts\" security=\"restricted\" src=\"https:\/\/charente.catholique.fr\/est-charente\/actualites\/nouvelles-paroisses-dans-le-doyenne-est\/embed\/#?secret=OUWIpvnfYQ\" width=\"600\" height=\"338\" title=\"\u00ab\u00a0Nouvelles paroisses dans le doyenn\u00e9 Est\u00a0\u00bb &#8212; Doyenne Est Charente\" data-secret=\"OUWIpvnfYQ\" frameborder=\"0\" marginwidth=\"0\" marginheight=\"0\" scrolling=\"no\" class=\"wp-embedded-content\"><\/iframe><script type=\"text\/javascript\">\n\/* <![CDATA[ *\/\n\/*! This file is auto-generated *\/\n!function(d,l){\"use strict\";l.querySelector&&d.addEventListener&&\"undefined\"!=typeof URL&&(d.wp=d.wp||{},d.wp.receiveEmbedMessage||(d.wp.receiveEmbedMessage=function(e){var t=e.data;if((t||t.secret||t.message||t.value)&&!\/[^a-zA-Z0-9]\/.test(t.secret)){for(var s,r,n,a=l.querySelectorAll('iframe[data-secret=\"'+t.secret+'\"]'),o=l.querySelectorAll('blockquote[data-secret=\"'+t.secret+'\"]'),c=new RegExp(\"^https?:$\",\"i\"),i=0;i<o.length;i++)o[i].style.display=\"none\";for(i=0;i<a.length;i++)s=a[i],e.source===s.contentWindow&&(s.removeAttribute(\"style\"),\"height\"===t.message?(1e3<(r=parseInt(t.value,10))?r=1e3:~~r<200&&(r=200),s.height=r):\"link\"===t.message&&(r=new URL(s.getAttribute(\"src\")),n=new URL(t.value),c.test(n.protocol))&&n.host===r.host&&l.activeElement===s&&(d.top.location.href=t.value))}},d.addEventListener(\"message\",d.wp.receiveEmbedMessage,!1),l.addEventListener(\"DOMContentLoaded\",function(){for(var e,t,s=l.querySelectorAll(\"iframe.wp-embedded-content\"),r=0;r<s.length;r++)(t=(e=s[r]).getAttribute(\"data-secret\"))||(t=Math.random().toString(36).substring(2,12),e.src+=\"#?secret=\"+t,e.setAttribute(\"data-secret\",t)),e.contentWindow.postMessage({message:\"ready\",secret:t},\"*\")},!1)))}(window,document);\n\/\/# sourceURL=https:\/\/charente.catholique.fr\/est-charente\/wp-includes\/js\/wp-embed.min.js\n\/* ]]> *\/\n<\/script>\n","description":"Nouveau d\u00e9coupage paroissial et avenir de la paroisse de Montemboeuf Voici bient\u00f4t 26 ans, le 31 octobre 1993, Monseigneur Georges ROL \u00e9rigeait la paroisse de Montemboeuf, qui comprenait les communes de Montemboeuf, Cherves-Ch\u00e2telars et Mazi\u00e8res, Massignac, L\u00e9zignac-Durand, Verneuil et Mouzon, ainsi que Mazerolles, Roussines, Sauvagnac et Le Lindois.25 ans plus tard, en septembre 2018, Monseigneur [&hellip;]","thumbnail_url":"https:\/\/charente.catholique.fr\/est-charente\/wp-content\/uploads\/sites\/3\/2020\/09\/df5a44fdf703d3ab-d20f0.png"}

Nouvelles paroisses dans le doyenné Est - Doyenne Est Charente

<blockquote class="wp-embedded-content" data-secret="OUWIpvnfYQ"><a href="https://charente.catholique.fr/est-charente/actualites/nouvelles-paroisses-dans-le-doyenne-est/">Nouvelles paroisses dans le doyenné Est</a></blockquote><iframe sandbox="allow-scripts" security="restricted" src="https://charente.catholique.fr/est-charente/actualites/nouvelles-paroisses-dans-le-doyenne-est/embed/#?secret=OUWIpvnfYQ" width="600" height="338" title="« Nouvelles paroisses dans le doyenné Est » &#8212; Doyenne Est Charente" data-secret="OUWIpvnfYQ" frameborder="0" marginwidth="0" marginheight="0" scrolling="no" class="wp-embedded-content"></iframe><script type="text/javascript">
/* <![CDATA[ */
/*! This file is auto-generated */
!function(d,l){"use strict";l.querySelector&&d.addEventListener&&"undefined"!=typeof URL&&(d.wp=d.wp||{},d.wp.receiveEmbedMessage||(d.wp.receiveEmbedMessage=function(e){var t=e.data;if((t||t.secret||t.message||t.value)&&!/[^a-zA-Z0-9]/.test(t.secret)){for(var s,r,n,a=l.querySelectorAll('iframe[data-secret="'+t.secret+'"]'),o=l.querySelectorAll('blockquote[data-secret="'+t.secret+'"]'),c=new RegExp("^https?:$","i"),i=0;i<o.length;i++)o[i].style.display="none";for(i=0;i<a.length;i++)s=a[i],e.source===s.contentWindow&&(s.removeAttribute("style"),"height"===t.message?(1e3<(r=parseInt(t.value,10))?r=1e3:~~r<200&&(r=200),s.height=r):"link"===t.message&&(r=new URL(s.getAttribute("src")),n=new URL(t.value),c.test(n.protocol))&&n.host===r.host&&l.activeElement===s&&(d.top.location.href=t.value))}},d.addEventListener("message",d.wp.receiveEmbedMessage,!1),l.addEventListener("DOMContentLoaded",function(){for(var e,t,s=l.querySelectorAll("iframe.wp-embedded-content"),r=0;r<s.length;r++)(t=(e=s[r]).getAttribute("data-secret"))||(t=Math.random().toString(36).substring(2,12),e.src+="#?secret="+t,e.setAttribute("data-secret",t)),e.contentWindow.postMessage({message:"ready",secret:t},"*")},!1)))}(window,document);
//# sourceURL=https://charente.catholique.fr/est-charente/wp-includes/js/wp-embed.min.js
/* ]]> */
</script>

Nouveau découpage paroissial et avenir de la paroisse de Montemboeuf Voici bientôt 26 ans, le 31 octobre 1993, Monseigneur Georges ROL érigeait la paroisse de Montemboeuf, qui comprenait les communes de Montemboeuf, Cherves-Châtelars et Mazières, Massignac, Lézignac-Durand, Verneuil et Mouzon, ainsi que Mazerolles, Roussines, Sauvagnac et Le Lindois.25 ans plus tard, en septembre 2018, Monseigneur [&hellip;]
