{"version":"1.0","provider_name":"Doyenne Est Charente","provider_url":"https:\/\/charente.catholique.fr\/est-charente","author_name":"Sylvaine","author_url":"https:\/\/charente.catholique.fr\/est-charente\/author\/sylvainelacrouts\/","title":"Na\u00eetre sans cesse ! P. Michel Fernandez - Doyenne Est Charente","type":"rich","width":600,"height":338,"html":"<blockquote class=\"wp-embedded-content\" data-secret=\"kmuPoHLQBS\"><a href=\"https:\/\/charente.catholique.fr\/est-charente\/actualites\/naitre-sans-cesse\/\">Na\u00eetre sans cesse ! P. Michel Fernandez<\/a><\/blockquote><iframe sandbox=\"allow-scripts\" security=\"restricted\" src=\"https:\/\/charente.catholique.fr\/est-charente\/actualites\/naitre-sans-cesse\/embed\/#?secret=kmuPoHLQBS\" width=\"600\" height=\"338\" title=\"\u00ab\u00a0Na\u00eetre sans cesse ! P. Michel Fernandez\u00a0\u00bb &#8212; Doyenne Est Charente\" data-secret=\"kmuPoHLQBS\" frameborder=\"0\" marginwidth=\"0\" marginheight=\"0\" scrolling=\"no\" class=\"wp-embedded-content\"><\/iframe><script type=\"text\/javascript\">\n\/* <![CDATA[ *\/\n\/*! This file is auto-generated *\/\n!function(d,l){\"use strict\";l.querySelector&&d.addEventListener&&\"undefined\"!=typeof URL&&(d.wp=d.wp||{},d.wp.receiveEmbedMessage||(d.wp.receiveEmbedMessage=function(e){var t=e.data;if((t||t.secret||t.message||t.value)&&!\/[^a-zA-Z0-9]\/.test(t.secret)){for(var s,r,n,a=l.querySelectorAll('iframe[data-secret=\"'+t.secret+'\"]'),o=l.querySelectorAll('blockquote[data-secret=\"'+t.secret+'\"]'),c=new RegExp(\"^https?:$\",\"i\"),i=0;i<o.length;i++)o[i].style.display=\"none\";for(i=0;i<a.length;i++)s=a[i],e.source===s.contentWindow&&(s.removeAttribute(\"style\"),\"height\"===t.message?(1e3<(r=parseInt(t.value,10))?r=1e3:~~r<200&&(r=200),s.height=r):\"link\"===t.message&&(r=new URL(s.getAttribute(\"src\")),n=new URL(t.value),c.test(n.protocol))&&n.host===r.host&&l.activeElement===s&&(d.top.location.href=t.value))}},d.addEventListener(\"message\",d.wp.receiveEmbedMessage,!1),l.addEventListener(\"DOMContentLoaded\",function(){for(var e,t,s=l.querySelectorAll(\"iframe.wp-embedded-content\"),r=0;r<s.length;r++)(t=(e=s[r]).getAttribute(\"data-secret\"))||(t=Math.random().toString(36).substring(2,12),e.src+=\"#?secret=\"+t,e.setAttribute(\"data-secret\",t)),e.contentWindow.postMessage({message:\"ready\",secret:t},\"*\")},!1)))}(window,document);\n\/\/# sourceURL=https:\/\/charente.catholique.fr\/est-charente\/wp-includes\/js\/wp-embed.min.js\n\/* ]]> *\/\n<\/script>\n","thumbnail_url":"https:\/\/charente.catholique.fr\/est-charente\/wp-content\/uploads\/sites\/3\/2025\/12\/creche-2025.png","thumbnail_width":426,"thumbnail_height":158,"description":"Cette si belle f\u00eate est un Don de Dieu !Elle nous rappelle que nous sommes en \u00e9tat de naissance perp\u00e9tuelle\u2026Chaque instant nous oblige \u00e0 nous reconna\u00eetre comme de tout petits enfants devant ce qui est, ce qui \u00e9tait et ce qui vient !L\u2019Enfant J\u00e9sus, le Divin Enfant, au-devant duquel nous nous agenouillons, ce tr\u00e9sor inestimable [&hellip;]"}

Naître sans cesse ! P. Michel Fernandez - Doyenne Est Charente

<blockquote class="wp-embedded-content" data-secret="kmuPoHLQBS"><a href="https://charente.catholique.fr/est-charente/actualites/naitre-sans-cesse/">Naître sans cesse ! P. Michel Fernandez</a></blockquote><iframe sandbox="allow-scripts" security="restricted" src="https://charente.catholique.fr/est-charente/actualites/naitre-sans-cesse/embed/#?secret=kmuPoHLQBS" width="600" height="338" title="« Naître sans cesse ! P. Michel Fernandez » &#8212; Doyenne Est Charente" data-secret="kmuPoHLQBS" frameborder="0" marginwidth="0" marginheight="0" scrolling="no" class="wp-embedded-content"></iframe><script type="text/javascript">
/* <![CDATA[ */
/*! This file is auto-generated */
!function(d,l){"use strict";l.querySelector&&d.addEventListener&&"undefined"!=typeof URL&&(d.wp=d.wp||{},d.wp.receiveEmbedMessage||(d.wp.receiveEmbedMessage=function(e){var t=e.data;if((t||t.secret||t.message||t.value)&&!/[^a-zA-Z0-9]/.test(t.secret)){for(var s,r,n,a=l.querySelectorAll('iframe[data-secret="'+t.secret+'"]'),o=l.querySelectorAll('blockquote[data-secret="'+t.secret+'"]'),c=new RegExp("^https?:$","i"),i=0;i<o.length;i++)o[i].style.display="none";for(i=0;i<a.length;i++)s=a[i],e.source===s.contentWindow&&(s.removeAttribute("style"),"height"===t.message?(1e3<(r=parseInt(t.value,10))?r=1e3:~~r<200&&(r=200),s.height=r):"link"===t.message&&(r=new URL(s.getAttribute("src")),n=new URL(t.value),c.test(n.protocol))&&n.host===r.host&&l.activeElement===s&&(d.top.location.href=t.value))}},d.addEventListener("message",d.wp.receiveEmbedMessage,!1),l.addEventListener("DOMContentLoaded",function(){for(var e,t,s=l.querySelectorAll("iframe.wp-embedded-content"),r=0;r<s.length;r++)(t=(e=s[r]).getAttribute("data-secret"))||(t=Math.random().toString(36).substring(2,12),e.src+="#?secret="+t,e.setAttribute("data-secret",t)),e.contentWindow.postMessage({message:"ready",secret:t},"*")},!1)))}(window,document);
//# sourceURL=https://charente.catholique.fr/est-charente/wp-includes/js/wp-embed.min.js
/* ]]> */
</script>

Cette si belle fête est un Don de Dieu !Elle nous rappelle que nous sommes en état de naissance perpétuelle…Chaque instant nous oblige à nous reconnaître comme de tout petits enfants devant ce qui est, ce qui était et ce qui vient !L’Enfant Jésus, le Divin Enfant, au-devant duquel nous nous agenouillons, ce trésor inestimable [&hellip;]
