{"version":"1.0","provider_name":"Doyenne Est Charente","provider_url":"https:\/\/charente.catholique.fr\/est-charente","author_name":"Laurent Levasseur","author_url":"https:\/\/charente.catholique.fr\/est-charente\/author\/laurentleva\/","title":"Michel Fernandez et les pr\u00eatres burkinab\u00e9s - Doyenne Est Charente","type":"rich","width":600,"height":338,"html":"<blockquote class=\"wp-embedded-content\" data-secret=\"gU83ON6L9a\"><a href=\"https:\/\/charente.catholique.fr\/est-charente\/actualites\/michel-fernandez-et-les-pretres-burkinabes\/\">Michel Fernandez et les pr\u00eatres burkinab\u00e9s<\/a><\/blockquote><iframe sandbox=\"allow-scripts\" security=\"restricted\" src=\"https:\/\/charente.catholique.fr\/est-charente\/actualites\/michel-fernandez-et-les-pretres-burkinabes\/embed\/#?secret=gU83ON6L9a\" width=\"600\" height=\"338\" title=\"\u00ab\u00a0Michel Fernandez et les pr\u00eatres burkinab\u00e9s\u00a0\u00bb &#8212; Doyenne Est Charente\" data-secret=\"gU83ON6L9a\" frameborder=\"0\" marginwidth=\"0\" marginheight=\"0\" scrolling=\"no\" class=\"wp-embedded-content\"><\/iframe><script type=\"text\/javascript\">\n\/* <![CDATA[ *\/\n\/*! This file is auto-generated *\/\n!function(d,l){\"use strict\";l.querySelector&&d.addEventListener&&\"undefined\"!=typeof URL&&(d.wp=d.wp||{},d.wp.receiveEmbedMessage||(d.wp.receiveEmbedMessage=function(e){var t=e.data;if((t||t.secret||t.message||t.value)&&!\/[^a-zA-Z0-9]\/.test(t.secret)){for(var s,r,n,a=l.querySelectorAll('iframe[data-secret=\"'+t.secret+'\"]'),o=l.querySelectorAll('blockquote[data-secret=\"'+t.secret+'\"]'),c=new RegExp(\"^https?:$\",\"i\"),i=0;i<o.length;i++)o[i].style.display=\"none\";for(i=0;i<a.length;i++)s=a[i],e.source===s.contentWindow&&(s.removeAttribute(\"style\"),\"height\"===t.message?(1e3<(r=parseInt(t.value,10))?r=1e3:~~r<200&&(r=200),s.height=r):\"link\"===t.message&&(r=new URL(s.getAttribute(\"src\")),n=new URL(t.value),c.test(n.protocol))&&n.host===r.host&&l.activeElement===s&&(d.top.location.href=t.value))}},d.addEventListener(\"message\",d.wp.receiveEmbedMessage,!1),l.addEventListener(\"DOMContentLoaded\",function(){for(var e,t,s=l.querySelectorAll(\"iframe.wp-embedded-content\"),r=0;r<s.length;r++)(t=(e=s[r]).getAttribute(\"data-secret\"))||(t=Math.random().toString(36).substring(2,12),e.src+=\"#?secret=\"+t,e.setAttribute(\"data-secret\",t)),e.contentWindow.postMessage({message:\"ready\",secret:t},\"*\")},!1)))}(window,document);\n\/\/# sourceURL=https:\/\/charente.catholique.fr\/est-charente\/wp-includes\/js\/wp-embed.min.js\n\/* ]]> *\/\n<\/script>\n","description":"Le doyen Michel Fernandez entour\u00e9 de huit pr\u00eatres burkinab\u00e9s pour ses 30 ans d\u2019ordination sacerdotale le dimanche 1er septembre 2019. La messe \u00e9tait rythm\u00e9e au son du djemb\u00e9 (P\u00e8re Christophe Simpore), la foule n\u2019avait pas eu peur de la pluie qui pointait le bout de son nez. Le doyen \u00e9tait tr\u00e8s entour\u00e9 ce jour-l\u00e0, de [&hellip;]","thumbnail_url":"https:\/\/charente.catholique.fr\/est-charente\/wp-content\/uploads\/sites\/3\/2020\/09\/8f3e24cf2442a5f6-14353.jpg"}

Michel Fernandez et les prêtres burkinabés - Doyenne Est Charente

<blockquote class="wp-embedded-content" data-secret="gU83ON6L9a"><a href="https://charente.catholique.fr/est-charente/actualites/michel-fernandez-et-les-pretres-burkinabes/">Michel Fernandez et les prêtres burkinabés</a></blockquote><iframe sandbox="allow-scripts" security="restricted" src="https://charente.catholique.fr/est-charente/actualites/michel-fernandez-et-les-pretres-burkinabes/embed/#?secret=gU83ON6L9a" width="600" height="338" title="« Michel Fernandez et les prêtres burkinabés » &#8212; Doyenne Est Charente" data-secret="gU83ON6L9a" frameborder="0" marginwidth="0" marginheight="0" scrolling="no" class="wp-embedded-content"></iframe><script type="text/javascript">
/* <![CDATA[ */
/*! This file is auto-generated */
!function(d,l){"use strict";l.querySelector&&d.addEventListener&&"undefined"!=typeof URL&&(d.wp=d.wp||{},d.wp.receiveEmbedMessage||(d.wp.receiveEmbedMessage=function(e){var t=e.data;if((t||t.secret||t.message||t.value)&&!/[^a-zA-Z0-9]/.test(t.secret)){for(var s,r,n,a=l.querySelectorAll('iframe[data-secret="'+t.secret+'"]'),o=l.querySelectorAll('blockquote[data-secret="'+t.secret+'"]'),c=new RegExp("^https?:$","i"),i=0;i<o.length;i++)o[i].style.display="none";for(i=0;i<a.length;i++)s=a[i],e.source===s.contentWindow&&(s.removeAttribute("style"),"height"===t.message?(1e3<(r=parseInt(t.value,10))?r=1e3:~~r<200&&(r=200),s.height=r):"link"===t.message&&(r=new URL(s.getAttribute("src")),n=new URL(t.value),c.test(n.protocol))&&n.host===r.host&&l.activeElement===s&&(d.top.location.href=t.value))}},d.addEventListener("message",d.wp.receiveEmbedMessage,!1),l.addEventListener("DOMContentLoaded",function(){for(var e,t,s=l.querySelectorAll("iframe.wp-embedded-content"),r=0;r<s.length;r++)(t=(e=s[r]).getAttribute("data-secret"))||(t=Math.random().toString(36).substring(2,12),e.src+="#?secret="+t,e.setAttribute("data-secret",t)),e.contentWindow.postMessage({message:"ready",secret:t},"*")},!1)))}(window,document);
//# sourceURL=https://charente.catholique.fr/est-charente/wp-includes/js/wp-embed.min.js
/* ]]> */
</script>

Le doyen Michel Fernandez entouré de huit prêtres burkinabés pour ses 30 ans d’ordination sacerdotale le dimanche 1er septembre 2019. La messe était rythmée au son du djembé (Père Christophe Simpore), la foule n’avait pas eu peur de la pluie qui pointait le bout de son nez. Le doyen était très entouré ce jour-là, de [&hellip;]
